141.101.69.118 - - [28/Mar/2017:17:08:28 +0200] "GET /modules/themeconfigurator/css/hooks.css HTTP/1.1" 200 724 "https://shop.forichon.com/adresse" "Mozilla/5.0 (Windows NT 6.3; WOW64) AppleWebKit/537.36 (KHTML, like Gecko) Chrome/56.0.2924.87 Safari/537.36"
141.101.88.89 - - [28/Mar/2017:17:08:29 +0200] "GET /js/jquery/plugins/jquery.serialScroll.js HTTP/1.1" 200 1396 "https://shop.forichon.com/adresse" "Mozilla/5.0 (Windows NT 6.3; WOW64) AppleWebKit/537.36 (KHTML, like Gecko) Chrome/56.0.2924.87 Safari/537.36"
141.101.88.41 - - [28/Mar/2017:17:08:29 +0200] "GET /themes/theme_forichon/fonts/fontawesome-webfont.woff2?v=4.3.0 HTTP/1.1" 200 57055 "https://shop.forichon.com/themes/theme_forichon/css/global.css" "Mozilla/5.0 (Windows NT 6.3; WOW64) AppleWebKit/537.36 (KHTML, like Gecko) Chrome/56.0.2924.87 Safari/537.36"
141.101.69.46 - - [28/Mar/2017:17:08:30 +0200] "GET /img/favicon-3.ico?1490713516 HTTP/1.1" 200 1114 "https://shop.forichon.com/adresse" "Mozilla/5.0 (Windows NT 6.3; WOW64) AppleWebKit/537.36 (KHTML, like Gecko) Chrome/56.0.2924.87 Safari/537.36"
141.101.69.46 - - [28/Mar/2017:17:08:30 +0200] "GET /img/favicon-3.ico?1490713516 HTTP/1.1" 200 1114 "https://shop.forichon.com/adresse" "Mozilla/5.0 (Windows NT 6.3; WOW64) AppleWebKit/537.36 (KHTML, like Gecko) Chrome/56.0.2924.87 Safari/537.36"
108.162.229.227 - - [28/Mar/2017:17:08:39 +0200] "POST /adresse HTTP/1.1" 302 271 "https://shop.forichon.com/adresse" "Mozilla/5.0 (Windows NT 6.3; WOW64) AppleWebKit/537.36 (KHTML, like Gecko) Chrome/56.0.2924.87 Safari/537.36"
108.162.229.227 - - [28/Mar/2017:17:08:40 +0200] "GET /commande?step=1 HTTP/1.1" 200 7402 "https://shop.forichon.com/adresse" "Mozilla/5.0 (Windows NT 6.3; WOW64) AppleWebKit/537.36 (KHTML, like Gecko) Chrome/56.0.2924.87 Safari/537.36"
141.101.69.64 - - [28/Mar/2017:17:08:40 +0200] "GET /themes/theme_forichon/css/modules/blockcategories/blockcategories.css HTTP/1.1" 200 1132 "https://shop.forichon.com/commande?step=1" "Mozilla/5.0 (Windows NT 6.3; WOW64) AppleWebKit/537.36 (KHTML, like Gecko) Chrome/56.0.2924.87 Safari/537.36"
141.101.69.250 - - [28/Mar/2017:17:08:40 +0200] "GET /js/jquery/plugins/fancybox/jquery.fancybox.css HTTP/1.1" 200 1761 "https://shop.forichon.com/commande?step=1" "Mozilla/5.0 (Windows NT 6.3; WOW64) AppleWebKit/537.36 (KHTML, like Gecko) Chrome/56.0.2924.87 Safari/537.36"
108.162.229.173 - - [28/Mar/2017:17:08:40 +0200] "GET /themes/theme_forichon/css/addresses.css HTTP/1.1" 200 578 "https://shop.forichon.com/commande?step=1" "Mozilla/5.0 (Windows NT 6.3; WOW64) AppleWebKit/537.36 (KHTML, like Gecko) Chrome/56.0.2924.87 Safari/537.36"
141.101.88.149 - - [28/Mar/2017:17:08:40 +0200] "GET /js/jquery/plugins/bxslider/jquery.bxslider.css HTTP/1.1" 200 1357 "https://shop.forichon.com/commande?step=1" "Mozilla/5.0 (Windows NT 6.3; WOW64) AppleWebKit/537.36 (KHTML, like Gecko) Chrome/56.0.2924.87 Safari/537.36"
108.162.229.209 - - [28/Mar/2017:17:08:40 +0200] "GET /themes/theme_forichon/css/modules/blockcart/blockcart.css HTTP/1.1" 200 3911 "https://shop.forichon.com/commande?step=1" "Mozilla/5.0 (Windows NT 6.3; WOW64) AppleWebKit/537.36 (KHTML, like Gecko) Chrome/56.0.2924.87 Safari/537.36"
108.162.229.29 - - [28/Mar/2017:17:08:40 +0200] "GET /themes/theme_forichon/css/global.css HTTP/1.1" 200 36165 "https://shop.forichon.com/commande?step=1" "Mozilla/5.0 (Windows NT 6.3; WOW64) AppleWebKit/537.36 (KHTML, like Gecko) Chrome/56.0.2924.87 Safari/537.36"
108.162.229.173 - - [28/Mar/2017:17:08:40 +0200] "GET /modules/blockmyaccountfooter/blockmyaccount.css HTTP/1.1" 200 712 "https://shop.forichon.com/commande?step=1" "Mozilla/5.0 (Windows NT 6.3; WOW64) AppleWebKit/537.36 (KHTML, like Gecko) Chrome/56.0.2924.87 Safari/537.36"
141.101.69.178 - - [28/Mar/2017:17:08:40 +0200] "GET /modules/blockviewed/blockviewed.css HTTP/1.1" 200 637 "https://shop.forichon.com/commande?step=1" "Mozilla/5.0 (Windows NT 6.3; WOW64) AppleWebKit/537.36 (KHTML, like Gecko) Chrome/56.0.2924.87 Safari/537.36"
108.162.229.17 - - [28/Mar/2017:17:08:40 +0200] "GET /themes/theme_forichon/css/modules/blocknewsletter/blocknewsletter.css HTTP/1.1" 200 1755 "https://shop.forichon.com/commande?step=1" "Mozilla/5.0 (Windows NT 6.3; WOW64) AppleWebKit/537.36 (KHTML, like Gecko) Chrome/56.0.2924.87 Safari/537.36"
108.162.229.167 - - [28/Mar/2017:17:08:40 +0200] "GET /modules/blocktags/blocktags.css HTTP/1.1" 200 600 "https://shop.forichon.com/commande?step=1" "Mozilla/5.0 (Windows NT 6.3; WOW64) AppleWebKit/537.36 (KHTML, like Gecko) Chrome/56.0.2924.87 Safari/537.36"
141.101.88.221 - - [28/Mar/2017:17:08:40 +0200] "GET /themes/theme_forichon/css/modules/blocktopmenu/css/superfish-modified.css HTTP/1.1" 200 2593 "https://shop.forichon.com/commande?step=1" "Mozilla/5.0 (Windows NT 6.3; WOW64) AppleWebKit/537.36 (KHTML, like Gecko) Chrome/56.0.2924.87 Safari/537.36"
108.162.229.179 - - [28/Mar/2017:17:08:40 +0200] "GET /themes/theme_forichon/js/global.js HTTP/1.1" 200 4435 "https://shop.forichon.com/commande?step=1" "Mozilla/5.0 (Windows NT 6.3; WOW64) AppleWebKit/537.36 (KHTML, like Gecko) Chrome/56.0.2924.87 Safari/537.36"
141.101.69.214 - - [28/Mar/2017:17:08:40 +0200] "GET /js/jquery/jquery-migrate-1.2.1.min.js HTTP/1.1" 200 3415 "https://shop.forichon.com/commande?step=1" "Mozilla/5.0 (Windows NT 6.3; WOW64) AppleWebKit/537.36 (KHTML, like Gecko) Chrome/56.0.2924.87 Safari/537.36"
141.101.69.40 - - [28/Mar/2017:17:08:40 +0200] "GET /themes/theme_forichon/js/autoload/10-bootstrap.min.js HTTP/1.1" 200 7583 "https://shop.forichon.com/commande?step=1" "Mozilla/5.0 (Windows NT 6.3; WOW64) AppleWebKit/537.36 (KHTML, like Gecko) Chrome/56.0.2924.87 Safari/537.36"
141.101.88.5 - - [28/Mar/2017:17:08:40 +0200] "GET /js/jquery/plugins/jquery.easing.js HTTP/1.1" 200 1514 "https://shop.forichon.com/commande?step=1" "Mozilla/5.0 (Windows NT 6.3; WOW64) AppleWebKit/537.36 (KHTML, like Gecko) Chrome/56.0.2924.87 Safari/537.36"
108.162.229.197 - - [28/Mar/2017:17:08:40 +0200] "GET /js/jquery/plugins/autocomplete/jquery.autocomplete.css HTTP/1.1" 200 788 "https://shop.forichon.com/commande?step=1" "Mozilla/5.0 (Windows NT 6.3; WOW64) AppleWebKit/537.36 (KHTML, like Gecko) Chrome/56.0.2924.87 Safari/537.36"
141.101.88.197 - - [28/Mar/2017:17:08:40 +0200] "GET /themes/theme_forichon/js/autoload/15-jquery.total-storage.min.js HTTP/1.1" 200 1389 "https://shop.forichon.com/commande?step=1" "Mozilla/5.0 (Windows NT 6.3; WOW64) AppleWebKit/537.36 (KHTML, like Gecko) Chrome/56.0.2924.87 Safari/537.36"
141.101.69.64 - - [28/Mar/2017:17:08:40 +0200] "GET /js/tools.js HTTP/1.1" 200 6610 "https://shop.forichon.com/commande?step=1" "Mozilla/5.0 (Windows NT 6.3; WOW64) AppleWebKit/537.36 (KHTML, like Gecko) Chrome/56.0.2924.87 Safari/537.36"
108.162.229.221 - - [28/Mar/2017:17:08:40 +0200] "GET /themes/theme_forichon/css/modules/blocksearch/blocksearch.css HTTP/1.1" 200 934 "https://shop.forichon.com/commande?step=1" "Mozilla/5.0 (Windows NT 6.3; WOW64) AppleWebKit/537.36 (KHTML, like Gecko) Chrome/56.0.2924.87 Safari/537.36"
108.162.229.215 - - [28/Mar/2017:17:08:40 +0200] "GET /themes/theme_forichon/css/modules/blockuserinfo/blockuserinfo.css HTTP/1.1" 200 628 "https://shop.forichon.com/commande?step=1" "Mozilla/5.0 (Windows NT 6.3; WOW64) AppleWebKit/537.36 (KHTML, like Gecko) Chrome/56.0.2924.87 Safari/537.36"
141.101.69.100 - - [28/Mar/2017:17:08:40 +0200] "GET /themes/theme_forichon/css/modules/blocklanguages/blocklanguages.css HTTP/1.1" 200 951 "https://shop.forichon.com/commande?step=1" "Mozilla/5.0 (Windows NT 6.3; WOW64) AppleWebKit/537.36 (KHTML, like Gecko) Chrome/56.0.2924.87 Safari/537.36"
141.101.69.118 - - [28/Mar/2017:17:08:40 +0200] "GET /modules/themeconfigurator/css/hooks.css HTTP/1.1" 200 724 "https://shop.forichon.com/commande?step=1" "Mozilla/5.0 (Windows NT 6.3; WOW64) AppleWebKit/537.36 (KHTML, like Gecko) Chrome/56.0.2924.87 Safari/537.36"
108.162.229.125 - - [28/Mar/2017:17:08:40 +0200] "GET /themes/theme_forichon/css/modules/blockcurrencies/blockcurrencies.css HTTP/1.1" 200 970 "https://shop.forichon.com/commande?step=1" "Mozilla/5.0 (Windows NT 6.3; WOW64) AppleWebKit/537.36 (KHTML, like Gecko) Chrome/56.0.2924.87 Safari/537.36"
141.101.88.5 - - [28/Mar/2017:17:08:40 +0200] "GET /themes/theme_forichon/js/modules/blocksearch/blocksearch.js HTTP/1.1" 200 1850 "https://shop.forichon.com/commande?step=1" "Mozilla/5.0 (Windows NT 6.3; WOW64) AppleWebKit/537.36 (KHTML, like Gecko) Chrome/56.0.2924.87 Safari/537.36"
141.101.88.143 - - [28/Mar/2017:17:08:40 +0200] "GET /themes/theme_forichon/js/modules/blocknewsletter/blocknewsletter.js HTTP/1.1" 200 1195 "https://shop.forichon.com/commande?step=1" "Mozilla/5.0 (Windows NT 6.3; WOW64) AppleWebKit/537.36 (KHTML, like Gecko) Chrome/56.0.2924.87 Safari/537.36"
108.162.229.95 - - [28/Mar/2017:17:08:40 +0200] "GET /js/jquery/plugins/jquery.scrollTo.js HTTP/1.1" 200 1698 "https://shop.forichon.com/commande?step=1" "Mozilla/5.0 (Windows NT 6.3; WOW64) AppleWebKit/537.36 (KHTML, like Gecko) Chrome/56.0.2924.87 Safari/537.36"
141.101.88.5 - - [28/Mar/2017:17:08:40 +0200] "GET /themes/theme_forichon/js/order-address.js HTTP/1.1" 200 2898 "https://shop.forichon.com/commande?step=1" "Mozilla/5.0 (Windows NT 6.3; WOW64) AppleWebKit/537.36 (KHTML, like Gecko) Chrome/56.0.2924.87 Safari/537.36"
108.162.229.233 - - [28/Mar/2017:17:08:40 +0200] "GET /js/jquery/plugins/bxslider/jquery.bxslider.js HTTP/1.1" 200 5515 "https://shop.forichon.com/commande?step=1" "Mozilla/5.0 (Windows NT 6.3; WOW64) AppleWebKit/537.36 (KHTML, like Gecko) Chrome/56.0.2924.87 Safari/537.36"
108.162.229.137 - - [28/Mar/2017:17:08:40 +0200] "GET /themes/theme_forichon/js/modules/blocktopmenu/js/superfish-modified.js HTTP/1.1" 200 2650 "https://shop.forichon.com/commande?step=1" "Mozilla/5.0 (Windows NT 6.3; WOW64) AppleWebKit/537.36 (KHTML, like Gecko) Chrome/56.0.2924.87 Safari/537.36"
108.162.229.143 - - [28/Mar/2017:17:08:40 +0200] "GET /img/shop-forichon-logo-14907135143.jpg HTTP/1.1" 200 8458 "https://shop.forichon.com/commande?step=1" "Mozilla/5.0 (Windows NT 6.3; WOW64) AppleWebKit/537.36 (KHTML, like Gecko) Chrome/56.0.2924.87 Safari/537.36"
141.101.88.155 - - [28/Mar/2017:17:08:40 +0200] "GET /js/jquery/plugins/fancybox/jquery.fancybox.js HTTP/1.1" 200 8986 "https://shop.forichon.com/commande?step=1" "Mozilla/5.0 (Windows NT 6.3; WOW64) AppleWebKit/537.36 (KHTML, like Gecko) Chrome/56.0.2924.87 Safari/537.36"
141.101.88.5 - - [28/Mar/2017:17:08:40 +0200] "GET /modules/mondialrelay/views/js/common.js HTTP/1.1" 200 1823 "https://shop.forichon.com/commande?step=1" "Mozilla/5.0 (Windows NT 6.3; WOW64) AppleWebKit/537.36 (KHTML, like Gecko) Chrome/56.0.2924.87 Safari/537.36"
108.162.229.173 - - [28/Mar/2017:17:08:40 +0200] "GET /themes/theme_forichon/js/modules/blockcart/ajax-cart.js HTTP/1.1" 200 8296 "https://shop.forichon.com/commande?step=1" "Mozilla/5.0 (Windows NT 6.3; WOW64) AppleWebKit/537.36 (KHTML, like Gecko) Chrome/56.0.2924.87 Safari/537.36"
141.101.69.154 - - [28/Mar/2017:17:08:40 +0200] "GET /modules/mondialrelay/views/js/mondialrelay_widget.js HTTP/1.1" 200 2608 "https://shop.forichon.com/commande?step=1" "Mozilla/5.0 (Windows NT 6.3; WOW64) AppleWebKit/537.36 (KHTML, like Gecko) Chrome/56.0.2924.87 Safari/537.36"
141.101.88.179 - - [28/Mar/2017:17:08:40 +0200] "GET /js/jquery/plugins/autocomplete/jquery.autocomplete.js HTTP/1.1" 200 6812 "https://shop.forichon.com/commande?step=1" "Mozilla/5.0 (Windows NT 6.3; WOW64) AppleWebKit/537.36 (KHTML, like Gecko) Chrome/56.0.2924.87 Safari/537.36"
141.101.88.35 - - [28/Mar/2017:17:08:40 +0200] "GET /themes/theme_forichon/js/autoload/15-jquery.uniform-modified.js HTTP/1.1" 200 8253 "https://shop.forichon.com/commande?step=1" "Mozilla/5.0 (Windows NT 6.3; WOW64) AppleWebKit/537.36 (KHTML, like Gecko) Chrome/56.0.2924.87 Safari/537.36"
141.101.88.89 - - [28/Mar/2017:17:08:40 +0200] "GET /js/jquery/plugins/jquery.serialScroll.js HTTP/1.1" 200 1396 "https://shop.forichon.com/commande?step=1" "Mozilla/5.0 (Windows NT 6.3; WOW64) AppleWebKit/537.36 (KHTML, like Gecko) Chrome/56.0.2924.87 Safari/537.36"
141.101.88.41 - - [28/Mar/2017:17:08:40 +0200] "GET /themes/theme_forichon/js/modules/blocktopmenu/js/hoverIntent.js HTTP/1.1" 200 1970 "https://shop.forichon.com/commande?step=1" "Mozilla/5.0 (Windows NT 6.3; WOW64) AppleWebKit/537.36 (KHTML, like Gecko) Chrome/56.0.2924.87 Safari/537.36"
108.162.229.227 - - [28/Mar/2017:17:08:40 +0200] "GET /themes/theme_forichon/js/modules/blocktopmenu/js/blocktopmenu.js HTTP/1.1" 200 1873 "https://shop.forichon.com/commande?step=1" "Mozilla/5.0 (Windows NT 6.3; WOW64) AppleWebKit/537.36 (KHTML, like Gecko) Chrome/56.0.2924.87 Safari/537.36"
141.101.88.203 - - [28/Mar/2017:17:08:40 +0200] "GET /themes/theme_forichon/js/tools/treeManagement.js HTTP/1.1" 200 1484 "https://shop.forichon.com/commande?step=1" "Mozilla/5.0 (Windows NT 6.3; WOW64) AppleWebKit/537.36 (KHTML, like Gecko) Chrome/56.0.2924.87 Safari/537.36"
141.101.69.94 - - [28/Mar/2017:17:08:40 +0200] "GET /img/p/fr-default-cart_default.jpg HTTP/1.1" 200 2580 "https://shop.forichon.com/commande?step=1" "Mozilla/5.0 (Windows NT 6.3; WOW64) AppleWebKit/537.36 (KHTML, like Gecko) Chrome/56.0.2924.87 Safari/537.36"
108.162.229.53 - - [28/Mar/2017:17:08:40 +0200] "GET /js/jquery/jquery-1.11.0.min.js HTTP/1.1" 200 33723 "https://shop.forichon.com/commande?step=1" "Mozilla/5.0 (Windows NT 6.3; WOW64) AppleWebKit/537.36 (KHTML, like Gecko) Chrome/56.0.2924.87 Safari/537.36"
108.162.229.209 - - [28/Mar/2017:17:08:41 +0200] "GET /modules/mondialrelay/views/js/jquery.plugin.mondialrelay.parcelshoppicker.2.0.0.js HTTP/1.1" 200 6344 "https://shop.forichon.com/commande?step=1" "Mozilla/5.0 (Windows NT 6.3; WOW64) AppleWebKit/537.36 (KHTML, like Gecko) Chrome/56.0.2924.87 Safari/537.36"
108.162.229.209 - - [28/Mar/2017:17:08:41 +0200] "GET /themes/theme_forichon/css/modules/blockcontact/blockcontact.css HTTP/1.1" 200 912 "https://shop.forichon.com/commande?step=1" "Mozilla/5.0 (Windows NT 6.3; WOW64) AppleWebKit/537.36 (KHTML, like Gecko) Chrome/56.0.2924.87 Safari/537.36"
108.162.229.35 - - [28/Mar/2017:17:08:41 +0200] "GET /themes/theme_forichon/img/order-step-done-last.png HTTP/1.1" 200 884 "https://shop.forichon.com/themes/theme_forichon/css/global.css" "Mozilla/5.0 (Windows NT 6.3; WOW64) AppleWebKit/537.36 (KHTML, like Gecko) Chrome/56.0.2924.87 Safari/537.36"
141.101.69.40 - - [28/Mar/2017:17:08:41 +0200] "GET /themes/theme_forichon/img/order-step-done.png HTTP/1.1" 200 772 "https://shop.forichon.com/themes/theme_forichon/css/global.css" "Mozilla/5.0 (Windows NT 6.3; WOW64) AppleWebKit/537.36 (KHTML, like Gecko) Chrome/56.0.2924.87 Safari/537.36"
141.101.88.41 - - [28/Mar/2017:17:08:41 +0200] "GET /themes/theme_forichon/fonts/fontawesome-webfont.woff2?v=4.3.0 HTTP/1.1" 200 57055 "https://shop.forichon.com/themes/theme_forichon/css/global.css" "Mozilla/5.0 (Windows NT 6.3; WOW64) AppleWebKit/537.36 (KHTML, like Gecko) Chrome/56.0.2924.87 Safari/537.36"
108.162.229.233 - - [28/Mar/2017:17:08:41 +0200] "GET /themes/theme_forichon/img/order-step-a.png HTTP/1.1" 200 881 "https://shop.forichon.com/themes/theme_forichon/css/global.css" "Mozilla/5.0 (Windows NT 6.3; WOW64) AppleWebKit/537.36 (KHTML, like Gecko) Chrome/56.0.2924.87 Safari/537.36"
141.101.88.83 - - [28/Mar/2017:17:08:41 +0200] "GET /themes/theme_forichon/img/order-step-current.png HTTP/1.1" 200 640 "https://shop.forichon.com/themes/theme_forichon/css/global.css" "Mozilla/5.0 (Windows NT 6.3; WOW64) AppleWebKit/537.36 (KHTML, like Gecko) Chrome/56.0.2924.87 Safari/537.36"
141.101.69.232 - - [28/Mar/2017:17:08:42 +0200] "GET /img/loader.gif HTTP/1.1" 200 4015 "https://shop.forichon.com/themes/theme_forichon/css/global.css" "Mozilla/5.0 (Windows NT 6.3; WOW64) AppleWebKit/537.36 (KHTML, like Gecko) Chrome/56.0.2924.87 Safari/537.36"
108.162.229.227 - - [28/Mar/2017:17:11:41 +0200] "GET /?live_configurator_token=ecfbf00414dfcced81bab3e840217ce5&id_employee=1&id_shop=3 HTTP/1.1" 200 8467 "https://dev.desbossesetdesbulles.com/adminrc2017/index.php?controller=AdminTranslations&token=c4aa04a5519641137d86581c6131684e" "Mozilla/5.0 (Windows NT 6.3; WOW64) AppleWebKit/537.36 (KHTML, like Gecko) Chrome/56.0.2924.87 Safari/537.36"
108.162.229.29 - - [28/Mar/2017:17:11:41 +0200] "GET /themes/theme_forichon/css/global.css HTTP/1.1" 200 36165 "https://shop.forichon.com/?live_configurator_token=ecfbf00414dfcced81bab3e840217ce5&id_employee=1&id_shop=3" "Mozilla/5.0 (Windows NT 6.3; WOW64) AppleWebKit/537.36 (KHTML, like Gecko) Chrome/56.0.2924.87 Safari/537.36"
108.162.229.125 - - [28/Mar/2017:17:11:41 +0200] "GET /themes/theme_forichon/css/modules/blockcurrencies/blockcurrencies.css HTTP/1.1" 200 970 "https://shop.forichon.com/?live_configurator_token=ecfbf00414dfcced81bab3e840217ce5&id_employee=1&id_shop=3" "Mozilla/5.0 (Windows NT 6.3; WOW64) AppleWebKit/537.36 (KHTML, like Gecko) Chrome/56.0.2924.87 Safari/537.36"
108.162.229.221 - - [28/Mar/2017:17:11:41 +0200] "GET /themes/theme_forichon/css/modules/blocksearch/blocksearch.css HTTP/1.1" 200 934 "https://shop.forichon.com/?live_configurator_token=ecfbf00414dfcced81bab3e840217ce5&id_employee=1&id_shop=3" "Mozilla/5.0 (Windows NT 6.3; WOW64) AppleWebKit/537.36 (KHTML, like Gecko) Chrome/56.0.2924.87 Safari/537.36"
108.162.229.209 - - [28/Mar/2017:17:11:41 +0200] "GET /themes/theme_forichon/css/modules/blockcontact/blockcontact.css HTTP/1.1" 200 912 "https://shop.forichon.com/?live_configurator_token=ecfbf00414dfcced81bab3e840217ce5&id_employee=1&id_shop=3" "Mozilla/5.0 (Windows NT 6.3; WOW64) AppleWebKit/537.36 (KHTML, like Gecko) Chrome/56.0.2924.87 Safari/537.36"
108.162.229.17 - - [28/Mar/2017:17:11:41 +0200] "GET /themes/theme_forichon/css/modules/blocknewsletter/blocknewsletter.css HTTP/1.1" 200 1755 "https://shop.forichon.com/?live_configurator_token=ecfbf00414dfcced81bab3e840217ce5&id_employee=1&id_shop=3" "Mozilla/5.0 (Windows NT 6.3; WOW64) AppleWebKit/537.36 (KHTML, like Gecko) Chrome/56.0.2924.87 Safari/537.36"
141.101.69.238 - - [28/Mar/2017:17:11:41 +0200] "GET /modules/homeslider/images/7ad8b97f5be74a110669cd81471a972576514b73_f98ef212ac4820542f8f1724a80ba4e1accf6139_Image-Caroussel_LARGE2.jpg HTTP/1.1" 304 195 "https://shop.forichon.com/?live_configurator_token=ecfbf00414dfcced81bab3e840217ce5&id_employee=1&id_shop=3" "Mozilla/5.0 (Windows NT 6.3; WOW64) AppleWebKit/537.36 (KHTML, like Gecko) Chrome/56.0.2924.87 Safari/537.36"
141.101.69.100 - - [28/Mar/2017:17:11:41 +0200] "GET /themes/theme_forichon/css/modules/blocklanguages/blocklanguages.css HTTP/1.1" 200 951 "https://shop.forichon.com/?live_configurator_token=ecfbf00414dfcced81bab3e840217ce5&id_employee=1&id_shop=3" "Mozilla/5.0 (Windows NT 6.3; WOW64) AppleWebKit/537.36 (KHTML, like Gecko) Chrome/56.0.2924.87 Safari/537.36"
141.101.69.10 - - [28/Mar/2017:17:11:41 +0200] "GET /themes/theme_forichon/css/modules/homeslider/homeslider.css HTTP/1.1" 200 1281 "https://shop.forichon.com/?live_configurator_token=ecfbf00414dfcced81bab3e840217ce5&id_employee=1&id_shop=3" "Mozilla/5.0 (Windows NT 6.3; WOW64) AppleWebKit/537.36 (KHTML, like Gecko) Chrome/56.0.2924.87 Safari/537.36"
141.101.69.148 - - [28/Mar/2017:17:11:41 +0200] "GET /themes/theme_forichon/css/product_list.css HTTP/1.1" 200 3613 "https://shop.forichon.com/?live_configurator_token=ecfbf00414dfcced81bab3e840217ce5&id_employee=1&id_shop=3" "Mozilla/5.0 (Windows NT 6.3; WOW64) AppleWebKit/537.36 (KHTML, like Gecko) Chrome/56.0.2924.87 Safari/537.36"
108.162.229.209 - - [28/Mar/2017:17:11:41 +0200] "GET /themes/theme_forichon/css/modules/blockcart/blockcart.css HTTP/1.1" 200 3911 "https://shop.forichon.com/?live_configurator_token=ecfbf00414dfcced81bab3e840217ce5&id_employee=1&id_shop=3" "Mozilla/5.0 (Windows NT 6.3; WOW64) AppleWebKit/537.36 (KHTML, like Gecko) Chrome/56.0.2924.87 Safari/537.36"
108.162.229.143 - - [28/Mar/2017:17:11:42 +0200] "GET /img/shop-forichon-logo-14907135143.jpg HTTP/1.1" 304 194 "https://shop.forichon.com/?live_configurator_token=ecfbf00414dfcced81bab3e840217ce5&id_employee=1&id_shop=3" "Mozilla/5.0 (Windows NT 6.3; WOW64) AppleWebKit/537.36 (KHTML, like Gecko) Chrome/56.0.2924.87 Safari/537.36"
141.101.69.64 - - [28/Mar/2017:17:11:42 +0200] "GET /themes/theme_forichon/css/modules/blockcategories/blockcategories.css HTTP/1.1" 200 1132 "https://shop.forichon.com/?live_configurator_token=ecfbf00414dfcced81bab3e840217ce5&id_employee=1&id_shop=3" "Mozilla/5.0 (Windows NT 6.3; WOW64) AppleWebKit/537.36 (KHTML, like Gecko) Chrome/56.0.2924.87 Safari/537.36"
108.162.229.215 - - [28/Mar/2017:17:11:43 +0200] "GET /themes/theme_forichon/css/modules/blockuserinfo/blockuserinfo.css HTTP/1.1" 200 628 "https://shop.forichon.com/?live_configurator_token=ecfbf00414dfcced81bab3e840217ce5&id_employee=1&id_shop=3" "Mozilla/5.0 (Windows NT 6.3; WOW64) AppleWebKit/537.36 (KHTML, like Gecko) Chrome/56.0.2924.87 Safari/537.36"
141.101.88.221 - - [28/Mar/2017:17:11:43 +0200] "GET /themes/theme_forichon/css/modules/blocktopmenu/css/superfish-modified.css HTTP/1.1" 200 2593 "https://shop.forichon.com/?live_configurator_token=ecfbf00414dfcced81bab3e840217ce5&id_employee=1&id_shop=3" "Mozilla/5.0 (Windows NT 6.3; WOW64) AppleWebKit/537.36 (KHTML, like Gecko) Chrome/56.0.2924.87 Safari/537.36"
108.162.229.227 - - [28/Mar/2017:17:18:42 +0200] "GET / HTTP/1.1" 200 7908 "-" "Mozilla/5.0 (Windows NT 6.3; WOW64) AppleWebKit/537.36 (KHTML, like Gecko) Chrome/56.0.2924.87 Safari/537.36"
108.162.229.29 - - [28/Mar/2017:17:18:42 +0200] "GET /themes/theme_forichon/css/global.css HTTP/1.1" 200 36165 "https://shop.forichon.com/" "Mozilla/5.0 (Windows NT 6.3; WOW64) AppleWebKit/537.36 (KHTML, like Gecko) Chrome/56.0.2924.87 Safari/537.36"
108.162.229.125 - - [28/Mar/2017:17:18:42 +0200] "GET /themes/theme_forichon/css/modules/blockcurrencies/blockcurrencies.css HTTP/1.1" 200 970 "https://shop.forichon.com/" "Mozilla/5.0 (Windows NT 6.3; WOW64) AppleWebKit/537.36 (KHTML, like Gecko) Chrome/56.0.2924.87 Safari/537.36"
141.101.69.64 - - [28/Mar/2017:17:18:42 +0200] "GET /themes/theme_forichon/css/modules/blockcategories/blockcategories.css HTTP/1.1" 200 1132 "https://shop.forichon.com/" "Mozilla/5.0 (Windows NT 6.3; WOW64) AppleWebKit/537.36 (KHTML, like Gecko) Chrome/56.0.2924.87 Safari/537.36"
108.162.229.209 - - [28/Mar/2017:17:18:42 +0200] "GET /themes/theme_forichon/css/modules/blockcart/blockcart.css HTTP/1.1" 200 3911 "https://shop.forichon.com/" "Mozilla/5.0 (Windows NT 6.3; WOW64) AppleWebKit/537.36 (KHTML, like Gecko) Chrome/56.0.2924.87 Safari/537.36"
108.162.229.17 - - [28/Mar/2017:17:18:42 +0200] "GET /themes/theme_forichon/css/modules/blocknewsletter/blocknewsletter.css HTTP/1.1" 200 1755 "https://shop.forichon.com/" "Mozilla/5.0 (Windows NT 6.3; WOW64) AppleWebKit/537.36 (KHTML, like Gecko) Chrome/56.0.2924.87 Safari/537.36"
141.101.69.100 - - [28/Mar/2017:17:18:42 +0200] "GET /themes/theme_forichon/css/modules/blocklanguages/blocklanguages.css HTTP/1.1" 200 951 "https://shop.forichon.com/" "Mozilla/5.0 (Windows NT 6.3; WOW64) AppleWebKit/537.36 (KHTML, like Gecko) Chrome/56.0.2924.87 Safari/537.36"
141.101.69.148 - - [28/Mar/2017:17:18:42 +0200] "GET /themes/theme_forichon/css/product_list.css HTTP/1.1" 200 3613 "https://shop.forichon.com/" "Mozilla/5.0 (Windows NT 6.3; WOW64) AppleWebKit/537.36 (KHTML, like Gecko) Chrome/56.0.2924.87 Safari/537.36"
108.162.229.209 - - [28/Mar/2017:17:18:42 +0200] "GET /themes/theme_forichon/css/modules/blockcontact/blockcontact.css HTTP/1.1" 200 912 "https://shop.forichon.com/" "Mozilla/5.0 (Windows NT 6.3; WOW64) AppleWebKit/537.36 (KHTML, like Gecko) Chrome/56.0.2924.87 Safari/537.36"
108.162.229.221 - - [28/Mar/2017:17:18:43 +0200] "GET /themes/theme_forichon/css/modules/blocksearch/blocksearch.css HTTP/1.1" 200 934 "https://shop.forichon.com/" "Mozilla/5.0 (Windows NT 6.3; WOW64) AppleWebKit/537.36 (KHTML, like Gecko) Chrome/56.0.2924.87 Safari/537.36"
141.101.88.221 - - [28/Mar/2017:17:18:43 +0200] "GET /themes/theme_forichon/css/modules/blocktopmenu/css/superfish-modified.css HTTP/1.1" 200 2593 "https://shop.forichon.com/" "Mozilla/5.0 (Windows NT 6.3; WOW64) AppleWebKit/537.36 (KHTML, like Gecko) Chrome/56.0.2924.87 Safari/537.36"
141.101.69.10 - - [28/Mar/2017:17:18:43 +0200] "GET /themes/theme_forichon/css/modules/homeslider/homeslider.css HTTP/1.1" 200 1281 "https://shop.forichon.com/" "Mozilla/5.0 (Windows NT 6.3; WOW64) AppleWebKit/537.36 (KHTML, like Gecko) Chrome/56.0.2924.87 Safari/537.36"
108.162.229.215 - - [28/Mar/2017:17:18:44 +0200] "GET /themes/theme_forichon/css/modules/blockuserinfo/blockuserinfo.css HTTP/1.1" 200 628 "https://shop.forichon.com/" "Mozilla/5.0 (Windows NT 6.3; WOW64) AppleWebKit/537.36 (KHTML, like Gecko) Chrome/56.0.2924.87 Safari/537.36"
108.162.229.143 - - [28/Mar/2017:17:18:44 +0200] "GET /img/shop-forichon-logo-14907135143.jpg HTTP/1.1" 304 194 "https://shop.forichon.com/" "Mozilla/5.0 (Windows NT 6.3; WOW64) AppleWebKit/537.36 (KHTML, like Gecko) Chrome/56.0.2924.87 Safari/537.36"
141.101.69.238 - - [28/Mar/2017:17:18:44 +0200] "GET /modules/homeslider/images/7ad8b97f5be74a110669cd81471a972576514b73_f98ef212ac4820542f8f1724a80ba4e1accf6139_Image-Caroussel_LARGE2.jpg HTTP/1.1" 304 195 "https://shop.forichon.com/" "Mozilla/5.0 (Windows NT 6.3; WOW64) AppleWebKit/537.36 (KHTML, like Gecko) Chrome/56.0.2924.87 Safari/537.36"
108.162.229.113 - - [28/Mar/2017:17:18:45 +0200] "GET /img/favicon-3.ico?1490714240 HTTP/1.1" 200 1114 "https://shop.forichon.com/" "Mozilla/5.0 (Windows NT 6.3; WOW64) AppleWebKit/537.36 (KHTML, like Gecko) Chrome/56.0.2924.87 Safari/537.36"
108.162.229.227 - - [28/Mar/2017:17:18:49 +0200] "GET /?mylogout= HTTP/1.1" 302 614 "https://shop.forichon.com/" "Mozilla/5.0 (Windows NT 6.3; WOW64) AppleWebKit/537.36 (KHTML, like Gecko) Chrome/56.0.2924.87 Safari/537.36"
108.162.229.227 - - [28/Mar/2017:17:18:49 +0200] "GET / HTTP/1.1" 200 7975 "https://shop.forichon.com/" "Mozilla/5.0 (Windows NT 6.3; WOW64) AppleWebKit/537.36 (KHTML, like Gecko) Chrome/56.0.2924.87 Safari/537.36"
108.162.229.227 - - [28/Mar/2017:17:18:58 +0200] "POST /?rand=1490714205152 HTTP/1.1" 200 1111 "https://shop.forichon.com/" "Mozilla/5.0 (Windows NT 6.3; WOW64) AppleWebKit/537.36 (KHTML, like Gecko) Chrome/56.0.2924.87 Safari/537.36"
108.162.229.227 - - [28/Mar/2017:17:19:00 +0200] "GET /commande HTTP/1.1" 200 7581 "https://shop.forichon.com/" "Mozilla/5.0 (Windows NT 6.3; WOW64) AppleWebKit/537.36 (KHTML, like Gecko) Chrome/56.0.2924.87 Safari/537.36"
108.162.229.173 - - [28/Mar/2017:17:19:00 +0200] "GET /themes/theme_forichon/css/addresses.css HTTP/1.1" 200 578 "https://shop.forichon.com/commande" "Mozilla/5.0 (Windows NT 6.3; WOW64) AppleWebKit/537.36 (KHTML, like Gecko) Chrome/56.0.2924.87 Safari/537.36"
108.162.229.227 - - [28/Mar/2017:17:19:04 +0200] "GET /commande?step=1 HTTP/1.1" 302 406 "https://shop.forichon.com/commande" "Mozilla/5.0 (Windows NT 6.3; WOW64) AppleWebKit/537.36 (KHTML, like Gecko) Chrome/56.0.2924.87 Safari/537.36"
108.162.229.227 - - [28/Mar/2017:17:19:04 +0200] "GET /connexion?back=https%3A%2F%2Fshop.forichon.com%2Fcommande%3Fstep%3D1 HTTP/1.1" 200 6473 "https://shop.forichon.com/commande" "Mozilla/5.0 (Windows NT 6.3; WOW64) AppleWebKit/537.36 (KHTML, like Gecko) Chrome/56.0.2924.87 Safari/537.36" [Tue Mar 28 17:19:12.324746 2017] [:error] [pid 29134] [client 108.162.229.227:35020] PHP Notice: Undefined index: logo_url in /var/www/dev.desbossesetdesbulles.com/cache/smarty/compile/8c/c3/14/8cc3147a9af0ad85eb76dd52aa12e4e4b3785bbb.file.blocktopmenu.tpl.php on line 43, referer: https://shop.forichon.com/connexion?back=https%3A%2F%2Fshop.forichon.com%2Fcommande%3Fstep%3D1 [Tue Mar 28 17:19:12.324786 2017] [:error] [pid 29134] [client 108.162.229.227:35020] PHP Notice: Trying to get property of non-object in /var/www/dev.desbossesetdesbulles.com/cache/smarty/compile/8c/c3/14/8cc3147a9af0ad85eb76dd52aa12e4e4b3785bbb.file.blocktopmenu.tpl.php on line 43, referer: https://shop.forichon.com/connexion?back=https%3A%2F%2Fshop.forichon.com%2Fcommande%3Fstep%3D1
108.162.229.227 - - [28/Mar/2017:17:19:12 +0200] "POST /?rand=1490714219179 HTTP/1.1" 200 2628 "https://shop.forichon.com/connexion?back=https%3A%2F%2Fshop.forichon.com%2Fcommande%3Fstep%3D1" "Mozilla/5.0 (Windows NT 6.3; WOW64) AppleWebKit/537.36 (KHTML, like Gecko) Chrome/56.0.2924.87 Safari/537.36"
108.162.229.227 - - [28/Mar/2017:17:19:29 +0200] "POST /connexion HTTP/1.1" 302 935 "https://shop.forichon.com/connexion?back=https%3A%2F%2Fshop.forichon.com%2Fcommande%3Fstep%3D1" "Mozilla/5.0 (Windows NT 6.3; WOW64) AppleWebKit/537.36 (KHTML, like Gecko) Chrome/56.0.2924.87 Safari/537.36"
108.162.229.227 - - [28/Mar/2017:17:19:29 +0200] "GET /commande?step=1 HTTP/1.1" 302 1095 "https://shop.forichon.com/connexion?back=https%3A%2F%2Fshop.forichon.com%2Fcommande%3Fstep%3D1" "Mozilla/5.0 (Windows NT 6.3; WOW64) AppleWebKit/537.36 (KHTML, like Gecko) Chrome/56.0.2924.87 Safari/537.36"
108.162.229.227 - - [28/Mar/2017:17:19:30 +0200] "GET /adresse?back=order.php%3Fstep%3D1 HTTP/1.1" 200 6952 "https://shop.forichon.com/connexion?back=https%3A%2F%2Fshop.forichon.com%2Fcommande%3Fstep%3D1" "Mozilla/5.0 (Windows NT 6.3; WOW64) AppleWebKit/537.36 (KHTML, like Gecko) Chrome/56.0.2924.87 Safari/537.36"
141.101.88.83 - - [28/Mar/2017:17:19:38 +0200] "GET /themes/theme_forichon/img/icon/form-error.png HTTP/1.1" 200 486 "https://shop.forichon.com/themes/theme_forichon/css/global.css" "Mozilla/5.0 (Windows NT 6.3; WOW64) AppleWebKit/537.36 (KHTML, like Gecko) Chrome/56.0.2924.87 Safari/537.36"
108.162.229.227 - - [28/Mar/2017:17:19:42 +0200] "POST /adresse HTTP/1.1" 302 271 "https://shop.forichon.com/adresse?back=order.php%3Fstep%3D1" "Mozilla/5.0 (Windows NT 6.3; WOW64) AppleWebKit/537.36 (KHTML, like Gecko) Chrome/56.0.2924.87 Safari/537.36"
108.162.229.227 - - [28/Mar/2017:17:19:42 +0200] "GET /commande?step=1 HTTP/1.1" 200 7397 "https://shop.forichon.com/adresse?back=order.php%3Fstep%3D1" "Mozilla/5.0 (Windows NT 6.3; WOW64) AppleWebKit/537.36 (KHTML, like Gecko) Chrome/56.0.2924.87 Safari/537.36"
108.162.229.131 - - [28/Mar/2017:17:23:13 +0200] "GET / HTTP/1.1" 200 7170 "-" "Mozilla/5.0 (Linux; Android 6.0.1; SM-A510F Build/MMB29K) AppleWebKit/537.36 (KHTML, like Gecko) Chrome/56.0.2924.87 Mobile Safari/537.36"
141.101.69.250 - - [28/Mar/2017:17:23:13 +0200] "GET /js/jquery/plugins/fancybox/jquery.fancybox.css HTTP/1.1" 200 1761 "https://shop.forichon.com/" "Mozilla/5.0 (Linux; Android 6.0.1; SM-A510F Build/MMB29K) AppleWebKit/537.36 (KHTML, like Gecko) Chrome/56.0.2924.87 Mobile Safari/537.36"
141.101.69.64 - - [28/Mar/2017:17:23:13 +0200] "GET /themes/theme_forichon/css/modules/blockcategories/blockcategories.css HTTP/1.1" 200 1132 "https://shop.forichon.com/" "Mozilla/5.0 (Linux; Android 6.0.1; SM-A510F Build/MMB29K) AppleWebKit/537.36 (KHTML, like Gecko) Chrome/56.0.2924.87 Mobile Safari/537.36"
141.101.69.148 - - [28/Mar/2017:17:23:13 +0200] "GET /themes/theme_forichon/css/product_list.css HTTP/1.1" 200 3613 "https://shop.forichon.com/" "Mozilla/5.0 (Linux; Android 6.0.1; SM-A510F Build/MMB29K) AppleWebKit/537.36 (KHTML, like Gecko) Chrome/56.0.2924.87 Mobile Safari/537.36"
141.101.88.149 - - [28/Mar/2017:17:23:13 +0200] "GET /js/jquery/plugins/bxslider/jquery.bxslider.css HTTP/1.1" 200 1357 "https://shop.forichon.com/" "Mozilla/5.0 (Linux; Android 6.0.1; SM-A510F Build/MMB29K) AppleWebKit/537.36 (KHTML, like Gecko) Chrome/56.0.2924.87 Mobile Safari/537.36"
141.101.69.166 - - [28/Mar/2017:17:23:13 +0200] "GET /modules/blockfacebook/css/blockfacebook.css HTTP/1.1" 200 336 "https://shop.forichon.com/" "Mozilla/5.0 (Linux; Android 6.0.1; SM-A510F Build/MMB29K) AppleWebKit/537.36 (KHTML, like Gecko) Chrome/56.0.2924.87 Mobile Safari/537.36"
141.101.69.100 - - [28/Mar/2017:17:23:13 +0200] "GET /themes/theme_forichon/css/modules/blocklanguages/blocklanguages.css HTTP/1.1" 200 951 "https://shop.forichon.com/" "Mozilla/5.0 (Linux; Android 6.0.1; SM-A510F Build/MMB29K) AppleWebKit/537.36 (KHTML, like Gecko) Chrome/56.0.2924.87 Mobile Safari/537.36"
108.162.229.29 - - [28/Mar/2017:17:23:13 +0200] "GET /themes/theme_forichon/css/global.css HTTP/1.1" 200 36165 "https://shop.forichon.com/" "Mozilla/5.0 (Linux; Android 6.0.1; SM-A510F Build/MMB29K) AppleWebKit/537.36 (KHTML, like Gecko) Chrome/56.0.2924.87 Mobile Safari/537.36"
108.162.229.125 - - [28/Mar/2017:17:23:13 +0200] "GET /themes/theme_forichon/css/modules/blockcurrencies/blockcurrencies.css HTTP/1.1" 200 970 "https://shop.forichon.com/" "Mozilla/5.0 (Linux; Android 6.0.1; SM-A510F Build/MMB29K) AppleWebKit/537.36 (KHTML, like Gecko) Chrome/56.0.2924.87 Mobile Safari/537.36"
141.101.69.64 - - [28/Mar/2017:17:23:13 +0200] "GET /js/tools.js HTTP/1.1" 200 6609 "https://shop.forichon.com/" "Mozilla/5.0 (Linux; Android 6.0.1; SM-A510F Build/MMB29K) AppleWebKit/537.36 (KHTML, like Gecko) Chrome/56.0.2924.87 Mobile Safari/537.36"
108.162.229.17 - - [28/Mar/2017:17:23:13 +0200] "GET /themes/theme_forichon/css/modules/blocknewsletter/blocknewsletter.css HTTP/1.1" 200 1755 "https://shop.forichon.com/" "Mozilla/5.0 (Linux; Android 6.0.1; SM-A510F Build/MMB29K) AppleWebKit/537.36 (KHTML, like Gecko) Chrome/56.0.2924.87 Mobile Safari/537.36"
108.162.229.173 - - [28/Mar/2017:17:23:14 +0200] "GET /modules/blockmyaccountfooter/blockmyaccount.css HTTP/1.1" 200 712 "https://shop.forichon.com/" "Mozilla/5.0 (Linux; Android 6.0.1; SM-A510F Build/MMB29K) AppleWebKit/537.36 (KHTML, like Gecko) Chrome/56.0.2924.87 Mobile Safari/537.36"
108.162.229.167 - - [28/Mar/2017:17:23:15 +0200] "GET /modules/blocktags/blocktags.css HTTP/1.1" 200 600 "https://shop.forichon.com/" "Mozilla/5.0 (Linux; Android 6.0.1; SM-A510F Build/MMB29K) AppleWebKit/537.36 (KHTML, like Gecko) Chrome/56.0.2924.87 Mobile Safari/537.36"
141.101.88.221 - - [28/Mar/2017:17:23:15 +0200] "GET /themes/theme_forichon/css/modules/blocktopmenu/css/superfish-modified.css HTTP/1.1" 200 2593 "https://shop.forichon.com/" "Mozilla/5.0 (Linux; Android 6.0.1; SM-A510F Build/MMB29K) AppleWebKit/537.36 (KHTML, like Gecko) Chrome/56.0.2924.87 Mobile Safari/537.36"
108.162.229.215 - - [28/Mar/2017:17:23:16 +0200] "GET /themes/theme_forichon/css/modules/blockuserinfo/blockuserinfo.css HTTP/1.1" 200 628 "https://shop.forichon.com/" "Mozilla/5.0 (Linux; Android 6.0.1; SM-A510F Build/MMB29K) AppleWebKit/537.36 (KHTML, like Gecko) Chrome/56.0.2924.87 Mobile Safari/537.36"
141.101.69.214 - - [28/Mar/2017:17:23:16 +0200] "GET /js/jquery/jquery-migrate-1.2.1.min.js HTTP/1.1" 200 3415 "https://shop.forichon.com/" "Mozilla/5.0 (Linux; Android 6.0.1; SM-A510F Build/MMB29K) AppleWebKit/537.36 (KHTML, like Gecko) Chrome/56.0.2924.87 Mobile Safari/537.36"
108.162.229.179 - - [28/Mar/2017:17:23:16 +0200] "GET /themes/theme_forichon/js/global.js HTTP/1.1" 200 4435 "https://shop.forichon.com/" "Mozilla/5.0 (Linux; Android 6.0.1; SM-A510F Build/MMB29K) AppleWebKit/537.36 (KHTML, like Gecko) Chrome/56.0.2924.87 Mobile Safari/537.36"
108.162.229.197 - - [28/Mar/2017:17:23:16 +0200] "GET /js/jquery/plugins/autocomplete/jquery.autocomplete.css HTTP/1.1" 200 788 "https://shop.forichon.com/" "Mozilla/5.0 (Linux; Android 6.0.1; SM-A510F Build/MMB29K) AppleWebKit/537.36 (KHTML, like Gecko) Chrome/56.0.2924.87 Mobile Safari/537.36"
108.162.229.221 - - [28/Mar/2017:17:23:17 +0200] "GET /themes/theme_forichon/css/modules/blocksearch/blocksearch.css HTTP/1.1" 200 934 "https://shop.forichon.com/" "Mozilla/5.0 (Linux; Android 6.0.1; SM-A510F Build/MMB29K) AppleWebKit/537.36 (KHTML, like Gecko) Chrome/56.0.2924.87 Mobile Safari/537.36"
141.101.88.197 - - [28/Mar/2017:17:23:17 +0200] "GET /themes/theme_forichon/js/autoload/15-jquery.total-storage.min.js HTTP/1.1" 200 1389 "https://shop.forichon.com/" "Mozilla/5.0 (Linux; Android 6.0.1; SM-A510F Build/MMB29K) AppleWebKit/537.36 (KHTML, like Gecko) Chrome/56.0.2924.87 Mobile Safari/537.36"
141.101.69.178 - - [28/Mar/2017:17:23:17 +0200] "GET /modules/blockviewed/blockviewed.css HTTP/1.1" 200 637 "https://shop.forichon.com/" "Mozilla/5.0 (Linux; Android 6.0.1; SM-A510F Build/MMB29K) AppleWebKit/537.36 (KHTML, like Gecko) Chrome/56.0.2924.87 Mobile Safari/537.36"
141.101.69.118 - - [28/Mar/2017:17:23:17 +0200] "GET /modules/themeconfigurator/css/hooks.css HTTP/1.1" 200 724 "https://shop.forichon.com/" "Mozilla/5.0 (Linux; Android 6.0.1; SM-A510F Build/MMB29K) AppleWebKit/537.36 (KHTML, like Gecko) Chrome/56.0.2924.87 Mobile Safari/537.36"
141.101.88.5 - - [28/Mar/2017:17:23:17 +0200] "GET /js/jquery/plugins/jquery.easing.js HTTP/1.1" 200 1514 "https://shop.forichon.com/" "Mozilla/5.0 (Linux; Android 6.0.1; SM-A510F Build/MMB29K) AppleWebKit/537.36 (KHTML, like Gecko) Chrome/56.0.2924.87 Mobile Safari/537.36"
108.162.229.173 - - [28/Mar/2017:17:23:17 +0200] "GET /themes/theme_forichon/js/modules/blockcart/ajax-cart.js HTTP/1.1" 200 8296 "https://shop.forichon.com/" "Mozilla/5.0 (Linux; Android 6.0.1; SM-A510F Build/MMB29K) AppleWebKit/537.36 (KHTML, like Gecko) Chrome/56.0.2924.87 Mobile Safari/537.36"
141.101.88.203 - - [28/Mar/2017:17:23:17 +0200] "GET /themes/theme_forichon/js/tools/treeManagement.js HTTP/1.1" 200 1484 "https://shop.forichon.com/" "Mozilla/5.0 (Linux; Android 6.0.1; SM-A510F Build/MMB29K) AppleWebKit/537.36 (KHTML, like Gecko) Chrome/56.0.2924.87 Mobile Safari/537.36"
108.162.229.53 - - [28/Mar/2017:17:23:17 +0200] "GET /js/jquery/jquery-1.11.0.min.js HTTP/1.1" 200 33723 "https://shop.forichon.com/" "Mozilla/5.0 (Linux; Android 6.0.1; SM-A510F Build/MMB29K) AppleWebKit/537.36 (KHTML, like Gecko) Chrome/56.0.2924.87 Mobile Safari/537.36"
108.162.229.95 - - [28/Mar/2017:17:23:18 +0200] "GET /js/jquery/plugins/jquery.scrollTo.js HTTP/1.1" 200 1698 "https://shop.forichon.com/" "Mozilla/5.0 (Linux; Android 6.0.1; SM-A510F Build/MMB29K) AppleWebKit/537.36 (KHTML, like Gecko) Chrome/56.0.2924.87 Mobile Safari/537.36"
141.101.88.35 - - [28/Mar/2017:17:23:18 +0200] "GET /themes/theme_forichon/js/autoload/15-jquery.uniform-modified.js HTTP/1.1" 200 8253 "https://shop.forichon.com/" "Mozilla/5.0 (Linux; Android 6.0.1; SM-A510F Build/MMB29K) AppleWebKit/537.36 (KHTML, like Gecko) Chrome/56.0.2924.87 Mobile Safari/537.36"
141.101.69.40 - - [28/Mar/2017:17:23:18 +0200] "GET /themes/theme_forichon/js/autoload/10-bootstrap.min.js HTTP/1.1" 200 7583 "https://shop.forichon.com/" "Mozilla/5.0 (Linux; Android 6.0.1; SM-A510F Build/MMB29K) AppleWebKit/537.36 (KHTML, like Gecko) Chrome/56.0.2924.87 Mobile Safari/537.36"
108.162.229.233 - - [28/Mar/2017:17:23:18 +0200] "GET /js/jquery/plugins/bxslider/jquery.bxslider.js HTTP/1.1" 200 5515 "https://shop.forichon.com/" "Mozilla/5.0 (Linux; Android 6.0.1; SM-A510F Build/MMB29K) AppleWebKit/537.36 (KHTML, like Gecko) Chrome/56.0.2924.87 Mobile Safari/537.36"
141.101.88.155 - - [28/Mar/2017:17:23:18 +0200] "GET /js/jquery/plugins/fancybox/jquery.fancybox.js HTTP/1.1" 200 8986 "https://shop.forichon.com/" "Mozilla/5.0 (Linux; Android 6.0.1; SM-A510F Build/MMB29K) AppleWebKit/537.36 (KHTML, like Gecko) Chrome/56.0.2924.87 Mobile Safari/537.36"
141.101.88.143 - - [28/Mar/2017:17:23:18 +0200] "GET /themes/theme_forichon/js/modules/blocknewsletter/blocknewsletter.js HTTP/1.1" 200 1195 "https://shop.forichon.com/" "Mozilla/5.0 (Linux; Android 6.0.1; SM-A510F Build/MMB29K) AppleWebKit/537.36 (KHTML, like Gecko) Chrome/56.0.2924.87 Mobile Safari/537.36"
141.101.88.179 - - [28/Mar/2017:17:23:18 +0200] "GET /js/jquery/plugins/autocomplete/jquery.autocomplete.js HTTP/1.1" 200 6812 "https://shop.forichon.com/" "Mozilla/5.0 (Linux; Android 6.0.1; SM-A510F Build/MMB29K) AppleWebKit/537.36 (KHTML, like Gecko) Chrome/56.0.2924.87 Mobile Safari/537.36"
141.101.88.5 - - [28/Mar/2017:17:23:18 +0200] "GET /themes/theme_forichon/js/modules/blocksearch/blocksearch.js HTTP/1.1" 200 1851 "https://shop.forichon.com/" "Mozilla/5.0 (Linux; Android 6.0.1; SM-A510F Build/MMB29K) AppleWebKit/537.36 (KHTML, like Gecko) Chrome/56.0.2924.87 Mobile Safari/537.36"
141.101.88.41 - - [28/Mar/2017:17:23:18 +0200] "GET /themes/theme_forichon/js/modules/blocktopmenu/js/hoverIntent.js HTTP/1.1" 200 1970 "https://shop.forichon.com/" "Mozilla/5.0 (Linux; Android 6.0.1; SM-A510F Build/MMB29K) AppleWebKit/537.36 (KHTML, like Gecko) Chrome/56.0.2924.87 Mobile Safari/537.36"
141.101.88.89 - - [28/Mar/2017:17:23:18 +0200] "GET /js/jquery/plugins/jquery.serialScroll.js HTTP/1.1" 200 1396 "https://shop.forichon.com/" "Mozilla/5.0 (Linux; Android 6.0.1; SM-A510F Build/MMB29K) AppleWebKit/537.36 (KHTML, like Gecko) Chrome/56.0.2924.87 Mobile Safari/537.36"
108.162.229.137 - - [28/Mar/2017:17:23:18 +0200] "GET /themes/theme_forichon/js/modules/blocktopmenu/js/superfish-modified.js HTTP/1.1" 200 2650 "https://shop.forichon.com/" "Mozilla/5.0 (Linux; Android 6.0.1; SM-A510F Build/MMB29K) AppleWebKit/537.36 (KHTML, like Gecko) Chrome/56.0.2924.87 Mobile Safari/537.36"
108.162.229.143 - - [28/Mar/2017:17:23:18 +0200] "GET /img/shop-forichon-logo-14907135143.jpg HTTP/1.1" 200 8458 "https://shop.forichon.com/" "Mozilla/5.0 (Linux; Android 6.0.1; SM-A510F Build/MMB29K) AppleWebKit/537.36 (KHTML, like Gecko) Chrome/56.0.2924.87 Mobile Safari/537.36"
141.101.88.83 - - [28/Mar/2017:17:23:18 +0200] "GET /modules/themeconfigurator/img/5be83511de69dbebc55240d63f4137e19ad9d2bf_baspageforichon02.jpg HTTP/1.1" 200 8415 "https://shop.forichon.com/" "Mozilla/5.0 (Linux; Android 6.0.1; SM-A510F Build/MMB29K) AppleWebKit/537.36 (KHTML, like Gecko) Chrome/56.0.2924.87 Mobile Safari/537.36"
108.162.229.47 - - [28/Mar/2017:17:23:18 +0200] "GET /themes/theme_forichon/js/index.js HTTP/1.1" 200 963 "https://shop.forichon.com/" "Mozilla/5.0 (Linux; Android 6.0.1; SM-A510F Build/MMB29K) AppleWebKit/537.36 (KHTML, like Gecko) Chrome/56.0.2924.87 Mobile Safari/537.36"
108.162.229.173 - - [28/Mar/2017:17:23:18 +0200] "GET /img/p/fr-default-home_default.jpg HTTP/1.1" 200 8484 "https://shop.forichon.com/" "Mozilla/5.0 (Linux; Android 6.0.1; SM-A510F Build/MMB29K) AppleWebKit/537.36 (KHTML, like Gecko) Chrome/56.0.2924.87 Mobile Safari/537.36"
108.162.229.197 - - [28/Mar/2017:17:23:18 +0200] "GET /modules/themeconfigurator/img/78834a90a8ce791db3cad0e0c19cc0a6d93e8fb8_baspageforichon01.jpg HTTP/1.1" 200 7116 "https://shop.forichon.com/" "Mozilla/5.0 (Linux; Android 6.0.1; SM-A510F Build/MMB29K) AppleWebKit/537.36 (KHTML, like Gecko) Chrome/56.0.2924.87 Mobile Safari/537.36"
108.162.229.161 - - [28/Mar/2017:17:23:18 +0200] "GET /modules/blockfacebook/blockfacebook.js HTTP/1.1" 200 1096 "https://shop.forichon.com/" "Mozilla/5.0 (Linux; Android 6.0.1; SM-A510F Build/MMB29K) AppleWebKit/537.36 (KHTML, like Gecko) Chrome/56.0.2924.87 Mobile Safari/537.36"
108.162.229.227 - - [28/Mar/2017:17:23:18 +0200] "GET /themes/theme_forichon/js/modules/blocktopmenu/js/blocktopmenu.js HTTP/1.1" 200 1873 "https://shop.forichon.com/" "Mozilla/5.0 (Linux; Android 6.0.1; SM-A510F Build/MMB29K) AppleWebKit/537.36 (KHTML, like Gecko) Chrome/56.0.2924.87 Mobile Safari/537.36"
108.162.229.209 - - [28/Mar/2017:17:23:18 +0200] "GET /themes/theme_forichon/css/modules/blockcart/blockcart.css HTTP/1.1" 200 3911 "https://shop.forichon.com/" "Mozilla/5.0 (Linux; Android 6.0.1; SM-A510F Build/MMB29K) AppleWebKit/537.36 (KHTML, like Gecko) Chrome/56.0.2924.87 Mobile Safari/537.36"
108.162.229.209 - - [28/Mar/2017:17:23:18 +0200] "GET /themes/theme_forichon/css/modules/blockcontact/blockcontact.css HTTP/1.1" 200 912 "https://shop.forichon.com/" "Mozilla/5.0 (Linux; Android 6.0.1; SM-A510F Build/MMB29K) AppleWebKit/537.36 (KHTML, like Gecko) Chrome/56.0.2924.87 Mobile Safari/537.36"
141.101.88.41 - - [28/Mar/2017:17:23:19 +0200] "GET /themes/theme_forichon/fonts/fontawesome-webfont.woff2?v=4.3.0 HTTP/1.1" 200 57055 "https://shop.forichon.com/themes/theme_forichon/css/global.css" "Mozilla/5.0 (Linux; Android 6.0.1; SM-A510F Build/MMB29K) AppleWebKit/537.36 (KHTML, like Gecko) Chrome/56.0.2924.87 Mobile Safari/537.36"
108.162.229.113 - - [28/Mar/2017:17:23:20 +0200] "GET /img/favicon-3.ico?1490714240 HTTP/1.1" 200 1114 "https://shop.forichon.com/" "Mozilla/5.0 (Linux; Android 6.0.1; SM-A510F Build/MMB29K) AppleWebKit/537.36 (KHTML, like Gecko) Chrome/56.0.2924.87 Mobile Safari/537.36"
108.162.229.131 - - [28/Mar/2017:17:23:33 +0200] "GET /home/8-des-bosses-et-des-bulles-tome-2-second-souffle-9782954679914.html HTTP/1.1" 200 8438 "https://shop.forichon.com/" "Mozilla/5.0 (Linux; Android 6.0.1; SM-A510F Build/MMB29K) AppleWebKit/537.36 (KHTML, like Gecko) Chrome/56.0.2924.87 Mobile Safari/537.36"
108.162.229.41 - - [28/Mar/2017:17:23:33 +0200] "GET /themes/theme_forichon/css/product.css HTTP/1.1" 200 7042 "https://shop.forichon.com/home/8-des-bosses-et-des-bulles-tome-2-second-souffle-9782954679914.html" "Mozilla/5.0 (Linux; Android 6.0.1; SM-A510F Build/MMB29K) AppleWebKit/537.36 (KHTML, like Gecko) Chrome/56.0.2924.87 Mobile Safari/537.36"
108.162.229.233 - - [28/Mar/2017:17:23:33 +0200] "GET /themes/theme_forichon/css/modules/socialsharing/css/socialsharing.css HTTP/1.1" 200 609 "https://shop.forichon.com/home/8-des-bosses-et-des-bulles-tome-2-second-souffle-9782954679914.html" "Mozilla/5.0 (Linux; Android 6.0.1; SM-A510F Build/MMB29K) AppleWebKit/537.36 (KHTML, like Gecko) Chrome/56.0.2924.87 Mobile Safari/537.36"
141.101.69.82 - - [28/Mar/2017:17:23:33 +0200] "GET /img/p/fr-default-large_default.jpg HTTP/1.1" 200 9384 "https://shop.forichon.com/home/8-des-bosses-et-des-bulles-tome-2-second-souffle-9782954679914.html" "Mozilla/5.0 (Linux; Android 6.0.1; SM-A510F Build/MMB29K) AppleWebKit/537.36 (KHTML, like Gecko) Chrome/56.0.2924.87 Mobile Safari/537.36"
141.101.69.112 - - [28/Mar/2017:17:23:33 +0200] "GET /js/jquery/plugins/jquery.idTabs.js HTTP/1.1" 200 1294 "https://shop.forichon.com/home/8-des-bosses-et-des-bulles-tome-2-second-souffle-9782954679914.html" "Mozilla/5.0 (Linux; Android 6.0.1; SM-A510F Build/MMB29K) AppleWebKit/537.36 (KHTML, like Gecko) Chrome/56.0.2924.87 Mobile Safari/537.36"
141.101.69.28 - - [28/Mar/2017:17:23:33 +0200] "GET /modules/socialsharing/js/socialsharing.js HTTP/1.1" 200 1266 "https://shop.forichon.com/home/8-des-bosses-et-des-bulles-tome-2-second-souffle-9782954679914.html" "Mozilla/5.0 (Linux; Android 6.0.1; SM-A510F Build/MMB29K) AppleWebKit/537.36 (KHTML, like Gecko) Chrome/56.0.2924.87 Mobile Safari/537.36"
108.162.229.11 - - [28/Mar/2017:17:23:33 +0200] "GET /modules/productpaymentlogos/img/payment-logo.png HTTP/1.1" 200 18499 "https://shop.forichon.com/home/8-des-bosses-et-des-bulles-tome-2-second-souffle-9782954679914.html" "Mozilla/5.0 (Linux; Android 6.0.1; SM-A510F Build/MMB29K) AppleWebKit/537.36 (KHTML, like Gecko) Chrome/56.0.2924.87 Mobile Safari/537.36"
108.162.229.215 - - [28/Mar/2017:17:23:33 +0200] "GET /themes/theme_forichon/js/product.js HTTP/1.1" 200 10073 "https://shop.forichon.com/home/8-des-bosses-et-des-bulles-tome-2-second-souffle-9782954679914.html" "Mozilla/5.0 (Linux; Android 6.0.1; SM-A510F Build/MMB29K) AppleWebKit/537.36 (KHTML, like Gecko) Chrome/56.0.2924.87 Mobile Safari/537.36"
108.162.229.41 - - [29/Mar/2017:08:38:20 +0200] "GET / HTTP/1.1" 200 7918 "-" "Mozilla/5.0 (Windows NT 6.2; Win64; x64) AppleWebKit/537.36 (KHTML, like Gecko) Chrome/56.0.2924.87 Safari/537.36"
141.101.69.250 - - [29/Mar/2017:08:38:20 +0200] "GET /js/jquery/plugins/fancybox/jquery.fancybox.css HTTP/1.1" 200 1761 "https://shop.forichon.com/" "Mozilla/5.0 (Windows NT 6.2; Win64; x64) AppleWebKit/537.36 (KHTML, like Gecko) Chrome/56.0.2924.87 Safari/537.36"
108.162.229.209 - - [29/Mar/2017:08:38:20 +0200] "GET /themes/theme_forichon/css/modules/blockcontact/blockcontact.css HTTP/1.1" 200 912 "https://shop.forichon.com/" "Mozilla/5.0 (Windows NT 6.2; Win64; x64) AppleWebKit/537.36 (KHTML, like Gecko) Chrome/56.0.2924.87 Safari/537.36"
141.101.88.149 - - [29/Mar/2017:08:38:20 +0200] "GET /js/jquery/plugins/bxslider/jquery.bxslider.css HTTP/1.1" 200 1357 "https://shop.forichon.com/" "Mozilla/5.0 (Windows NT 6.2; Win64; x64) AppleWebKit/537.36 (KHTML, like Gecko) Chrome/56.0.2924.87 Safari/537.36"
141.101.69.166 - - [29/Mar/2017:08:38:20 +0200] "GET /modules/blockfacebook/css/blockfacebook.css HTTP/1.1" 200 336 "https://shop.forichon.com/" "Mozilla/5.0 (Windows NT 6.2; Win64; x64) AppleWebKit/537.36 (KHTML, like Gecko) Chrome/56.0.2924.87 Safari/537.36"
141.101.69.148 - - [29/Mar/2017:08:38:20 +0200] "GET /themes/theme_forichon/css/product_list.css HTTP/1.1" 200 3613 "https://shop.forichon.com/" "Mozilla/5.0 (Windows NT 6.2; Win64; x64) AppleWebKit/537.36 (KHTML, like Gecko) Chrome/56.0.2924.87 Safari/537.36"
108.162.229.209 - - [29/Mar/2017:08:38:20 +0200] "GET /themes/theme_forichon/css/modules/blockcart/blockcart.css HTTP/1.1" 200 3911 "https://shop.forichon.com/" "Mozilla/5.0 (Windows NT 6.2; Win64; x64) AppleWebKit/537.36 (KHTML, like Gecko) Chrome/56.0.2924.87 Safari/537.36"
141.101.69.64 - - [29/Mar/2017:08:38:20 +0200] "GET /themes/theme_forichon/css/modules/blockcategories/blockcategories.css HTTP/1.1" 200 1132 "https://shop.forichon.com/" "Mozilla/5.0 (Windows NT 6.2; Win64; x64) AppleWebKit/537.36 (KHTML, like Gecko) Chrome/56.0.2924.87 Safari/537.36"
108.162.229.125 - - [29/Mar/2017:08:38:20 +0200] "GET /themes/theme_forichon/css/modules/blockcurrencies/blockcurrencies.css HTTP/1.1" 200 970 "https://shop.forichon.com/" "Mozilla/5.0 (Windows NT 6.2; Win64; x64) AppleWebKit/537.36 (KHTML, like Gecko) Chrome/56.0.2924.87 Safari/537.36"
108.162.229.215 - - [29/Mar/2017:08:38:20 +0200] "GET /themes/theme_forichon/css/modules/blockuserinfo/blockuserinfo.css HTTP/1.1" 200 628 "https://shop.forichon.com/" "Mozilla/5.0 (Windows NT 6.2; Win64; x64) AppleWebKit/537.36 (KHTML, like Gecko) Chrome/56.0.2924.87 Safari/537.36"
141.101.69.100 - - [29/Mar/2017:08:38:20 +0200] "GET /themes/theme_forichon/css/modules/blocklanguages/blocklanguages.css HTTP/1.1" 200 951 "https://shop.forichon.com/" "Mozilla/5.0 (Windows NT 6.2; Win64; x64) AppleWebKit/537.36 (KHTML, like Gecko) Chrome/56.0.2924.87 Safari/537.36"
