108.162.229.221 - - [05/Apr/2017:11:14:17 +0200] "GET /themes/theme_forichon/css/modules/blocksearch/blocksearch.css HTTP/1.1" 200 933 "https://shop.forichon.com/historique-commandes" "Mozilla/5.0 (Windows NT 6.2; Win64; x64) AppleWebKit/537.36 (KHTML, like Gecko) Chrome/57.0.2987.133 Safari/537.36"
141.101.88.125 - - [05/Apr/2017:11:14:17 +0200] "GET /themes/theme_forichon/css/modules/blockviewed/blockviewed.css HTTP/1.1" 200 469 "https://shop.forichon.com/historique-commandes" "Mozilla/5.0 (Windows NT 6.2; Win64; x64) AppleWebKit/537.36 (KHTML, like Gecko) Chrome/57.0.2987.133 Safari/537.36"
108.162.229.125 - - [05/Apr/2017:11:14:17 +0200] "GET /themes/theme_forichon/css/modules/blockcurrencies/blockcurrencies.css HTTP/1.1" 200 970 "https://shop.forichon.com/historique-commandes" "Mozilla/5.0 (Windows NT 6.2; Win64; x64) AppleWebKit/537.36 (KHTML, like Gecko) Chrome/57.0.2987.133 Safari/537.36"
108.162.229.209 - - [05/Apr/2017:11:14:17 +0200] "GET /themes/theme_forichon/css/modules/blockcontact/blockcontact.css HTTP/1.1" 200 912 "https://shop.forichon.com/historique-commandes" "Mozilla/5.0 (Windows NT 6.2; Win64; x64) AppleWebKit/537.36 (KHTML, like Gecko) Chrome/57.0.2987.133 Safari/537.36"
108.162.229.17 - - [05/Apr/2017:11:14:17 +0200] "GET /themes/theme_forichon/css/modules/blocknewsletter/blocknewsletter.css HTTP/1.1" 200 1755 "https://shop.forichon.com/historique-commandes" "Mozilla/5.0 (Windows NT 6.2; Win64; x64) AppleWebKit/537.36 (KHTML, like Gecko) Chrome/57.0.2987.133 Safari/537.36"
108.162.229.149 - - [05/Apr/2017:11:14:17 +0200] "GET /js/jquery/plugins/footable/jquery.footable.js HTTP/1.1" 200 8761 "https://shop.forichon.com/historique-commandes" "Mozilla/5.0 (Windows NT 6.2; Win64; x64) AppleWebKit/537.36 (KHTML, like Gecko) Chrome/57.0.2987.133 Safari/537.36"
141.101.88.221 - - [05/Apr/2017:11:14:17 +0200] "GET /themes/theme_forichon/css/modules/blocktopmenu/css/superfish-modified.css HTTP/1.1" 200 2593 "https://shop.forichon.com/historique-commandes" "Mozilla/5.0 (Windows NT 6.2; Win64; x64) AppleWebKit/537.36 (KHTML, like Gecko) Chrome/57.0.2987.133 Safari/537.36"
141.101.69.28 - - [05/Apr/2017:11:14:17 +0200] "GET /themes/theme_forichon/js/history.js HTTP/1.1" 200 2066 "https://shop.forichon.com/historique-commandes" "Mozilla/5.0 (Windows NT 6.2; Win64; x64) AppleWebKit/537.36 (KHTML, like Gecko) Chrome/57.0.2987.133 Safari/537.36"
141.101.88.77 - - [05/Apr/2017:11:14:17 +0200] "GET /js/jquery/plugins/footable-sort/jquery.footable-sort.js HTTP/1.1" 200 2143 "https://shop.forichon.com/historique-commandes" "Mozilla/5.0 (Windows NT 6.2; Win64; x64) AppleWebKit/537.36 (KHTML, like Gecko) Chrome/57.0.2987.133 Safari/537.36"
108.162.229.41 - - [05/Apr/2017:11:14:20 +0200] "GET /mon-compte HTTP/1.1" 200 5898 "https://shop.forichon.com/historique-commandes" "Mozilla/5.0 (Windows NT 6.2; Win64; x64) AppleWebKit/537.36 (KHTML, like Gecko) Chrome/57.0.2987.133 Safari/537.36"
108.162.229.125 - - [05/Apr/2017:11:14:21 +0200] "GET /themes/theme_forichon/css/modules/blockcurrencies/blockcurrencies.css HTTP/1.1" 200 969 "https://shop.forichon.com/mon-compte" "Mozilla/5.0 (Windows NT 6.2; Win64; x64) AppleWebKit/537.36 (KHTML, like Gecko) Chrome/57.0.2987.133 Safari/537.36"
141.101.69.202 - - [05/Apr/2017:11:14:21 +0200] "GET /themes/theme_forichon/css/my-account.css HTTP/1.1" 200 778 "https://shop.forichon.com/mon-compte" "Mozilla/5.0 (Windows NT 6.2; Win64; x64) AppleWebKit/537.36 (KHTML, like Gecko) Chrome/57.0.2987.133 Safari/537.36"
141.101.88.143 - - [05/Apr/2017:11:14:21 +0200] "GET /themes/theme_forichon/css/autoload/uniform.default.css HTTP/1.1" 200 2700 "https://shop.forichon.com/mon-compte" "Mozilla/5.0 (Windows NT 6.2; Win64; x64) AppleWebKit/537.36 (KHTML, like Gecko) Chrome/57.0.2987.133 Safari/537.36"
108.162.229.209 - - [05/Apr/2017:11:14:21 +0200] "GET /themes/theme_forichon/css/modules/blockcart/blockcart.css HTTP/1.1" 200 3911 "https://shop.forichon.com/mon-compte" "Mozilla/5.0 (Windows NT 6.2; Win64; x64) AppleWebKit/537.36 (KHTML, like Gecko) Chrome/57.0.2987.133 Safari/537.36"
141.101.69.64 - - [05/Apr/2017:11:14:21 +0200] "GET /themes/theme_forichon/css/modules/blockcategories/blockcategories.css HTTP/1.1" 200 1132 "https://shop.forichon.com/mon-compte" "Mozilla/5.0 (Windows NT 6.2; Win64; x64) AppleWebKit/537.36 (KHTML, like Gecko) Chrome/57.0.2987.133 Safari/537.36"
108.162.229.29 - - [05/Apr/2017:11:14:21 +0200] "GET /themes/theme_forichon/css/global.css HTTP/1.1" 200 36585 "https://shop.forichon.com/mon-compte" "Mozilla/5.0 (Windows NT 6.2; Win64; x64) AppleWebKit/537.36 (KHTML, like Gecko) Chrome/57.0.2987.133 Safari/537.36"
108.162.229.215 - - [05/Apr/2017:11:14:21 +0200] "GET /themes/theme_forichon/css/modules/blockuserinfo/blockuserinfo.css HTTP/1.1" 200 627 "https://shop.forichon.com/mon-compte" "Mozilla/5.0 (Windows NT 6.2; Win64; x64) AppleWebKit/537.36 (KHTML, like Gecko) Chrome/57.0.2987.133 Safari/537.36"
141.101.69.100 - - [05/Apr/2017:11:14:21 +0200] "GET /themes/theme_forichon/css/modules/blocklanguages/blocklanguages.css HTTP/1.1" 200 951 "https://shop.forichon.com/mon-compte" "Mozilla/5.0 (Windows NT 6.2; Win64; x64) AppleWebKit/537.36 (KHTML, like Gecko) Chrome/57.0.2987.133 Safari/537.36"
108.162.229.209 - - [05/Apr/2017:11:14:21 +0200] "GET /themes/theme_forichon/css/modules/blockcontact/blockcontact.css HTTP/1.1" 200 912 "https://shop.forichon.com/mon-compte" "Mozilla/5.0 (Windows NT 6.2; Win64; x64) AppleWebKit/537.36 (KHTML, like Gecko) Chrome/57.0.2987.133 Safari/537.36"
141.101.88.221 - - [05/Apr/2017:11:14:21 +0200] "GET /themes/theme_forichon/css/modules/blocktopmenu/css/superfish-modified.css HTTP/1.1" 200 2593 "https://shop.forichon.com/mon-compte" "Mozilla/5.0 (Windows NT 6.2; Win64; x64) AppleWebKit/537.36 (KHTML, like Gecko) Chrome/57.0.2987.133 Safari/537.36"
108.162.229.17 - - [05/Apr/2017:11:14:21 +0200] "GET /themes/theme_forichon/css/modules/blocknewsletter/blocknewsletter.css HTTP/1.1" 200 1755 "https://shop.forichon.com/mon-compte" "Mozilla/5.0 (Windows NT 6.2; Win64; x64) AppleWebKit/537.36 (KHTML, like Gecko) Chrome/57.0.2987.133 Safari/537.36"
108.162.229.221 - - [05/Apr/2017:11:14:21 +0200] "GET /themes/theme_forichon/css/modules/blocksearch/blocksearch.css HTTP/1.1" 200 934 "https://shop.forichon.com/mon-compte" "Mozilla/5.0 (Windows NT 6.2; Win64; x64) AppleWebKit/537.36 (KHTML, like Gecko) Chrome/57.0.2987.133 Safari/537.36"
141.101.88.125 - - [05/Apr/2017:11:14:21 +0200] "GET /themes/theme_forichon/css/modules/blockviewed/blockviewed.css HTTP/1.1" 200 469 "https://shop.forichon.com/mon-compte" "Mozilla/5.0 (Windows NT 6.2; Win64; x64) AppleWebKit/537.36 (KHTML, like Gecko) Chrome/57.0.2987.133 Safari/537.36"
108.162.229.41 - - [05/Apr/2017:11:14:25 +0200] "GET /adresses HTTP/1.1" 200 6408 "https://shop.forichon.com/mon-compte" "Mozilla/5.0 (Windows NT 6.2; Win64; x64) AppleWebKit/537.36 (KHTML, like Gecko) Chrome/57.0.2987.133 Safari/537.36"
141.101.88.143 - - [05/Apr/2017:11:14:26 +0200] "GET /themes/theme_forichon/css/autoload/uniform.default.css HTTP/1.1" 200 2700 "https://shop.forichon.com/adresses" "Mozilla/5.0 (Windows NT 6.2; Win64; x64) AppleWebKit/537.36 (KHTML, like Gecko) Chrome/57.0.2987.133 Safari/537.36"
108.162.229.173 - - [05/Apr/2017:11:14:26 +0200] "GET /themes/theme_forichon/css/addresses.css HTTP/1.1" 200 578 "https://shop.forichon.com/adresses" "Mozilla/5.0 (Windows NT 6.2; Win64; x64) AppleWebKit/537.36 (KHTML, like Gecko) Chrome/57.0.2987.133 Safari/537.36"
141.101.69.100 - - [05/Apr/2017:11:14:26 +0200] "GET /themes/theme_forichon/css/modules/blocklanguages/blocklanguages.css HTTP/1.1" 200 951 "https://shop.forichon.com/adresses" "Mozilla/5.0 (Windows NT 6.2; Win64; x64) AppleWebKit/537.36 (KHTML, like Gecko) Chrome/57.0.2987.133 Safari/537.36"
108.162.229.209 - - [05/Apr/2017:11:14:26 +0200] "GET /themes/theme_forichon/css/modules/blockcart/blockcart.css HTTP/1.1" 200 3911 "https://shop.forichon.com/adresses" "Mozilla/5.0 (Windows NT 6.2; Win64; x64) AppleWebKit/537.36 (KHTML, like Gecko) Chrome/57.0.2987.133 Safari/537.36"
108.162.229.209 - - [05/Apr/2017:11:14:26 +0200] "GET /themes/theme_forichon/css/modules/blockcontact/blockcontact.css HTTP/1.1" 200 912 "https://shop.forichon.com/adresses" "Mozilla/5.0 (Windows NT 6.2; Win64; x64) AppleWebKit/537.36 (KHTML, like Gecko) Chrome/57.0.2987.133 Safari/537.36"
108.162.229.17 - - [05/Apr/2017:11:14:26 +0200] "GET /themes/theme_forichon/css/modules/blocknewsletter/blocknewsletter.css HTTP/1.1" 200 1755 "https://shop.forichon.com/adresses" "Mozilla/5.0 (Windows NT 6.2; Win64; x64) AppleWebKit/537.36 (KHTML, like Gecko) Chrome/57.0.2987.133 Safari/537.36"
108.162.229.221 - - [05/Apr/2017:11:14:26 +0200] "GET /themes/theme_forichon/css/modules/blocksearch/blocksearch.css HTTP/1.1" 200 934 "https://shop.forichon.com/adresses" "Mozilla/5.0 (Windows NT 6.2; Win64; x64) AppleWebKit/537.36 (KHTML, like Gecko) Chrome/57.0.2987.133 Safari/537.36"
108.162.229.125 - - [05/Apr/2017:11:14:26 +0200] "GET /themes/theme_forichon/css/modules/blockcurrencies/blockcurrencies.css HTTP/1.1" 200 970 "https://shop.forichon.com/adresses" "Mozilla/5.0 (Windows NT 6.2; Win64; x64) AppleWebKit/537.36 (KHTML, like Gecko) Chrome/57.0.2987.133 Safari/537.36"
108.162.229.215 - - [05/Apr/2017:11:14:26 +0200] "GET /themes/theme_forichon/css/modules/blockuserinfo/blockuserinfo.css HTTP/1.1" 200 628 "https://shop.forichon.com/adresses" "Mozilla/5.0 (Windows NT 6.2; Win64; x64) AppleWebKit/537.36 (KHTML, like Gecko) Chrome/57.0.2987.133 Safari/537.36"
141.101.88.191 - - [05/Apr/2017:11:14:26 +0200] "GET /themes/theme_forichon/js/addresses.js HTTP/1.1" 200 986 "https://shop.forichon.com/adresses" "Mozilla/5.0 (Windows NT 6.2; Win64; x64) AppleWebKit/537.36 (KHTML, like Gecko) Chrome/57.0.2987.133 Safari/537.36"
141.101.88.221 - - [05/Apr/2017:11:14:26 +0200] "GET /themes/theme_forichon/css/modules/blocktopmenu/css/superfish-modified.css HTTP/1.1" 200 2593 "https://shop.forichon.com/adresses" "Mozilla/5.0 (Windows NT 6.2; Win64; x64) AppleWebKit/537.36 (KHTML, like Gecko) Chrome/57.0.2987.133 Safari/537.36"
141.101.88.125 - - [05/Apr/2017:11:14:26 +0200] "GET /themes/theme_forichon/css/modules/blockviewed/blockviewed.css HTTP/1.1" 200 469 "https://shop.forichon.com/adresses" "Mozilla/5.0 (Windows NT 6.2; Win64; x64) AppleWebKit/537.36 (KHTML, like Gecko) Chrome/57.0.2987.133 Safari/537.36"
108.162.229.29 - - [05/Apr/2017:11:14:26 +0200] "GET /themes/theme_forichon/css/global.css HTTP/1.1" 200 36585 "https://shop.forichon.com/adresses" "Mozilla/5.0 (Windows NT 6.2; Win64; x64) AppleWebKit/537.36 (KHTML, like Gecko) Chrome/57.0.2987.133 Safari/537.36"
141.101.69.64 - - [05/Apr/2017:11:14:26 +0200] "GET /themes/theme_forichon/css/modules/blockcategories/blockcategories.css HTTP/1.1" 200 1132 "https://shop.forichon.com/adresses" "Mozilla/5.0 (Windows NT 6.2; Win64; x64) AppleWebKit/537.36 (KHTML, like Gecko) Chrome/57.0.2987.133 Safari/537.36"
108.162.229.41 - - [05/Apr/2017:11:14:30 +0200] "GET /mon-compte HTTP/1.1" 200 5896 "https://shop.forichon.com/adresses" "Mozilla/5.0 (Windows NT 6.2; Win64; x64) AppleWebKit/537.36 (KHTML, like Gecko) Chrome/57.0.2987.133 Safari/537.36"
141.101.88.143 - - [05/Apr/2017:11:14:31 +0200] "GET /themes/theme_forichon/css/autoload/uniform.default.css HTTP/1.1" 200 2700 "https://shop.forichon.com/mon-compte" "Mozilla/5.0 (Windows NT 6.2; Win64; x64) AppleWebKit/537.36 (KHTML, like Gecko) Chrome/57.0.2987.133 Safari/537.36"
141.101.69.202 - - [05/Apr/2017:11:14:31 +0200] "GET /themes/theme_forichon/css/my-account.css HTTP/1.1" 200 778 "https://shop.forichon.com/mon-compte" "Mozilla/5.0 (Windows NT 6.2; Win64; x64) AppleWebKit/537.36 (KHTML, like Gecko) Chrome/57.0.2987.133 Safari/537.36"
141.101.69.64 - - [05/Apr/2017:11:14:31 +0200] "GET /themes/theme_forichon/css/modules/blockcategories/blockcategories.css HTTP/1.1" 200 1131 "https://shop.forichon.com/mon-compte" "Mozilla/5.0 (Windows NT 6.2; Win64; x64) AppleWebKit/537.36 (KHTML, like Gecko) Chrome/57.0.2987.133 Safari/537.36"
141.101.69.100 - - [05/Apr/2017:11:14:31 +0200] "GET /themes/theme_forichon/css/modules/blocklanguages/blocklanguages.css HTTP/1.1" 200 950 "https://shop.forichon.com/mon-compte" "Mozilla/5.0 (Windows NT 6.2; Win64; x64) AppleWebKit/537.36 (KHTML, like Gecko) Chrome/57.0.2987.133 Safari/537.36"
108.162.229.221 - - [05/Apr/2017:11:14:31 +0200] "GET /themes/theme_forichon/css/modules/blocksearch/blocksearch.css HTTP/1.1" 200 933 "https://shop.forichon.com/mon-compte" "Mozilla/5.0 (Windows NT 6.2; Win64; x64) AppleWebKit/537.36 (KHTML, like Gecko) Chrome/57.0.2987.133 Safari/537.36"
141.101.88.125 - - [05/Apr/2017:11:14:31 +0200] "GET /themes/theme_forichon/css/modules/blockviewed/blockviewed.css HTTP/1.1" 200 468 "https://shop.forichon.com/mon-compte" "Mozilla/5.0 (Windows NT 6.2; Win64; x64) AppleWebKit/537.36 (KHTML, like Gecko) Chrome/57.0.2987.133 Safari/537.36"
108.162.229.125 - - [05/Apr/2017:11:14:31 +0200] "GET /themes/theme_forichon/css/modules/blockcurrencies/blockcurrencies.css HTTP/1.1" 200 970 "https://shop.forichon.com/mon-compte" "Mozilla/5.0 (Windows NT 6.2; Win64; x64) AppleWebKit/537.36 (KHTML, like Gecko) Chrome/57.0.2987.133 Safari/537.36"
108.162.229.17 - - [05/Apr/2017:11:14:31 +0200] "GET /themes/theme_forichon/css/modules/blocknewsletter/blocknewsletter.css HTTP/1.1" 200 1755 "https://shop.forichon.com/mon-compte" "Mozilla/5.0 (Windows NT 6.2; Win64; x64) AppleWebKit/537.36 (KHTML, like Gecko) Chrome/57.0.2987.133 Safari/537.36"
108.162.229.209 - - [05/Apr/2017:11:14:31 +0200] "GET /themes/theme_forichon/css/modules/blockcart/blockcart.css HTTP/1.1" 200 3911 "https://shop.forichon.com/mon-compte" "Mozilla/5.0 (Windows NT 6.2; Win64; x64) AppleWebKit/537.36 (KHTML, like Gecko) Chrome/57.0.2987.133 Safari/537.36"
108.162.229.29 - - [05/Apr/2017:11:14:31 +0200] "GET /themes/theme_forichon/css/global.css HTTP/1.1" 200 36585 "https://shop.forichon.com/mon-compte" "Mozilla/5.0 (Windows NT 6.2; Win64; x64) AppleWebKit/537.36 (KHTML, like Gecko) Chrome/57.0.2987.133 Safari/537.36"
108.162.229.209 - - [05/Apr/2017:11:14:31 +0200] "GET /themes/theme_forichon/css/modules/blockcontact/blockcontact.css HTTP/1.1" 200 912 "https://shop.forichon.com/mon-compte" "Mozilla/5.0 (Windows NT 6.2; Win64; x64) AppleWebKit/537.36 (KHTML, like Gecko) Chrome/57.0.2987.133 Safari/537.36"
108.162.229.215 - - [05/Apr/2017:11:14:31 +0200] "GET /themes/theme_forichon/css/modules/blockuserinfo/blockuserinfo.css HTTP/1.1" 200 628 "https://shop.forichon.com/mon-compte" "Mozilla/5.0 (Windows NT 6.2; Win64; x64) AppleWebKit/537.36 (KHTML, like Gecko) Chrome/57.0.2987.133 Safari/537.36"
141.101.88.221 - - [05/Apr/2017:11:14:31 +0200] "GET /themes/theme_forichon/css/modules/blocktopmenu/css/superfish-modified.css HTTP/1.1" 200 2593 "https://shop.forichon.com/mon-compte" "Mozilla/5.0 (Windows NT 6.2; Win64; x64) AppleWebKit/537.36 (KHTML, like Gecko) Chrome/57.0.2987.133 Safari/537.36"
108.162.229.41 - - [05/Apr/2017:11:14:45 +0200] "GET / HTTP/1.1" 200 7745 "https://shop.forichon.com/mon-compte" "Mozilla/5.0 (Windows NT 6.2; Win64; x64) AppleWebKit/537.36 (KHTML, like Gecko) Chrome/57.0.2987.133 Safari/537.36"
141.101.88.143 - - [05/Apr/2017:11:14:46 +0200] "GET /themes/theme_forichon/css/autoload/uniform.default.css HTTP/1.1" 200 2700 "https://shop.forichon.com/" "Mozilla/5.0 (Windows NT 6.2; Win64; x64) AppleWebKit/537.36 (KHTML, like Gecko) Chrome/57.0.2987.133 Safari/537.36"
141.101.69.148 - - [05/Apr/2017:11:14:46 +0200] "GET /themes/theme_forichon/css/product_list.css HTTP/1.1" 200 3613 "https://shop.forichon.com/" "Mozilla/5.0 (Windows NT 6.2; Win64; x64) AppleWebKit/537.36 (KHTML, like Gecko) Chrome/57.0.2987.133 Safari/537.36"
108.162.229.209 - - [05/Apr/2017:11:14:46 +0200] "GET /themes/theme_forichon/css/modules/blockcart/blockcart.css HTTP/1.1" 200 3911 "https://shop.forichon.com/" "Mozilla/5.0 (Windows NT 6.2; Win64; x64) AppleWebKit/537.36 (KHTML, like Gecko) Chrome/57.0.2987.133 Safari/537.36"
141.101.69.64 - - [05/Apr/2017:11:14:46 +0200] "GET /themes/theme_forichon/css/modules/blockcategories/blockcategories.css HTTP/1.1" 200 1132 "https://shop.forichon.com/" "Mozilla/5.0 (Windows NT 6.2; Win64; x64) AppleWebKit/537.36 (KHTML, like Gecko) Chrome/57.0.2987.133 Safari/537.36"
108.162.229.125 - - [05/Apr/2017:11:14:46 +0200] "GET /themes/theme_forichon/css/modules/blockcurrencies/blockcurrencies.css HTTP/1.1" 200 970 "https://shop.forichon.com/" "Mozilla/5.0 (Windows NT 6.2; Win64; x64) AppleWebKit/537.36 (KHTML, like Gecko) Chrome/57.0.2987.133 Safari/537.36"
108.162.229.29 - - [05/Apr/2017:11:14:46 +0200] "GET /themes/theme_forichon/css/global.css HTTP/1.1" 200 36585 "https://shop.forichon.com/" "Mozilla/5.0 (Windows NT 6.2; Win64; x64) AppleWebKit/537.36 (KHTML, like Gecko) Chrome/57.0.2987.133 Safari/537.36"
108.162.229.209 - - [05/Apr/2017:11:14:46 +0200] "GET /themes/theme_forichon/css/modules/blockcontact/blockcontact.css HTTP/1.1" 200 911 "https://shop.forichon.com/" "Mozilla/5.0 (Windows NT 6.2; Win64; x64) AppleWebKit/537.36 (KHTML, like Gecko) Chrome/57.0.2987.133 Safari/537.36"
141.101.69.100 - - [05/Apr/2017:11:14:46 +0200] "GET /themes/theme_forichon/css/modules/blocklanguages/blocklanguages.css HTTP/1.1" 200 951 "https://shop.forichon.com/" "Mozilla/5.0 (Windows NT 6.2; Win64; x64) AppleWebKit/537.36 (KHTML, like Gecko) Chrome/57.0.2987.133 Safari/537.36"
141.101.88.125 - - [05/Apr/2017:11:14:46 +0200] "GET /themes/theme_forichon/css/modules/blockviewed/blockviewed.css HTTP/1.1" 200 469 "https://shop.forichon.com/" "Mozilla/5.0 (Windows NT 6.2; Win64; x64) AppleWebKit/537.36 (KHTML, like Gecko) Chrome/57.0.2987.133 Safari/537.36"
108.162.229.17 - - [05/Apr/2017:11:14:46 +0200] "GET /themes/theme_forichon/css/modules/blocknewsletter/blocknewsletter.css HTTP/1.1" 200 1755 "https://shop.forichon.com/" "Mozilla/5.0 (Windows NT 6.2; Win64; x64) AppleWebKit/537.36 (KHTML, like Gecko) Chrome/57.0.2987.133 Safari/537.36"
141.101.88.221 - - [05/Apr/2017:11:14:46 +0200] "GET /themes/theme_forichon/css/modules/blocktopmenu/css/superfish-modified.css HTTP/1.1" 200 2593 "https://shop.forichon.com/" "Mozilla/5.0 (Windows NT 6.2; Win64; x64) AppleWebKit/537.36 (KHTML, like Gecko) Chrome/57.0.2987.133 Safari/537.36"
108.162.229.221 - - [05/Apr/2017:11:14:46 +0200] "GET /themes/theme_forichon/css/modules/blocksearch/blocksearch.css HTTP/1.1" 200 934 "https://shop.forichon.com/" "Mozilla/5.0 (Windows NT 6.2; Win64; x64) AppleWebKit/537.36 (KHTML, like Gecko) Chrome/57.0.2987.133 Safari/537.36"
141.101.69.10 - - [05/Apr/2017:11:14:46 +0200] "GET /themes/theme_forichon/css/modules/homeslider/homeslider.css HTTP/1.1" 200 1281 "https://shop.forichon.com/" "Mozilla/5.0 (Windows NT 6.2; Win64; x64) AppleWebKit/537.36 (KHTML, like Gecko) Chrome/57.0.2987.133 Safari/537.36"
108.162.229.215 - - [05/Apr/2017:11:14:46 +0200] "GET /themes/theme_forichon/css/modules/blockuserinfo/blockuserinfo.css HTTP/1.1" 200 628 "https://shop.forichon.com/" "Mozilla/5.0 (Windows NT 6.2; Win64; x64) AppleWebKit/537.36 (KHTML, like Gecko) Chrome/57.0.2987.133 Safari/537.36"
108.162.229.41 - - [05/Apr/2017:11:14:48 +0200] "GET / HTTP/1.1" 200 7745 "https://shop.forichon.com/" "Mozilla/5.0 (Windows NT 6.2; Win64; x64) AppleWebKit/537.36 (KHTML, like Gecko) Chrome/57.0.2987.133 Safari/537.36"
141.101.88.143 - - [05/Apr/2017:11:14:48 +0200] "GET /themes/theme_forichon/css/autoload/uniform.default.css HTTP/1.1" 200 2700 "https://shop.forichon.com/" "Mozilla/5.0 (Windows NT 6.2; Win64; x64) AppleWebKit/537.36 (KHTML, like Gecko) Chrome/57.0.2987.133 Safari/537.36"
108.162.229.29 - - [05/Apr/2017:11:14:48 +0200] "GET /themes/theme_forichon/css/global.css HTTP/1.1" 200 36584 "https://shop.forichon.com/" "Mozilla/5.0 (Windows NT 6.2; Win64; x64) AppleWebKit/537.36 (KHTML, like Gecko) Chrome/57.0.2987.133 Safari/537.36"
141.101.69.148 - - [05/Apr/2017:11:14:48 +0200] "GET /themes/theme_forichon/css/product_list.css HTTP/1.1" 200 3612 "https://shop.forichon.com/" "Mozilla/5.0 (Windows NT 6.2; Win64; x64) AppleWebKit/537.36 (KHTML, like Gecko) Chrome/57.0.2987.133 Safari/537.36"
141.101.69.100 - - [05/Apr/2017:11:14:48 +0200] "GET /themes/theme_forichon/css/modules/blocklanguages/blocklanguages.css HTTP/1.1" 200 950 "https://shop.forichon.com/" "Mozilla/5.0 (Windows NT 6.2; Win64; x64) AppleWebKit/537.36 (KHTML, like Gecko) Chrome/57.0.2987.133 Safari/537.36"
108.162.229.221 - - [05/Apr/2017:11:14:48 +0200] "GET /themes/theme_forichon/css/modules/blocksearch/blocksearch.css HTTP/1.1" 200 933 "https://shop.forichon.com/" "Mozilla/5.0 (Windows NT 6.2; Win64; x64) AppleWebKit/537.36 (KHTML, like Gecko) Chrome/57.0.2987.133 Safari/537.36"
141.101.69.64 - - [05/Apr/2017:11:14:48 +0200] "GET /themes/theme_forichon/css/modules/blockcategories/blockcategories.css HTTP/1.1" 200 1131 "https://shop.forichon.com/" "Mozilla/5.0 (Windows NT 6.2; Win64; x64) AppleWebKit/537.36 (KHTML, like Gecko) Chrome/57.0.2987.133 Safari/537.36"
108.162.229.125 - - [05/Apr/2017:11:14:48 +0200] "GET /themes/theme_forichon/css/modules/blockcurrencies/blockcurrencies.css HTTP/1.1" 200 970 "https://shop.forichon.com/" "Mozilla/5.0 (Windows NT 6.2; Win64; x64) AppleWebKit/537.36 (KHTML, like Gecko) Chrome/57.0.2987.133 Safari/537.36"
108.162.229.209 - - [05/Apr/2017:11:14:48 +0200] "GET /themes/theme_forichon/css/modules/blockcontact/blockcontact.css HTTP/1.1" 200 912 "https://shop.forichon.com/" "Mozilla/5.0 (Windows NT 6.2; Win64; x64) AppleWebKit/537.36 (KHTML, like Gecko) Chrome/57.0.2987.133 Safari/537.36"
108.162.229.17 - - [05/Apr/2017:11:14:48 +0200] "GET /themes/theme_forichon/css/modules/blocknewsletter/blocknewsletter.css HTTP/1.1" 200 1755 "https://shop.forichon.com/" "Mozilla/5.0 (Windows NT 6.2; Win64; x64) AppleWebKit/537.36 (KHTML, like Gecko) Chrome/57.0.2987.133 Safari/537.36"
108.162.229.215 - - [05/Apr/2017:11:14:48 +0200] "GET /themes/theme_forichon/css/modules/blockuserinfo/blockuserinfo.css HTTP/1.1" 200 628 "https://shop.forichon.com/" "Mozilla/5.0 (Windows NT 6.2; Win64; x64) AppleWebKit/537.36 (KHTML, like Gecko) Chrome/57.0.2987.133 Safari/537.36"
108.162.229.209 - - [05/Apr/2017:11:14:49 +0200] "GET /themes/theme_forichon/css/modules/blockcart/blockcart.css HTTP/1.1" 200 3911 "https://shop.forichon.com/" "Mozilla/5.0 (Windows NT 6.2; Win64; x64) AppleWebKit/537.36 (KHTML, like Gecko) Chrome/57.0.2987.133 Safari/537.36"
141.101.88.221 - - [05/Apr/2017:11:14:49 +0200] "GET /themes/theme_forichon/css/modules/blocktopmenu/css/superfish-modified.css HTTP/1.1" 200 2593 "https://shop.forichon.com/" "Mozilla/5.0 (Windows NT 6.2; Win64; x64) AppleWebKit/537.36 (KHTML, like Gecko) Chrome/57.0.2987.133 Safari/537.36"
141.101.88.125 - - [05/Apr/2017:11:14:50 +0200] "GET /themes/theme_forichon/css/modules/blockviewed/blockviewed.css HTTP/1.1" 200 469 "https://shop.forichon.com/" "Mozilla/5.0 (Windows NT 6.2; Win64; x64) AppleWebKit/537.36 (KHTML, like Gecko) Chrome/57.0.2987.133 Safari/537.36"
141.101.69.10 - - [05/Apr/2017:11:14:50 +0200] "GET /themes/theme_forichon/css/modules/homeslider/homeslider.css HTTP/1.1" 200 1281 "https://shop.forichon.com/" "Mozilla/5.0 (Windows NT 6.2; Win64; x64) AppleWebKit/537.36 (KHTML, like Gecko) Chrome/57.0.2987.133 Safari/537.36"
108.162.229.41 - - [05/Apr/2017:11:19:08 +0200] "GET / HTTP/1.1" 200 7745 "https://shop.forichon.com/" "Mozilla/5.0 (Windows NT 6.2; Win64; x64) AppleWebKit/537.36 (KHTML, like Gecko) Chrome/57.0.2987.133 Safari/537.36"
141.101.88.143 - - [05/Apr/2017:11:19:09 +0200] "GET /themes/theme_forichon/css/autoload/uniform.default.css HTTP/1.1" 200 2700 "https://shop.forichon.com/" "Mozilla/5.0 (Windows NT 6.2; Win64; x64) AppleWebKit/537.36 (KHTML, like Gecko) Chrome/57.0.2987.133 Safari/537.36"
141.101.69.148 - - [05/Apr/2017:11:19:09 +0200] "GET /themes/theme_forichon/css/product_list.css HTTP/1.1" 200 3613 "https://shop.forichon.com/" "Mozilla/5.0 (Windows NT 6.2; Win64; x64) AppleWebKit/537.36 (KHTML, like Gecko) Chrome/57.0.2987.133 Safari/537.36"
141.101.69.250 - - [05/Apr/2017:11:19:09 +0200] "GET /js/jquery/plugins/fancybox/jquery.fancybox.css HTTP/1.1" 200 1761 "https://shop.forichon.com/" "Mozilla/5.0 (Windows NT 6.2; Win64; x64) AppleWebKit/537.36 (KHTML, like Gecko) Chrome/57.0.2987.133 Safari/537.36"
108.162.229.125 - - [05/Apr/2017:11:19:09 +0200] "GET /themes/theme_forichon/css/modules/blockcurrencies/blockcurrencies.css HTTP/1.1" 200 970 "https://shop.forichon.com/" "Mozilla/5.0 (Windows NT 6.2; Win64; x64) AppleWebKit/537.36 (KHTML, like Gecko) Chrome/57.0.2987.133 Safari/537.36"
141.101.69.64 - - [05/Apr/2017:11:19:09 +0200] "GET /themes/theme_forichon/css/modules/blockcategories/blockcategories.css HTTP/1.1" 200 1132 "https://shop.forichon.com/" "Mozilla/5.0 (Windows NT 6.2; Win64; x64) AppleWebKit/537.36 (KHTML, like Gecko) Chrome/57.0.2987.133 Safari/537.36"
108.162.229.173 - - [05/Apr/2017:11:19:09 +0200] "GET /modules/blockmyaccountfooter/blockmyaccount.css HTTP/1.1" 200 712 "https://shop.forichon.com/" "Mozilla/5.0 (Windows NT 6.2; Win64; x64) AppleWebKit/537.36 (KHTML, like Gecko) Chrome/57.0.2987.133 Safari/537.36"
141.101.88.149 - - [05/Apr/2017:11:19:09 +0200] "GET /js/jquery/plugins/bxslider/jquery.bxslider.css HTTP/1.1" 200 1357 "https://shop.forichon.com/" "Mozilla/5.0 (Windows NT 6.2; Win64; x64) AppleWebKit/537.36 (KHTML, like Gecko) Chrome/57.0.2987.133 Safari/537.36"
108.162.229.209 - - [05/Apr/2017:11:19:09 +0200] "GET /themes/theme_forichon/css/modules/blockcart/blockcart.css HTTP/1.1" 200 3911 "https://shop.forichon.com/" "Mozilla/5.0 (Windows NT 6.2; Win64; x64) AppleWebKit/537.36 (KHTML, like Gecko) Chrome/57.0.2987.133 Safari/537.36"
108.162.229.197 - - [05/Apr/2017:11:19:09 +0200] "GET /js/jquery/plugins/autocomplete/jquery.autocomplete.css HTTP/1.1" 200 788 "https://shop.forichon.com/" "Mozilla/5.0 (Windows NT 6.2; Win64; x64) AppleWebKit/537.36 (KHTML, like Gecko) Chrome/57.0.2987.133 Safari/537.36"
108.162.229.29 - - [05/Apr/2017:11:19:09 +0200] "GET /themes/theme_forichon/css/global.css HTTP/1.1" 200 36585 "https://shop.forichon.com/" "Mozilla/5.0 (Windows NT 6.2; Win64; x64) AppleWebKit/537.36 (KHTML, like Gecko) Chrome/57.0.2987.133 Safari/537.36"
108.162.229.215 - - [05/Apr/2017:11:19:09 +0200] "GET /themes/theme_forichon/css/modules/blockuserinfo/blockuserinfo.css HTTP/1.1" 200 628 "https://shop.forichon.com/" "Mozilla/5.0 (Windows NT 6.2; Win64; x64) AppleWebKit/537.36 (KHTML, like Gecko) Chrome/57.0.2987.133 Safari/537.36"
108.162.229.221 - - [05/Apr/2017:11:19:09 +0200] "GET /themes/theme_forichon/css/modules/blocksearch/blocksearch.css HTTP/1.1" 200 934 "https://shop.forichon.com/" "Mozilla/5.0 (Windows NT 6.2; Win64; x64) AppleWebKit/537.36 (KHTML, like Gecko) Chrome/57.0.2987.133 Safari/537.36"
108.162.229.17 - - [05/Apr/2017:11:19:09 +0200] "GET /themes/theme_forichon/css/modules/blocknewsletter/blocknewsletter.css HTTP/1.1" 200 1755 "https://shop.forichon.com/" "Mozilla/5.0 (Windows NT 6.2; Win64; x64) AppleWebKit/537.36 (KHTML, like Gecko) Chrome/57.0.2987.133 Safari/537.36"
108.162.229.167 - - [05/Apr/2017:11:19:09 +0200] "GET /modules/blocktags/blocktags.css HTTP/1.1" 200 600 "https://shop.forichon.com/" "Mozilla/5.0 (Windows NT 6.2; Win64; x64) AppleWebKit/537.36 (KHTML, like Gecko) Chrome/57.0.2987.133 Safari/537.36"
141.101.69.118 - - [05/Apr/2017:11:19:09 +0200] "GET /modules/themeconfigurator/css/hooks.css HTTP/1.1" 200 724 "https://shop.forichon.com/" "Mozilla/5.0 (Windows NT 6.2; Win64; x64) AppleWebKit/537.36 (KHTML, like Gecko) Chrome/57.0.2987.133 Safari/537.36"
141.101.88.221 - - [05/Apr/2017:11:19:09 +0200] "GET /themes/theme_forichon/css/modules/blocktopmenu/css/superfish-modified.css HTTP/1.1" 200 2593 "https://shop.forichon.com/" "Mozilla/5.0 (Windows NT 6.2; Win64; x64) AppleWebKit/537.36 (KHTML, like Gecko) Chrome/57.0.2987.133 Safari/537.36"
108.162.229.53 - - [05/Apr/2017:11:19:10 +0200] "GET /js/jquery/jquery-1.11.0.min.js HTTP/1.1" 200 33723 "https://shop.forichon.com/" "Mozilla/5.0 (Windows NT 6.2; Win64; x64) AppleWebKit/537.36 (KHTML, like Gecko) Chrome/57.0.2987.133 Safari/537.36"
141.101.88.5 - - [05/Apr/2017:11:19:10 +0200] "GET /js/jquery/plugins/jquery.easing.js HTTP/1.1" 200 1514 "https://shop.forichon.com/" "Mozilla/5.0 (Windows NT 6.2; Win64; x64) AppleWebKit/537.36 (KHTML, like Gecko) Chrome/57.0.2987.133 Safari/537.36"
141.101.69.166 - - [05/Apr/2017:11:19:10 +0200] "GET /modules/blockfacebook/css/blockfacebook.css HTTP/1.1" 200 336 "https://shop.forichon.com/" "Mozilla/5.0 (Windows NT 6.2; Win64; x64) AppleWebKit/537.36 (KHTML, like Gecko) Chrome/57.0.2987.133 Safari/537.36"
141.101.69.214 - - [05/Apr/2017:11:19:10 +0200] "GET /js/jquery/jquery-migrate-1.2.1.min.js HTTP/1.1" 200 3415 "https://shop.forichon.com/" "Mozilla/5.0 (Windows NT 6.2; Win64; x64) AppleWebKit/537.36 (KHTML, like Gecko) Chrome/57.0.2987.133 Safari/537.36"
141.101.69.10 - - [05/Apr/2017:11:19:10 +0200] "GET /themes/theme_forichon/css/modules/homeslider/homeslider.css HTTP/1.1" 200 1281 "https://shop.forichon.com/" "Mozilla/5.0 (Windows NT 6.2; Win64; x64) AppleWebKit/537.36 (KHTML, like Gecko) Chrome/57.0.2987.133 Safari/537.36"
141.101.88.155 - - [05/Apr/2017:11:19:10 +0200] "GET /js/jquery/plugins/fancybox/jquery.fancybox.js HTTP/1.1" 200 8986 "https://shop.forichon.com/" "Mozilla/5.0 (Windows NT 6.2; Win64; x64) AppleWebKit/537.36 (KHTML, like Gecko) Chrome/57.0.2987.133 Safari/537.36"
141.101.88.89 - - [05/Apr/2017:11:19:10 +0200] "GET /js/jquery/plugins/jquery.serialScroll.js HTTP/1.1" 200 1396 "https://shop.forichon.com/" "Mozilla/5.0 (Windows NT 6.2; Win64; x64) AppleWebKit/537.36 (KHTML, like Gecko) Chrome/57.0.2987.133 Safari/537.36"
141.101.88.197 - - [05/Apr/2017:11:19:10 +0200] "GET /themes/theme_forichon/js/autoload/15-jquery.total-storage.min.js HTTP/1.1" 200 1389 "https://shop.forichon.com/" "Mozilla/5.0 (Windows NT 6.2; Win64; x64) AppleWebKit/537.36 (KHTML, like Gecko) Chrome/57.0.2987.133 Safari/537.36"
108.162.229.209 - - [05/Apr/2017:11:19:10 +0200] "GET /themes/theme_forichon/css/modules/blockcontact/blockcontact.css HTTP/1.1" 200 912 "https://shop.forichon.com/" "Mozilla/5.0 (Windows NT 6.2; Win64; x64) AppleWebKit/537.36 (KHTML, like Gecko) Chrome/57.0.2987.133 Safari/537.36"
108.162.229.179 - - [05/Apr/2017:11:19:10 +0200] "GET /themes/theme_forichon/js/global.js HTTP/1.1" 200 4435 "https://shop.forichon.com/" "Mozilla/5.0 (Windows NT 6.2; Win64; x64) AppleWebKit/537.36 (KHTML, like Gecko) Chrome/57.0.2987.133 Safari/537.36"
108.162.229.233 - - [05/Apr/2017:11:19:10 +0200] "GET /js/jquery/plugins/bxslider/jquery.bxslider.js HTTP/1.1" 200 5515 "https://shop.forichon.com/" "Mozilla/5.0 (Windows NT 6.2; Win64; x64) AppleWebKit/537.36 (KHTML, like Gecko) Chrome/57.0.2987.133 Safari/537.36"
141.101.69.40 - - [05/Apr/2017:11:19:10 +0200] "GET /themes/theme_forichon/js/autoload/10-bootstrap.min.js HTTP/1.1" 200 7583 "https://shop.forichon.com/" "Mozilla/5.0 (Windows NT 6.2; Win64; x64) AppleWebKit/537.36 (KHTML, like Gecko) Chrome/57.0.2987.133 Safari/537.36"
141.101.88.5 - - [05/Apr/2017:11:19:10 +0200] "GET /themes/theme_forichon/js/modules/blocksearch/blocksearch.js HTTP/1.1" 200 1851 "https://shop.forichon.com/" "Mozilla/5.0 (Windows NT 6.2; Win64; x64) AppleWebKit/537.36 (KHTML, like Gecko) Chrome/57.0.2987.133 Safari/537.36"
108.162.229.173 - - [05/Apr/2017:11:19:10 +0200] "GET /themes/theme_forichon/js/modules/blockcart/ajax-cart.js HTTP/1.1" 200 8296 "https://shop.forichon.com/" "Mozilla/5.0 (Windows NT 6.2; Win64; x64) AppleWebKit/537.36 (KHTML, like Gecko) Chrome/57.0.2987.133 Safari/537.36"
108.162.229.161 - - [05/Apr/2017:11:19:10 +0200] "GET /modules/blockfacebook/blockfacebook.js HTTP/1.1" 200 1096 "https://shop.forichon.com/" "Mozilla/5.0 (Windows NT 6.2; Win64; x64) AppleWebKit/537.36 (KHTML, like Gecko) Chrome/57.0.2987.133 Safari/537.36"
141.101.88.143 - - [05/Apr/2017:11:19:10 +0200] "GET /themes/theme_forichon/js/modules/blocknewsletter/blocknewsletter.js HTTP/1.1" 200 1195 "https://shop.forichon.com/" "Mozilla/5.0 (Windows NT 6.2; Win64; x64) AppleWebKit/537.36 (KHTML, like Gecko) Chrome/57.0.2987.133 Safari/537.36"
108.162.229.227 - - [05/Apr/2017:11:19:10 +0200] "GET /themes/theme_forichon/js/modules/blocktopmenu/js/blocktopmenu.js HTTP/1.1" 200 1873 "https://shop.forichon.com/" "Mozilla/5.0 (Windows NT 6.2; Win64; x64) AppleWebKit/537.36 (KHTML, like Gecko) Chrome/57.0.2987.133 Safari/537.36"
141.101.88.179 - - [05/Apr/2017:11:19:10 +0200] "GET /js/jquery/plugins/autocomplete/jquery.autocomplete.js HTTP/1.1" 200 6812 "https://shop.forichon.com/" "Mozilla/5.0 (Windows NT 6.2; Win64; x64) AppleWebKit/537.36 (KHTML, like Gecko) Chrome/57.0.2987.133 Safari/537.36"
108.162.229.113 - - [05/Apr/2017:11:19:10 +0200] "GET /themes/theme_forichon/js/modules/homeslider/js/homeslider.js HTTP/1.1" 200 1261 "https://shop.forichon.com/" "Mozilla/5.0 (Windows NT 6.2; Win64; x64) AppleWebKit/537.36 (KHTML, like Gecko) Chrome/57.0.2987.133 Safari/537.36"
141.101.88.41 - - [05/Apr/2017:11:19:10 +0200] "GET /themes/theme_forichon/js/modules/blocktopmenu/js/hoverIntent.js HTTP/1.1" 200 1970 "https://shop.forichon.com/" "Mozilla/5.0 (Windows NT 6.2; Win64; x64) AppleWebKit/537.36 (KHTML, like Gecko) Chrome/57.0.2987.133 Safari/537.36"
108.162.229.47 - - [05/Apr/2017:11:19:10 +0200] "GET /themes/theme_forichon/js/index.js HTTP/1.1" 200 963 "https://shop.forichon.com/" "Mozilla/5.0 (Windows NT 6.2; Win64; x64) AppleWebKit/537.36 (KHTML, like Gecko) Chrome/57.0.2987.133 Safari/537.36"
108.162.229.95 - - [05/Apr/2017:11:19:10 +0200] "GET /js/jquery/plugins/jquery.scrollTo.js HTTP/1.1" 200 1698 "https://shop.forichon.com/" "Mozilla/5.0 (Windows NT 6.2; Win64; x64) AppleWebKit/537.36 (KHTML, like Gecko) Chrome/57.0.2987.133 Safari/537.36"
141.101.88.203 - - [05/Apr/2017:11:19:10 +0200] "GET /themes/theme_forichon/js/tools/treeManagement.js HTTP/1.1" 200 1484 "https://shop.forichon.com/" "Mozilla/5.0 (Windows NT 6.2; Win64; x64) AppleWebKit/537.36 (KHTML, like Gecko) Chrome/57.0.2987.133 Safari/537.36"
108.162.229.137 - - [05/Apr/2017:11:19:10 +0200] "GET /themes/theme_forichon/js/modules/blocktopmenu/js/superfish-modified.js HTTP/1.1" 200 2650 "https://shop.forichon.com/" "Mozilla/5.0 (Windows NT 6.2; Win64; x64) AppleWebKit/537.36 (KHTML, like Gecko) Chrome/57.0.2987.133 Safari/537.36"
141.101.88.125 - - [05/Apr/2017:11:19:10 +0200] "GET /themes/theme_forichon/css/modules/blockviewed/blockviewed.css HTTP/1.1" 200 469 "https://shop.forichon.com/" "Mozilla/5.0 (Windows NT 6.2; Win64; x64) AppleWebKit/537.36 (KHTML, like Gecko) Chrome/57.0.2987.133 Safari/537.36"
141.101.88.35 - - [05/Apr/2017:11:19:10 +0200] "GET /themes/theme_forichon/js/autoload/15-jquery.uniform-modified.js HTTP/1.1" 200 8253 "https://shop.forichon.com/" "Mozilla/5.0 (Windows NT 6.2; Win64; x64) AppleWebKit/537.36 (KHTML, like Gecko) Chrome/57.0.2987.133 Safari/537.36"
141.101.69.64 - - [05/Apr/2017:11:19:10 +0200] "GET /js/tools.js HTTP/1.1" 200 6610 "https://shop.forichon.com/" "Mozilla/5.0 (Windows NT 6.2; Win64; x64) AppleWebKit/537.36 (KHTML, like Gecko) Chrome/57.0.2987.133 Safari/537.36"
141.101.69.100 - - [05/Apr/2017:11:19:10 +0200] "GET /themes/theme_forichon/css/modules/blocklanguages/blocklanguages.css HTTP/1.1" 200 951 "https://shop.forichon.com/" "Mozilla/5.0 (Windows NT 6.2; Win64; x64) AppleWebKit/537.36 (KHTML, like Gecko) Chrome/57.0.2987.133 Safari/537.36"
108.162.229.143 - - [05/Apr/2017:11:19:10 +0200] "GET /img/shop-forichon-logo-14907135143.jpg HTTP/1.1" 200 8458 "https://shop.forichon.com/" "Mozilla/5.0 (Windows NT 6.2; Win64; x64) AppleWebKit/537.36 (KHTML, like Gecko) Chrome/57.0.2987.133 Safari/537.36"
141.101.69.94 - - [05/Apr/2017:11:19:10 +0200] "GET /img/p/fr-default-cart_default.jpg HTTP/1.1" 200 2580 "https://shop.forichon.com/" "Mozilla/5.0 (Windows NT 6.2; Win64; x64) AppleWebKit/537.36 (KHTML, like Gecko) Chrome/57.0.2987.133 Safari/537.36"
108.162.229.173 - - [05/Apr/2017:11:19:10 +0200] "GET /modules/themeconfigurator/img/83928e65f7e6eebb1d3b6861d8b490ae1d265e66_baspageforichon01.jpg HTTP/1.1" 200 8591 "https://shop.forichon.com/" "Mozilla/5.0 (Windows NT 6.2; Win64; x64) AppleWebKit/537.36 (KHTML, like Gecko) Chrome/57.0.2987.133 Safari/537.36"
141.101.69.64 - - [05/Apr/2017:11:19:10 +0200] "GET /modules/themeconfigurator/img/78745d1750095f5e08c0cd1638cb2d6d37e8e7ee_baspageforichon03.jpg HTTP/1.1" 200 10713 "https://shop.forichon.com/" "Mozilla/5.0 (Windows NT 6.2; Win64; x64) AppleWebKit/537.36 (KHTML, like Gecko) Chrome/57.0.2987.133 Safari/537.36"
141.101.88.83 - - [05/Apr/2017:11:19:10 +0200] "GET /modules/themeconfigurator/img/5be83511de69dbebc55240d63f4137e19ad9d2bf_baspageforichon02.jpg HTTP/1.1" 200 8415 "https://shop.forichon.com/" "Mozilla/5.0 (Windows NT 6.2; Win64; x64) AppleWebKit/537.36 (KHTML, like Gecko) Chrome/57.0.2987.133 Safari/537.36"
141.101.88.41 - - [05/Apr/2017:11:19:10 +0200] "GET /themes/theme_forichon/fonts/fontawesome-webfont.woff2?v=4.3.0 HTTP/1.1" 200 57054 "https://shop.forichon.com/themes/theme_forichon/css/global.css" "Mozilla/5.0 (Windows NT 6.2; Win64; x64) AppleWebKit/537.36 (KHTML, like Gecko) Chrome/57.0.2987.133 Safari/537.36"
108.162.229.215 - - [05/Apr/2017:11:19:10 +0200] "GET /js/jquery/plugins/bxslider/images/bx_loader.gif HTTP/1.1" 200 8867 "https://shop.forichon.com/js/jquery/plugins/bxslider/jquery.bxslider.css" "Mozilla/5.0 (Windows NT 6.2; Win64; x64) AppleWebKit/537.36 (KHTML, like Gecko) Chrome/57.0.2987.133 Safari/537.36"
108.162.229.173 - - [05/Apr/2017:11:19:11 +0200] "GET /img/p/fr-default-home_default.jpg HTTP/1.1" 200 8484 "https://shop.forichon.com/" "Mozilla/5.0 (Windows NT 6.2; Win64; x64) AppleWebKit/537.36 (KHTML, like Gecko) Chrome/57.0.2987.133 Safari/537.36"
141.101.69.238 - - [05/Apr/2017:11:19:11 +0200] "GET /modules/homeslider/images/7ad8b97f5be74a110669cd81471a972576514b73_f98ef212ac4820542f8f1724a80ba4e1accf6139_Image-Caroussel_LARGE2.jpg HTTP/1.1" 200 154725 "https://shop.forichon.com/" "Mozilla/5.0 (Windows NT 6.2; Win64; x64) AppleWebKit/537.36 (KHTML, like Gecko) Chrome/57.0.2987.133 Safari/537.36"
141.101.69.142 - - [09/Apr/2017:09:05:29 +0200] "GET / HTTP/1.1" 302 227 "-" "Mozilla/5.0 (iPad; CPU OS 10_2_1 like Mac OS X) AppleWebKit/602.4.6 (KHTML, like Gecko) Version/10.0 Mobile/14D27 Safari/602.1"
141.101.88.59 - - [13/Apr/2017:10:25:11 +0200] "GET / HTTP/1.1" 200 7279 "-" "Mozilla/5.0 (Macintosh; Intel Mac OS X 10_12_0) AppleWebKit/537.36 (KHTML, like Gecko) Chrome/57.0.2987.133 Safari/537.36"
141.101.88.143 - - [13/Apr/2017:10:25:13 +0200] "GET /themes/theme_forichon/css/autoload/uniform.default.css HTTP/1.1" 200 2700 "https://shop.forichon.com/" "Mozilla/5.0 (Macintosh; Intel Mac OS X 10_12_0) AppleWebKit/537.36 (KHTML, like Gecko) Chrome/57.0.2987.133 Safari/537.36"
141.101.69.148 - - [13/Apr/2017:10:25:13 +0200] "GET /themes/theme_forichon/css/product_list.css HTTP/1.1" 200 3613 "https://shop.forichon.com/" "Mozilla/5.0 (Macintosh; Intel Mac OS X 10_12_0) AppleWebKit/537.36 (KHTML, like Gecko) Chrome/57.0.2987.133 Safari/537.36"
141.101.69.250 - - [13/Apr/2017:10:25:13 +0200] "GET /js/jquery/plugins/fancybox/jquery.fancybox.css HTTP/1.1" 200 1761 "https://shop.forichon.com/" "Mozilla/5.0 (Macintosh; Intel Mac OS X 10_12_0) AppleWebKit/537.36 (KHTML, like Gecko) Chrome/57.0.2987.133 Safari/537.36"
108.162.229.209 - - [13/Apr/2017:10:25:13 +0200] "GET /themes/theme_forichon/css/modules/blockcart/blockcart.css HTTP/1.1" 200 3911 "https://shop.forichon.com/" "Mozilla/5.0 (Macintosh; Intel Mac OS X 10_12_0) AppleWebKit/537.36 (KHTML, like Gecko) Chrome/57.0.2987.133 Safari/537.36"
141.101.69.64 - - [13/Apr/2017:10:25:13 +0200] "GET /themes/theme_forichon/css/modules/blockcategories/blockcategories.css HTTP/1.1" 200 1132 "https://shop.forichon.com/" "Mozilla/5.0 (Macintosh; Intel Mac OS X 10_12_0) AppleWebKit/537.36 (KHTML, like Gecko) Chrome/57.0.2987.133 Safari/537.36"
108.162.229.125 - - [13/Apr/2017:10:25:13 +0200] "GET /themes/theme_forichon/css/modules/blockcurrencies/blockcurrencies.css HTTP/1.1" 200 970 "https://shop.forichon.com/" "Mozilla/5.0 (Macintosh; Intel Mac OS X 10_12_0) AppleWebKit/537.36 (KHTML, like Gecko) Chrome/57.0.2987.133 Safari/537.36"
141.101.88.149 - - [13/Apr/2017:10:25:14 +0200] "GET /js/jquery/plugins/bxslider/jquery.bxslider.css HTTP/1.1" 200 1357 "https://shop.forichon.com/" "Mozilla/5.0 (Macintosh; Intel Mac OS X 10_12_0) AppleWebKit/537.36 (KHTML, like Gecko) Chrome/57.0.2987.133 Safari/537.36"
141.101.69.166 - - [13/Apr/2017:10:25:14 +0200] "GET /modules/blockfacebook/css/blockfacebook.css HTTP/1.1" 200 336 "https://shop.forichon.com/" "Mozilla/5.0 (Macintosh; Intel Mac OS X 10_12_0) AppleWebKit/537.36 (KHTML, like Gecko) Chrome/57.0.2987.133 Safari/537.36"
141.101.69.100 - - [13/Apr/2017:10:25:15 +0200] "GET /themes/theme_forichon/css/modules/blocklanguages/blocklanguages.css HTTP/1.1" 200 951 "https://shop.forichon.com/" "Mozilla/5.0 (Macintosh; Intel Mac OS X 10_12_0) AppleWebKit/537.36 (KHTML, like Gecko) Chrome/57.0.2987.133 Safari/537.36"
108.162.229.209 - - [13/Apr/2017:10:25:15 +0200] "GET /themes/theme_forichon/css/modules/blockcontact/blockcontact.css HTTP/1.1" 200 912 "https://shop.forichon.com/" "Mozilla/5.0 (Macintosh; Intel Mac OS X 10_12_0) AppleWebKit/537.36 (KHTML, like Gecko) Chrome/57.0.2987.133 Safari/537.36"
108.162.229.173 - - [13/Apr/2017:10:25:15 +0200] "GET /modules/blockmyaccountfooter/blockmyaccount.css HTTP/1.1" 200 712 "https://shop.forichon.com/" "Mozilla/5.0 (Macintosh; Intel Mac OS X 10_12_0) AppleWebKit/537.36 (KHTML, like Gecko) Chrome/57.0.2987.133 Safari/537.36"
108.162.229.29 - - [13/Apr/2017:10:25:15 +0200] "GET /themes/theme_forichon/css/global.css HTTP/1.1" 200 36585 "https://shop.forichon.com/" "Mozilla/5.0 (Macintosh; Intel Mac OS X 10_12_0) AppleWebKit/537.36 (KHTML, like Gecko) Chrome/57.0.2987.133 Safari/537.36"
108.162.229.221 - - [13/Apr/2017:10:25:16 +0200] "GET /themes/theme_forichon/css/modules/blocksearch/blocksearch.css HTTP/1.1" 200 934 "https://shop.forichon.com/" "Mozilla/5.0 (Macintosh; Intel Mac OS X 10_12_0) AppleWebKit/537.36 (KHTML, like Gecko) Chrome/57.0.2987.133 Safari/537.36"
108.162.229.17 - - [13/Apr/2017:10:25:16 +0200] "GET /themes/theme_forichon/css/modules/blocknewsletter/blocknewsletter.css HTTP/1.1" 200 1755 "https://shop.forichon.com/" "Mozilla/5.0 (Macintosh; Intel Mac OS X 10_12_0) AppleWebKit/537.36 (KHTML, like Gecko) Chrome/57.0.2987.133 Safari/537.36"
108.162.229.197 - - [13/Apr/2017:10:25:16 +0200] "GET /js/jquery/plugins/autocomplete/jquery.autocomplete.css HTTP/1.1" 200 788 "https://shop.forichon.com/" "Mozilla/5.0 (Macintosh; Intel Mac OS X 10_12_0) AppleWebKit/537.36 (KHTML, like Gecko) Chrome/57.0.2987.133 Safari/537.36"
108.162.229.167 - - [13/Apr/2017:10:25:16 +0200] "GET /modules/blocktags/blocktags.css HTTP/1.1" 200 600 "https://shop.forichon.com/" "Mozilla/5.0 (Macintosh; Intel Mac OS X 10_12_0) AppleWebKit/537.36 (KHTML, like Gecko) Chrome/57.0.2987.133 Safari/537.36"
141.101.88.221 - - [13/Apr/2017:10:25:16 +0200] "GET /themes/theme_forichon/css/modules/blocktopmenu/css/superfish-modified.css HTTP/1.1" 200 2593 "https://shop.forichon.com/" "Mozilla/5.0 (Macintosh; Intel Mac OS X 10_12_0) AppleWebKit/537.36 (KHTML, like Gecko) Chrome/57.0.2987.133 Safari/537.36"
108.162.229.215 - - [13/Apr/2017:10:25:16 +0200] "GET /themes/theme_forichon/css/modules/blockuserinfo/blockuserinfo.css HTTP/1.1" 200 628 "https://shop.forichon.com/" "Mozilla/5.0 (Macintosh; Intel Mac OS X 10_12_0) AppleWebKit/537.36 (KHTML, like Gecko) Chrome/57.0.2987.133 Safari/537.36"
141.101.69.10 - - [13/Apr/2017:10:25:16 +0200] "GET /themes/theme_forichon/css/modules/homeslider/homeslider.css HTTP/1.1" 200 1281 "https://shop.forichon.com/" "Mozilla/5.0 (Macintosh; Intel Mac OS X 10_12_0) AppleWebKit/537.36 (KHTML, like Gecko) Chrome/57.0.2987.133 Safari/537.36"
141.101.69.118 - - [13/Apr/2017:10:25:16 +0200] "GET /modules/themeconfigurator/css/hooks.css HTTP/1.1" 200 724 "https://shop.forichon.com/" "Mozilla/5.0 (Macintosh; Intel Mac OS X 10_12_0) AppleWebKit/537.36 (KHTML, like Gecko) Chrome/57.0.2987.133 Safari/537.36"
108.162.229.107 - - [13/Apr/2017:10:25:17 +0200] "GET /modules/popnewsletter/views/css/sweetalert.css HTTP/1.1" 200 3390 "https://shop.forichon.com/" "Mozilla/5.0 (Macintosh; Intel Mac OS X 10_12_0) AppleWebKit/537.36 (KHTML, like Gecko) Chrome/57.0.2987.133 Safari/537.36"
108.162.229.221 - - [13/Apr/2017:10:25:17 +0200] "GET /modules/popnewsletter/views/css/shadowbox/shadowbox.css HTTP/1.1" 200 1087 "https://shop.forichon.com/" "Mozilla/5.0 (Macintosh; Intel Mac OS X 10_12_0) AppleWebKit/537.36 (KHTML, like Gecko) Chrome/57.0.2987.133 Safari/537.36"
141.101.69.208 - - [13/Apr/2017:10:25:17 +0200] "GET /modules/popnewsletter/views/css/front.css HTTP/1.1" 200 634 "https://shop.forichon.com/" "Mozilla/5.0 (Macintosh; Intel Mac OS X 10_12_0) AppleWebKit/537.36 (KHTML, like Gecko) Chrome/57.0.2987.133 Safari/537.36"
141.101.69.142 - - [13/Apr/2017:10:25:17 +0200] "GET /modules/newsletterpro/views/css/1.6/newsletterpro_front.css HTTP/1.1" 200 1376 "https://shop.forichon.com/" "Mozilla/5.0 (Macintosh; Intel Mac OS X 10_12_0) AppleWebKit/537.36 (KHTML, like Gecko) Chrome/57.0.2987.133 Safari/537.36"
141.101.88.17 - - [13/Apr/2017:10:25:17 +0200] "GET /modules/newsletterpro/views/css/newsletterpro_cross.css HTTP/1.1" 200 730 "https://shop.forichon.com/" "Mozilla/5.0 (Macintosh; Intel Mac OS X 10_12_0) AppleWebKit/537.36 (KHTML, like Gecko) Chrome/57.0.2987.133 Safari/537.36"
141.101.88.125 - - [13/Apr/2017:10:25:17 +0200] "GET /themes/theme_forichon/css/modules/blockviewed/blockviewed.css HTTP/1.1" 200 469 "https://shop.forichon.com/" "Mozilla/5.0 (Macintosh; Intel Mac OS X 10_12_0) AppleWebKit/537.36 (KHTML, like Gecko) Chrome/57.0.2987.133 Safari/537.36"
141.101.69.214 - - [13/Apr/2017:10:25:17 +0200] "GET /js/jquery/jquery-migrate-1.2.1.min.js HTTP/1.1" 200 3415 "https://shop.forichon.com/" "Mozilla/5.0 (Macintosh; Intel Mac OS X 10_12_0) AppleWebKit/537.36 (KHTML, like Gecko) Chrome/57.0.2987.133 Safari/537.36"
141.101.88.5 - - [13/Apr/2017:10:25:17 +0200] "GET /js/jquery/plugins/jquery.easing.js HTTP/1.1" 200 1514 "https://shop.forichon.com/" "Mozilla/5.0 (Macintosh; Intel Mac OS X 10_12_0) AppleWebKit/537.36 (KHTML, like Gecko) Chrome/57.0.2987.133 Safari/537.36"
141.101.69.64 - - [13/Apr/2017:10:25:17 +0200] "GET /js/tools.js HTTP/1.1" 200 6610 "https://shop.forichon.com/" "Mozilla/5.0 (Macintosh; Intel Mac OS X 10_12_0) AppleWebKit/537.36 (KHTML, like Gecko) Chrome/57.0.2987.133 Safari/537.36"
108.162.229.179 - - [13/Apr/2017:10:25:17 +0200] "GET /themes/theme_forichon/js/global.js HTTP/1.1" 200 4435 "https://shop.forichon.com/" "Mozilla/5.0 (Macintosh; Intel Mac OS X 10_12_0) AppleWebKit/537.36 (KHTML, like Gecko) Chrome/57.0.2987.133 Safari/537.36"
141.101.88.197 - - [13/Apr/2017:10:25:17 +0200] "GET /themes/theme_forichon/js/autoload/15-jquery.total-storage.min.js HTTP/1.1" 200 1389 "https://shop.forichon.com/" "Mozilla/5.0 (Macintosh; Intel Mac OS X 10_12_0) AppleWebKit/537.36 (KHTML, like Gecko) Chrome/57.0.2987.133 Safari/537.36"
141.101.69.40 - - [13/Apr/2017:10:25:17 +0200] "GET /themes/theme_forichon/js/autoload/10-bootstrap.min.js HTTP/1.1" 200 7583 "https://shop.forichon.com/" "Mozilla/5.0 (Macintosh; Intel Mac OS X 10_12_0) AppleWebKit/537.36 (KHTML, like Gecko) Chrome/57.0.2987.133 Safari/537.36"
108.162.229.53 - - [13/Apr/2017:10:25:17 +0200] "GET /js/jquery/jquery-1.11.0.min.js HTTP/1.1" 200 33723 "https://shop.forichon.com/" "Mozilla/5.0 (Macintosh; Intel Mac OS X 10_12_0) AppleWebKit/537.36 (KHTML, like Gecko) Chrome/57.0.2987.133 Safari/537.36"
141.101.88.35 - - [13/Apr/2017:10:25:17 +0200] "GET /themes/theme_forichon/js/autoload/15-jquery.uniform-modified.js HTTP/1.1" 200 8253 "https://shop.forichon.com/" "Mozilla/5.0 (Macintosh; Intel Mac OS X 10_12_0) AppleWebKit/537.36 (KHTML, like Gecko) Chrome/57.0.2987.133 Safari/537.36"
141.101.88.155 - - [13/Apr/2017:10:25:17 +0200] "GET /js/jquery/plugins/fancybox/jquery.fancybox.js HTTP/1.1" 200 8986 "https://shop.forichon.com/" "Mozilla/5.0 (Macintosh; Intel Mac OS X 10_12_0) AppleWebKit/537.36 (KHTML, like Gecko) Chrome/57.0.2987.133 Safari/537.36"
108.162.229.173 - - [13/Apr/2017:10:25:17 +0200] "GET /themes/theme_forichon/js/modules/blockcart/ajax-cart.js HTTP/1.1" 200 8296 "https://shop.forichon.com/" "Mozilla/5.0 (Macintosh; Intel Mac OS X 10_12_0) AppleWebKit/537.36 (KHTML, like Gecko) Chrome/57.0.2987.133 Safari/537.36"
108.162.229.95 - - [13/Apr/2017:10:25:18 +0200] "GET /js/jquery/plugins/jquery.scrollTo.js HTTP/1.1" 200 1698 "https://shop.forichon.com/" "Mozilla/5.0 (Macintosh; Intel Mac OS X 10_12_0) AppleWebKit/537.36 (KHTML, like Gecko) Chrome/57.0.2987.133 Safari/537.36"
141.101.88.89 - - [13/Apr/2017:10:25:18 +0200] "GET /js/jquery/plugins/jquery.serialScroll.js HTTP/1.1" 200 1396 "https://shop.forichon.com/" "Mozilla/5.0 (Macintosh; Intel Mac OS X 10_12_0) AppleWebKit/537.36 (KHTML, like Gecko) Chrome/57.0.2987.133 Safari/537.36"
141.101.88.203 - - [13/Apr/2017:10:25:18 +0200] "GET /themes/theme_forichon/js/tools/treeManagement.js HTTP/1.1" 200 1484 "https://shop.forichon.com/" "Mozilla/5.0 (Macintosh; Intel Mac OS X 10_12_0) AppleWebKit/537.36 (KHTML, like Gecko) Chrome/57.0.2987.133 Safari/537.36"
108.162.229.233 - - [13/Apr/2017:10:25:18 +0200] "GET /js/jquery/plugins/bxslider/jquery.bxslider.js HTTP/1.1" 200 5515 "https://shop.forichon.com/" "Mozilla/5.0 (Macintosh; Intel Mac OS X 10_12_0) AppleWebKit/537.36 (KHTML, like Gecko) Chrome/57.0.2987.133 Safari/537.36"
108.162.229.161 - - [13/Apr/2017:10:25:18 +0200] "GET /modules/blockfacebook/blockfacebook.js HTTP/1.1" 200 1096 "https://shop.forichon.com/" "Mozilla/5.0 (Macintosh; Intel Mac OS X 10_12_0) AppleWebKit/537.36 (KHTML, like Gecko) Chrome/57.0.2987.133 Safari/537.36"
