108.162.229.137 - - [28/Mar/2017:16:51:21 +0200] "GET /themes/theme_forichon/js/modules/blocktopmenu/js/superfish-modified.js HTTP/1.1" 200 2650 "https://shop.forichon.com/27-impressions" "Mozilla/5.0 (Windows NT 6.3; WOW64) AppleWebKit/537.36 (KHTML, like Gecko) Chrome/56.0.2924.87 Safari/537.36"
141.101.69.94 - - [28/Mar/2017:16:51:21 +0200] "GET /img/p/fr-default-cart_default.jpg HTTP/1.1" 200 2580 "https://shop.forichon.com/27-impressions" "Mozilla/5.0 (Windows NT 6.3; WOW64) AppleWebKit/537.36 (KHTML, like Gecko) Chrome/56.0.2924.87 Safari/537.36"
108.162.229.227 - - [28/Mar/2017:16:51:21 +0200] "GET /themes/theme_forichon/js/modules/blocktopmenu/js/blocktopmenu.js HTTP/1.1" 200 1873 "https://shop.forichon.com/27-impressions" "Mozilla/5.0 (Windows NT 6.3; WOW64) AppleWebKit/537.36 (KHTML, like Gecko) Chrome/56.0.2924.87 Safari/537.36"
108.162.229.173 - - [28/Mar/2017:16:51:21 +0200] "GET /img/p/fr-default-home_default.jpg HTTP/1.1" 200 8484 "https://shop.forichon.com/27-impressions" "Mozilla/5.0 (Windows NT 6.3; WOW64) AppleWebKit/537.36 (KHTML, like Gecko) Chrome/56.0.2924.87 Safari/537.36"
141.101.88.155 - - [28/Mar/2017:16:51:21 +0200] "GET /themes/theme_forichon/js/category.js HTTP/1.1" 200 1235 "https://shop.forichon.com/27-impressions" "Mozilla/5.0 (Windows NT 6.3; WOW64) AppleWebKit/537.36 (KHTML, like Gecko) Chrome/56.0.2924.87 Safari/537.36"
108.162.229.233 - - [28/Mar/2017:16:51:21 +0200] "GET /js/jquery/plugins/bxslider/jquery.bxslider.js HTTP/1.1" 200 5515 "https://shop.forichon.com/27-impressions" "Mozilla/5.0 (Windows NT 6.3; WOW64) AppleWebKit/537.36 (KHTML, like Gecko) Chrome/56.0.2924.87 Safari/537.36"
141.101.88.89 - - [28/Mar/2017:16:51:21 +0200] "GET /js/jquery/plugins/jquery.serialScroll.js HTTP/1.1" 200 1396 "https://shop.forichon.com/27-impressions" "Mozilla/5.0 (Windows NT 6.3; WOW64) AppleWebKit/537.36 (KHTML, like Gecko) Chrome/56.0.2924.87 Safari/537.36"
108.162.229.245 - - [28/Mar/2017:16:51:21 +0200] "GET /themes/theme_forichon/css/scenes.css HTTP/1.1" 200 1041 "https://shop.forichon.com/27-impressions" "Mozilla/5.0 (Windows NT 6.3; WOW64) AppleWebKit/537.36 (KHTML, like Gecko) Chrome/56.0.2924.87 Safari/537.36"
108.162.229.95 - - [28/Mar/2017:16:51:22 +0200] "GET /js/jquery/plugins/jquery.scrollTo.js HTTP/1.1" 200 1698 "https://shop.forichon.com/27-impressions" "Mozilla/5.0 (Windows NT 6.3; WOW64) AppleWebKit/537.36 (KHTML, like Gecko) Chrome/56.0.2924.87 Safari/537.36"
141.101.69.118 - - [28/Mar/2017:16:51:22 +0200] "GET /modules/themeconfigurator/css/hooks.css HTTP/1.1" 200 724 "https://shop.forichon.com/27-impressions" "Mozilla/5.0 (Windows NT 6.3; WOW64) AppleWebKit/537.36 (KHTML, like Gecko) Chrome/56.0.2924.87 Safari/537.36"
141.101.88.5 - - [28/Mar/2017:16:51:22 +0200] "GET /themes/theme_forichon/js/modules/blocksearch/blocksearch.js HTTP/1.1" 200 1851 "https://shop.forichon.com/27-impressions" "Mozilla/5.0 (Windows NT 6.3; WOW64) AppleWebKit/537.36 (KHTML, like Gecko) Chrome/56.0.2924.87 Safari/537.36"
141.101.88.41 - - [28/Mar/2017:16:51:22 +0200] "GET /themes/theme_forichon/js/modules/blocktopmenu/js/hoverIntent.js HTTP/1.1" 200 1970 "https://shop.forichon.com/27-impressions" "Mozilla/5.0 (Windows NT 6.3; WOW64) AppleWebKit/537.36 (KHTML, like Gecko) Chrome/56.0.2924.87 Safari/537.36"
141.101.88.41 - - [28/Mar/2017:16:51:23 +0200] "GET /themes/theme_forichon/fonts/fontawesome-webfont.woff2?v=4.3.0 HTTP/1.1" 200 57055 "https://shop.forichon.com/themes/theme_forichon/css/global.css" "Mozilla/5.0 (Windows NT 6.3; WOW64) AppleWebKit/537.36 (KHTML, like Gecko) Chrome/56.0.2924.87 Safari/537.36"
108.162.229.227 - - [28/Mar/2017:16:51:27 +0200] "GET / HTTP/1.1" 200 7126 "https://shop.forichon.com/27-impressions" "Mozilla/5.0 (Windows NT 6.3; WOW64) AppleWebKit/537.36 (KHTML, like Gecko) Chrome/56.0.2924.87 Safari/537.36"
141.101.88.149 - - [28/Mar/2017:16:51:27 +0200] "GET /js/jquery/plugins/bxslider/jquery.bxslider.css HTTP/1.1" 200 1357 "https://shop.forichon.com/" "Mozilla/5.0 (Windows NT 6.3; WOW64) AppleWebKit/537.36 (KHTML, like Gecko) Chrome/56.0.2924.87 Safari/537.36"
141.101.69.250 - - [28/Mar/2017:16:51:27 +0200] "GET /js/jquery/plugins/fancybox/jquery.fancybox.css HTTP/1.1" 200 1761 "https://shop.forichon.com/" "Mozilla/5.0 (Windows NT 6.3; WOW64) AppleWebKit/537.36 (KHTML, like Gecko) Chrome/56.0.2924.87 Safari/537.36"
141.101.69.64 - - [28/Mar/2017:16:51:27 +0200] "GET /themes/theme_forichon/css/modules/blockcategories/blockcategories.css HTTP/1.1" 200 1132 "https://shop.forichon.com/" "Mozilla/5.0 (Windows NT 6.3; WOW64) AppleWebKit/537.36 (KHTML, like Gecko) Chrome/56.0.2924.87 Safari/537.36"
108.162.229.209 - - [28/Mar/2017:16:51:27 +0200] "GET /themes/theme_forichon/css/modules/blockcart/blockcart.css HTTP/1.1" 200 3911 "https://shop.forichon.com/" "Mozilla/5.0 (Windows NT 6.3; WOW64) AppleWebKit/537.36 (KHTML, like Gecko) Chrome/56.0.2924.87 Safari/537.36"
141.101.69.148 - - [28/Mar/2017:16:51:27 +0200] "GET /themes/theme_forichon/css/product_list.css HTTP/1.1" 200 3613 "https://shop.forichon.com/" "Mozilla/5.0 (Windows NT 6.3; WOW64) AppleWebKit/537.36 (KHTML, like Gecko) Chrome/56.0.2924.87 Safari/537.36"
108.162.229.29 - - [28/Mar/2017:16:51:27 +0200] "GET /themes/theme_forichon/css/global.css HTTP/1.1" 200 36165 "https://shop.forichon.com/" "Mozilla/5.0 (Windows NT 6.3; WOW64) AppleWebKit/537.36 (KHTML, like Gecko) Chrome/56.0.2924.87 Safari/537.36"
141.101.69.166 - - [28/Mar/2017:16:51:28 +0200] "GET /modules/blockfacebook/css/blockfacebook.css HTTP/1.1" 200 336 "https://shop.forichon.com/" "Mozilla/5.0 (Windows NT 6.3; WOW64) AppleWebKit/537.36 (KHTML, like Gecko) Chrome/56.0.2924.87 Safari/537.36"
108.162.229.167 - - [28/Mar/2017:16:51:28 +0200] "GET /modules/blocktags/blocktags.css HTTP/1.1" 200 600 "https://shop.forichon.com/" "Mozilla/5.0 (Windows NT 6.3; WOW64) AppleWebKit/537.36 (KHTML, like Gecko) Chrome/56.0.2924.87 Safari/537.36"
141.101.69.100 - - [28/Mar/2017:16:51:28 +0200] "GET /themes/theme_forichon/css/modules/blocklanguages/blocklanguages.css HTTP/1.1" 200 951 "https://shop.forichon.com/" "Mozilla/5.0 (Windows NT 6.3; WOW64) AppleWebKit/537.36 (KHTML, like Gecko) Chrome/56.0.2924.87 Safari/537.36"
108.162.229.125 - - [28/Mar/2017:16:51:28 +0200] "GET /themes/theme_forichon/css/modules/blockcurrencies/blockcurrencies.css HTTP/1.1" 200 970 "https://shop.forichon.com/" "Mozilla/5.0 (Windows NT 6.3; WOW64) AppleWebKit/537.36 (KHTML, like Gecko) Chrome/56.0.2924.87 Safari/537.36"
108.162.229.209 - - [28/Mar/2017:16:51:28 +0200] "GET /themes/theme_forichon/css/modules/blockcontact/blockcontact.css HTTP/1.1" 200 912 "https://shop.forichon.com/" "Mozilla/5.0 (Windows NT 6.3; WOW64) AppleWebKit/537.36 (KHTML, like Gecko) Chrome/56.0.2924.87 Safari/537.36"
108.162.229.197 - - [28/Mar/2017:16:51:28 +0200] "GET /js/jquery/plugins/autocomplete/jquery.autocomplete.css HTTP/1.1" 200 788 "https://shop.forichon.com/" "Mozilla/5.0 (Windows NT 6.3; WOW64) AppleWebKit/537.36 (KHTML, like Gecko) Chrome/56.0.2924.87 Safari/537.36"
141.101.69.10 - - [28/Mar/2017:16:51:28 +0200] "GET /themes/theme_forichon/css/modules/homeslider/homeslider.css HTTP/1.1" 200 1281 "https://shop.forichon.com/" "Mozilla/5.0 (Windows NT 6.3; WOW64) AppleWebKit/537.36 (KHTML, like Gecko) Chrome/56.0.2924.87 Safari/537.36"
108.162.229.215 - - [28/Mar/2017:16:51:28 +0200] "GET /themes/theme_forichon/css/modules/blockuserinfo/blockuserinfo.css HTTP/1.1" 200 628 "https://shop.forichon.com/" "Mozilla/5.0 (Windows NT 6.3; WOW64) AppleWebKit/537.36 (KHTML, like Gecko) Chrome/56.0.2924.87 Safari/537.36"
141.101.69.118 - - [28/Mar/2017:16:51:28 +0200] "GET /modules/themeconfigurator/css/hooks.css HTTP/1.1" 200 724 "https://shop.forichon.com/" "Mozilla/5.0 (Windows NT 6.3; WOW64) AppleWebKit/537.36 (KHTML, like Gecko) Chrome/56.0.2924.87 Safari/537.36"
141.101.88.221 - - [28/Mar/2017:16:51:28 +0200] "GET /themes/theme_forichon/css/modules/blocktopmenu/css/superfish-modified.css HTTP/1.1" 200 2593 "https://shop.forichon.com/" "Mozilla/5.0 (Windows NT 6.3; WOW64) AppleWebKit/537.36 (KHTML, like Gecko) Chrome/56.0.2924.87 Safari/537.36"
141.101.88.5 - - [28/Mar/2017:16:51:28 +0200] "GET /js/jquery/plugins/jquery.easing.js HTTP/1.1" 200 1514 "https://shop.forichon.com/" "Mozilla/5.0 (Windows NT 6.3; WOW64) AppleWebKit/537.36 (KHTML, like Gecko) Chrome/56.0.2924.87 Safari/537.36"
141.101.69.214 - - [28/Mar/2017:16:51:28 +0200] "GET /js/jquery/jquery-migrate-1.2.1.min.js HTTP/1.1" 200 3415 "https://shop.forichon.com/" "Mozilla/5.0 (Windows NT 6.3; WOW64) AppleWebKit/537.36 (KHTML, like Gecko) Chrome/56.0.2924.87 Safari/537.36"
141.101.69.178 - - [28/Mar/2017:16:51:28 +0200] "GET /modules/blockviewed/blockviewed.css HTTP/1.1" 200 637 "https://shop.forichon.com/" "Mozilla/5.0 (Windows NT 6.3; WOW64) AppleWebKit/537.36 (KHTML, like Gecko) Chrome/56.0.2924.87 Safari/537.36"
108.162.229.173 - - [28/Mar/2017:16:51:28 +0200] "GET /modules/blockmyaccountfooter/blockmyaccount.css HTTP/1.1" 200 712 "https://shop.forichon.com/" "Mozilla/5.0 (Windows NT 6.3; WOW64) AppleWebKit/537.36 (KHTML, like Gecko) Chrome/56.0.2924.87 Safari/537.36"
108.162.229.17 - - [28/Mar/2017:16:51:28 +0200] "GET /themes/theme_forichon/css/modules/blocknewsletter/blocknewsletter.css HTTP/1.1" 200 1755 "https://shop.forichon.com/" "Mozilla/5.0 (Windows NT 6.3; WOW64) AppleWebKit/537.36 (KHTML, like Gecko) Chrome/56.0.2924.87 Safari/537.36"
141.101.69.64 - - [28/Mar/2017:16:51:28 +0200] "GET /js/tools.js HTTP/1.1" 200 6610 "https://shop.forichon.com/" "Mozilla/5.0 (Windows NT 6.3; WOW64) AppleWebKit/537.36 (KHTML, like Gecko) Chrome/56.0.2924.87 Safari/537.36"
108.162.229.179 - - [28/Mar/2017:16:51:28 +0200] "GET /themes/theme_forichon/js/global.js HTTP/1.1" 200 4435 "https://shop.forichon.com/" "Mozilla/5.0 (Windows NT 6.3; WOW64) AppleWebKit/537.36 (KHTML, like Gecko) Chrome/56.0.2924.87 Safari/537.36"
108.162.229.221 - - [28/Mar/2017:16:51:28 +0200] "GET /themes/theme_forichon/css/modules/blocksearch/blocksearch.css HTTP/1.1" 200 934 "https://shop.forichon.com/" "Mozilla/5.0 (Windows NT 6.3; WOW64) AppleWebKit/537.36 (KHTML, like Gecko) Chrome/56.0.2924.87 Safari/537.36"
108.162.229.173 - - [28/Mar/2017:16:51:28 +0200] "GET /img/p/fr-default-home_default.jpg HTTP/1.1" 200 8483 "https://shop.forichon.com/" "Mozilla/5.0 (Windows NT 6.3; WOW64) AppleWebKit/537.36 (KHTML, like Gecko) Chrome/56.0.2924.87 Safari/537.36"
141.101.88.197 - - [28/Mar/2017:16:51:28 +0200] "GET /themes/theme_forichon/js/autoload/15-jquery.total-storage.min.js HTTP/1.1" 200 1389 "https://shop.forichon.com/" "Mozilla/5.0 (Windows NT 6.3; WOW64) AppleWebKit/537.36 (KHTML, like Gecko) Chrome/56.0.2924.87 Safari/537.36"
141.101.88.155 - - [28/Mar/2017:16:51:28 +0200] "GET /js/jquery/plugins/fancybox/jquery.fancybox.js HTTP/1.1" 200 8986 "https://shop.forichon.com/" "Mozilla/5.0 (Windows NT 6.3; WOW64) AppleWebKit/537.36 (KHTML, like Gecko) Chrome/56.0.2924.87 Safari/537.36"
141.101.69.40 - - [28/Mar/2017:16:51:28 +0200] "GET /themes/theme_forichon/js/autoload/10-bootstrap.min.js HTTP/1.1" 200 7583 "https://shop.forichon.com/" "Mozilla/5.0 (Windows NT 6.3; WOW64) AppleWebKit/537.36 (KHTML, like Gecko) Chrome/56.0.2924.87 Safari/537.36"
108.162.229.233 - - [28/Mar/2017:16:51:28 +0200] "GET /js/jquery/plugins/bxslider/jquery.bxslider.js HTTP/1.1" 200 5515 "https://shop.forichon.com/" "Mozilla/5.0 (Windows NT 6.3; WOW64) AppleWebKit/537.36 (KHTML, like Gecko) Chrome/56.0.2924.87 Safari/537.36"
141.101.88.179 - - [28/Mar/2017:16:51:28 +0200] "GET /js/jquery/plugins/autocomplete/jquery.autocomplete.js HTTP/1.1" 200 6812 "https://shop.forichon.com/" "Mozilla/5.0 (Windows NT 6.3; WOW64) AppleWebKit/537.36 (KHTML, like Gecko) Chrome/56.0.2924.87 Safari/537.36"
108.162.229.227 - - [28/Mar/2017:16:51:28 +0200] "GET /themes/theme_forichon/js/modules/blocktopmenu/js/blocktopmenu.js HTTP/1.1" 200 1873 "https://shop.forichon.com/" "Mozilla/5.0 (Windows NT 6.3; WOW64) AppleWebKit/537.36 (KHTML, like Gecko) Chrome/56.0.2924.87 Safari/537.36"
141.101.69.94 - - [28/Mar/2017:16:51:28 +0200] "GET /img/p/fr-default-cart_default.jpg HTTP/1.1" 200 2580 "https://shop.forichon.com/" "Mozilla/5.0 (Windows NT 6.3; WOW64) AppleWebKit/537.36 (KHTML, like Gecko) Chrome/56.0.2924.87 Safari/537.36"
108.162.229.173 - - [28/Mar/2017:16:51:28 +0200] "GET /themes/theme_forichon/js/modules/blockcart/ajax-cart.js HTTP/1.1" 200 8296 "https://shop.forichon.com/" "Mozilla/5.0 (Windows NT 6.3; WOW64) AppleWebKit/537.36 (KHTML, like Gecko) Chrome/56.0.2924.87 Safari/537.36"
141.101.88.83 - - [28/Mar/2017:16:51:28 +0200] "GET /modules/themeconfigurator/img/5be83511de69dbebc55240d63f4137e19ad9d2bf_baspageforichon02.jpg HTTP/1.1" 200 8415 "https://shop.forichon.com/" "Mozilla/5.0 (Windows NT 6.3; WOW64) AppleWebKit/537.36 (KHTML, like Gecko) Chrome/56.0.2924.87 Safari/537.36"
141.101.88.203 - - [28/Mar/2017:16:51:28 +0200] "GET /themes/theme_forichon/js/tools/treeManagement.js HTTP/1.1" 200 1484 "https://shop.forichon.com/" "Mozilla/5.0 (Windows NT 6.3; WOW64) AppleWebKit/537.36 (KHTML, like Gecko) Chrome/56.0.2924.87 Safari/537.36"
141.101.88.5 - - [28/Mar/2017:16:51:28 +0200] "GET /themes/theme_forichon/js/modules/blocksearch/blocksearch.js HTTP/1.1" 200 1851 "https://shop.forichon.com/" "Mozilla/5.0 (Windows NT 6.3; WOW64) AppleWebKit/537.36 (KHTML, like Gecko) Chrome/56.0.2924.87 Safari/537.36"
108.162.229.113 - - [28/Mar/2017:16:51:28 +0200] "GET /themes/theme_forichon/js/modules/homeslider/js/homeslider.js HTTP/1.1" 200 1261 "https://shop.forichon.com/" "Mozilla/5.0 (Windows NT 6.3; WOW64) AppleWebKit/537.36 (KHTML, like Gecko) Chrome/56.0.2924.87 Safari/537.36"
108.162.229.95 - - [28/Mar/2017:16:51:28 +0200] "GET /js/jquery/plugins/jquery.scrollTo.js HTTP/1.1" 200 1698 "https://shop.forichon.com/" "Mozilla/5.0 (Windows NT 6.3; WOW64) AppleWebKit/537.36 (KHTML, like Gecko) Chrome/56.0.2924.87 Safari/537.36"
141.101.69.178 - - [28/Mar/2017:16:51:28 +0200] "GET /img/shop-forichon-logo-14907035683.jpg HTTP/1.1" 200 8696 "https://shop.forichon.com/" "Mozilla/5.0 (Windows NT 6.3; WOW64) AppleWebKit/537.36 (KHTML, like Gecko) Chrome/56.0.2924.87 Safari/537.36"
108.162.229.53 - - [28/Mar/2017:16:51:28 +0200] "GET /js/jquery/jquery-1.11.0.min.js HTTP/1.1" 200 33723 "https://shop.forichon.com/" "Mozilla/5.0 (Windows NT 6.3; WOW64) AppleWebKit/537.36 (KHTML, like Gecko) Chrome/56.0.2924.87 Safari/537.36"
108.162.229.197 - - [28/Mar/2017:16:51:28 +0200] "GET /modules/themeconfigurator/img/78834a90a8ce791db3cad0e0c19cc0a6d93e8fb8_baspageforichon01.jpg HTTP/1.1" 200 7116 "https://shop.forichon.com/" "Mozilla/5.0 (Windows NT 6.3; WOW64) AppleWebKit/537.36 (KHTML, like Gecko) Chrome/56.0.2924.87 Safari/537.36"
141.101.88.89 - - [28/Mar/2017:16:51:28 +0200] "GET /js/jquery/plugins/jquery.serialScroll.js HTTP/1.1" 200 1396 "https://shop.forichon.com/" "Mozilla/5.0 (Windows NT 6.3; WOW64) AppleWebKit/537.36 (KHTML, like Gecko) Chrome/56.0.2924.87 Safari/537.36"
141.101.88.143 - - [28/Mar/2017:16:51:28 +0200] "GET /themes/theme_forichon/js/modules/blocknewsletter/blocknewsletter.js HTTP/1.1" 200 1195 "https://shop.forichon.com/" "Mozilla/5.0 (Windows NT 6.3; WOW64) AppleWebKit/537.36 (KHTML, like Gecko) Chrome/56.0.2924.87 Safari/537.36"
108.162.229.161 - - [28/Mar/2017:16:51:28 +0200] "GET /modules/blockfacebook/blockfacebook.js HTTP/1.1" 200 1096 "https://shop.forichon.com/" "Mozilla/5.0 (Windows NT 6.3; WOW64) AppleWebKit/537.36 (KHTML, like Gecko) Chrome/56.0.2924.87 Safari/537.36"
141.101.88.35 - - [28/Mar/2017:16:51:28 +0200] "GET /themes/theme_forichon/js/autoload/15-jquery.uniform-modified.js HTTP/1.1" 200 8253 "https://shop.forichon.com/" "Mozilla/5.0 (Windows NT 6.3; WOW64) AppleWebKit/537.36 (KHTML, like Gecko) Chrome/56.0.2924.87 Safari/537.36"
141.101.88.41 - - [28/Mar/2017:16:51:28 +0200] "GET /themes/theme_forichon/js/modules/blocktopmenu/js/hoverIntent.js HTTP/1.1" 200 1970 "https://shop.forichon.com/" "Mozilla/5.0 (Windows NT 6.3; WOW64) AppleWebKit/537.36 (KHTML, like Gecko) Chrome/56.0.2924.87 Safari/537.36"
108.162.229.137 - - [28/Mar/2017:16:51:28 +0200] "GET /themes/theme_forichon/js/modules/blocktopmenu/js/superfish-modified.js HTTP/1.1" 200 2650 "https://shop.forichon.com/" "Mozilla/5.0 (Windows NT 6.3; WOW64) AppleWebKit/537.36 (KHTML, like Gecko) Chrome/56.0.2924.87 Safari/537.36"
108.162.229.47 - - [28/Mar/2017:16:51:28 +0200] "GET /themes/theme_forichon/js/index.js HTTP/1.1" 200 963 "https://shop.forichon.com/" "Mozilla/5.0 (Windows NT 6.3; WOW64) AppleWebKit/537.36 (KHTML, like Gecko) Chrome/56.0.2924.87 Safari/537.36"
141.101.88.41 - - [28/Mar/2017:16:51:28 +0200] "GET /themes/theme_forichon/fonts/fontawesome-webfont.woff2?v=4.3.0 HTTP/1.1" 200 57055 "https://shop.forichon.com/themes/theme_forichon/css/global.css" "Mozilla/5.0 (Windows NT 6.3; WOW64) AppleWebKit/537.36 (KHTML, like Gecko) Chrome/56.0.2924.87 Safari/537.36"
141.101.69.10 - - [28/Mar/2017:16:51:28 +0200] "GET /img/favicon-3.ico?1490712586 HTTP/1.1" 200 1114 "https://shop.forichon.com/" "Mozilla/5.0 (Windows NT 6.3; WOW64) AppleWebKit/537.36 (KHTML, like Gecko) Chrome/56.0.2924.87 Safari/537.36"
141.101.69.10 - - [28/Mar/2017:16:51:28 +0200] "GET /img/favicon-3.ico?1490712586 HTTP/1.1" 200 1114 "https://shop.forichon.com/" "Mozilla/5.0 (Windows NT 6.3; WOW64) AppleWebKit/537.36 (KHTML, like Gecko) Chrome/56.0.2924.87 Safari/537.36"
108.162.229.227 - - [28/Mar/2017:16:52:08 +0200] "GET / HTTP/1.1" 503 1256 "https://shop.forichon.com/27-impressions" "Mozilla/5.0 (Windows NT 6.3; WOW64) AppleWebKit/537.36 (KHTML, like Gecko) Chrome/56.0.2924.87 Safari/537.36"
141.101.69.178 - - [28/Mar/2017:16:52:09 +0200] "GET /img/shop-forichon-logo-14907035683.jpg HTTP/1.1" 200 8696 "https://shop.forichon.com/" "Mozilla/5.0 (Windows NT 6.3; WOW64) AppleWebKit/537.36 (KHTML, like Gecko) Chrome/56.0.2924.87 Safari/537.36"
141.101.88.149 - - [28/Mar/2017:16:52:09 +0200] "GET /themes/theme_forichon/css/maintenance.css HTTP/1.1" 503 1264 "https://shop.forichon.com/" "Mozilla/5.0 (Windows NT 6.3; WOW64) AppleWebKit/537.36 (KHTML, like Gecko) Chrome/56.0.2924.87 Safari/537.36"
141.101.69.52 - - [28/Mar/2017:16:52:09 +0200] "GET /img/favicon-3.ico HTTP/1.1" 200 1114 "https://shop.forichon.com/" "Mozilla/5.0 (Windows NT 6.3; WOW64) AppleWebKit/537.36 (KHTML, like Gecko) Chrome/56.0.2924.87 Safari/537.36"
108.162.229.227 - - [28/Mar/2017:16:52:13 +0200] "GET / HTTP/1.1" 503 1256 "https://shop.forichon.com/27-impressions" "Mozilla/5.0 (Windows NT 6.3; WOW64) AppleWebKit/537.36 (KHTML, like Gecko) Chrome/56.0.2924.87 Safari/537.36"
141.101.69.178 - - [28/Mar/2017:16:52:13 +0200] "GET /img/shop-forichon-logo-14907035683.jpg HTTP/1.1" 200 8695 "https://shop.forichon.com/" "Mozilla/5.0 (Windows NT 6.3; WOW64) AppleWebKit/537.36 (KHTML, like Gecko) Chrome/56.0.2924.87 Safari/537.36"
141.101.88.149 - - [28/Mar/2017:16:52:13 +0200] "GET /themes/theme_forichon/css/maintenance.css HTTP/1.1" 503 1264 "https://shop.forichon.com/" "Mozilla/5.0 (Windows NT 6.3; WOW64) AppleWebKit/537.36 (KHTML, like Gecko) Chrome/56.0.2924.87 Safari/537.36"
108.162.229.227 - - [28/Mar/2017:16:52:26 +0200] "GET / HTTP/1.1" 200 7126 "https://shop.forichon.com/27-impressions" "Mozilla/5.0 (Windows NT 6.3; WOW64) AppleWebKit/537.36 (KHTML, like Gecko) Chrome/56.0.2924.87 Safari/537.36"
108.162.229.29 - - [28/Mar/2017:16:52:26 +0200] "GET /themes/theme_forichon/css/global.css HTTP/1.1" 200 36165 "https://shop.forichon.com/" "Mozilla/5.0 (Windows NT 6.3; WOW64) AppleWebKit/537.36 (KHTML, like Gecko) Chrome/56.0.2924.87 Safari/537.36"
108.162.229.197 - - [28/Mar/2017:16:52:26 +0200] "GET /js/jquery/plugins/autocomplete/jquery.autocomplete.css HTTP/1.1" 200 788 "https://shop.forichon.com/" "Mozilla/5.0 (Windows NT 6.3; WOW64) AppleWebKit/537.36 (KHTML, like Gecko) Chrome/56.0.2924.87 Safari/537.36"
141.101.88.149 - - [28/Mar/2017:16:52:26 +0200] "GET /js/jquery/plugins/bxslider/jquery.bxslider.css HTTP/1.1" 200 1357 "https://shop.forichon.com/" "Mozilla/5.0 (Windows NT 6.3; WOW64) AppleWebKit/537.36 (KHTML, like Gecko) Chrome/56.0.2924.87 Safari/537.36"
141.101.69.250 - - [28/Mar/2017:16:52:26 +0200] "GET /js/jquery/plugins/fancybox/jquery.fancybox.css HTTP/1.1" 200 1761 "https://shop.forichon.com/" "Mozilla/5.0 (Windows NT 6.3; WOW64) AppleWebKit/537.36 (KHTML, like Gecko) Chrome/56.0.2924.87 Safari/537.36"
108.162.229.125 - - [28/Mar/2017:16:52:26 +0200] "GET /themes/theme_forichon/css/modules/blockcurrencies/blockcurrencies.css HTTP/1.1" 200 970 "https://shop.forichon.com/" "Mozilla/5.0 (Windows NT 6.3; WOW64) AppleWebKit/537.36 (KHTML, like Gecko) Chrome/56.0.2924.87 Safari/537.36"
108.162.229.227 - - [28/Mar/2017:16:52:26 +0200] "GET /themes/theme_forichon/js/modules/blocktopmenu/js/blocktopmenu.js HTTP/1.1" 200 1872 "https://shop.forichon.com/" "Mozilla/5.0 (Windows NT 6.3; WOW64) AppleWebKit/537.36 (KHTML, like Gecko) Chrome/56.0.2924.87 Safari/537.36"
141.101.69.148 - - [28/Mar/2017:16:52:26 +0200] "GET /themes/theme_forichon/css/product_list.css HTTP/1.1" 200 3613 "https://shop.forichon.com/" "Mozilla/5.0 (Windows NT 6.3; WOW64) AppleWebKit/537.36 (KHTML, like Gecko) Chrome/56.0.2924.87 Safari/537.36"
141.101.69.64 - - [28/Mar/2017:16:52:26 +0200] "GET /themes/theme_forichon/css/modules/blockcategories/blockcategories.css HTTP/1.1" 200 1132 "https://shop.forichon.com/" "Mozilla/5.0 (Windows NT 6.3; WOW64) AppleWebKit/537.36 (KHTML, like Gecko) Chrome/56.0.2924.87 Safari/537.36"
108.162.229.221 - - [28/Mar/2017:16:52:26 +0200] "GET /themes/theme_forichon/css/modules/blocksearch/blocksearch.css HTTP/1.1" 200 934 "https://shop.forichon.com/" "Mozilla/5.0 (Windows NT 6.3; WOW64) AppleWebKit/537.36 (KHTML, like Gecko) Chrome/56.0.2924.87 Safari/537.36"
108.162.229.209 - - [28/Mar/2017:16:52:26 +0200] "GET /themes/theme_forichon/css/modules/blockcontact/blockcontact.css HTTP/1.1" 200 912 "https://shop.forichon.com/" "Mozilla/5.0 (Windows NT 6.3; WOW64) AppleWebKit/537.36 (KHTML, like Gecko) Chrome/56.0.2924.87 Safari/537.36"
108.162.229.17 - - [28/Mar/2017:16:52:26 +0200] "GET /themes/theme_forichon/css/modules/blocknewsletter/blocknewsletter.css HTTP/1.1" 200 1755 "https://shop.forichon.com/" "Mozilla/5.0 (Windows NT 6.3; WOW64) AppleWebKit/537.36 (KHTML, like Gecko) Chrome/56.0.2924.87 Safari/537.36"
108.162.229.167 - - [28/Mar/2017:16:52:26 +0200] "GET /modules/blocktags/blocktags.css HTTP/1.1" 200 600 "https://shop.forichon.com/" "Mozilla/5.0 (Windows NT 6.3; WOW64) AppleWebKit/537.36 (KHTML, like Gecko) Chrome/56.0.2924.87 Safari/537.36"
141.101.69.166 - - [28/Mar/2017:16:52:27 +0200] "GET /modules/blockfacebook/css/blockfacebook.css HTTP/1.1" 200 336 "https://shop.forichon.com/" "Mozilla/5.0 (Windows NT 6.3; WOW64) AppleWebKit/537.36 (KHTML, like Gecko) Chrome/56.0.2924.87 Safari/537.36"
108.162.229.209 - - [28/Mar/2017:16:52:27 +0200] "GET /themes/theme_forichon/css/modules/blockcart/blockcart.css HTTP/1.1" 200 3911 "https://shop.forichon.com/" "Mozilla/5.0 (Windows NT 6.3; WOW64) AppleWebKit/537.36 (KHTML, like Gecko) Chrome/56.0.2924.87 Safari/537.36"
141.101.69.100 - - [28/Mar/2017:16:52:27 +0200] "GET /themes/theme_forichon/css/modules/blocklanguages/blocklanguages.css HTTP/1.1" 200 951 "https://shop.forichon.com/" "Mozilla/5.0 (Windows NT 6.3; WOW64) AppleWebKit/537.36 (KHTML, like Gecko) Chrome/56.0.2924.87 Safari/537.36"
108.162.229.173 - - [28/Mar/2017:16:52:27 +0200] "GET /modules/blockmyaccountfooter/blockmyaccount.css HTTP/1.1" 200 712 "https://shop.forichon.com/" "Mozilla/5.0 (Windows NT 6.3; WOW64) AppleWebKit/537.36 (KHTML, like Gecko) Chrome/56.0.2924.87 Safari/537.36"
108.162.229.215 - - [28/Mar/2017:16:52:27 +0200] "GET /themes/theme_forichon/css/modules/blockuserinfo/blockuserinfo.css HTTP/1.1" 200 628 "https://shop.forichon.com/" "Mozilla/5.0 (Windows NT 6.3; WOW64) AppleWebKit/537.36 (KHTML, like Gecko) Chrome/56.0.2924.87 Safari/537.36"
141.101.69.214 - - [28/Mar/2017:16:52:27 +0200] "GET /js/jquery/jquery-migrate-1.2.1.min.js HTTP/1.1" 200 3415 "https://shop.forichon.com/" "Mozilla/5.0 (Windows NT 6.3; WOW64) AppleWebKit/537.36 (KHTML, like Gecko) Chrome/56.0.2924.87 Safari/537.36"
141.101.69.178 - - [28/Mar/2017:16:52:27 +0200] "GET /modules/blockviewed/blockviewed.css HTTP/1.1" 200 637 "https://shop.forichon.com/" "Mozilla/5.0 (Windows NT 6.3; WOW64) AppleWebKit/537.36 (KHTML, like Gecko) Chrome/56.0.2924.87 Safari/537.36"
141.101.69.64 - - [28/Mar/2017:16:52:27 +0200] "GET /js/tools.js HTTP/1.1" 200 6610 "https://shop.forichon.com/" "Mozilla/5.0 (Windows NT 6.3; WOW64) AppleWebKit/537.36 (KHTML, like Gecko) Chrome/56.0.2924.87 Safari/537.36"
141.101.88.5 - - [28/Mar/2017:16:52:28 +0200] "GET /js/jquery/plugins/jquery.easing.js HTTP/1.1" 200 1514 "https://shop.forichon.com/" "Mozilla/5.0 (Windows NT 6.3; WOW64) AppleWebKit/537.36 (KHTML, like Gecko) Chrome/56.0.2924.87 Safari/537.36"
141.101.88.89 - - [28/Mar/2017:16:52:28 +0200] "GET /js/jquery/plugins/jquery.serialScroll.js HTTP/1.1" 200 1396 "https://shop.forichon.com/" "Mozilla/5.0 (Windows NT 6.3; WOW64) AppleWebKit/537.36 (KHTML, like Gecko) Chrome/56.0.2924.87 Safari/537.36"
141.101.88.5 - - [28/Mar/2017:16:52:28 +0200] "GET /themes/theme_forichon/js/modules/blocksearch/blocksearch.js HTTP/1.1" 200 1851 "https://shop.forichon.com/" "Mozilla/5.0 (Windows NT 6.3; WOW64) AppleWebKit/537.36 (KHTML, like Gecko) Chrome/56.0.2924.87 Safari/537.36"
141.101.88.35 - - [28/Mar/2017:16:52:28 +0200] "GET /themes/theme_forichon/js/autoload/15-jquery.uniform-modified.js HTTP/1.1" 200 8253 "https://shop.forichon.com/" "Mozilla/5.0 (Windows NT 6.3; WOW64) AppleWebKit/537.36 (KHTML, like Gecko) Chrome/56.0.2924.87 Safari/537.36"
141.101.88.221 - - [28/Mar/2017:16:52:28 +0200] "GET /themes/theme_forichon/css/modules/blocktopmenu/css/superfish-modified.css HTTP/1.1" 200 2593 "https://shop.forichon.com/" "Mozilla/5.0 (Windows NT 6.3; WOW64) AppleWebKit/537.36 (KHTML, like Gecko) Chrome/56.0.2924.87 Safari/537.36"
108.162.229.173 - - [28/Mar/2017:16:52:28 +0200] "GET /themes/theme_forichon/js/modules/blockcart/ajax-cart.js HTTP/1.1" 200 8296 "https://shop.forichon.com/" "Mozilla/5.0 (Windows NT 6.3; WOW64) AppleWebKit/537.36 (KHTML, like Gecko) Chrome/56.0.2924.87 Safari/537.36"
141.101.88.203 - - [28/Mar/2017:16:52:28 +0200] "GET /themes/theme_forichon/js/tools/treeManagement.js HTTP/1.1" 200 1484 "https://shop.forichon.com/" "Mozilla/5.0 (Windows NT 6.3; WOW64) AppleWebKit/537.36 (KHTML, like Gecko) Chrome/56.0.2924.87 Safari/537.36"
108.162.229.47 - - [28/Mar/2017:16:52:28 +0200] "GET /themes/theme_forichon/js/index.js HTTP/1.1" 200 963 "https://shop.forichon.com/" "Mozilla/5.0 (Windows NT 6.3; WOW64) AppleWebKit/537.36 (KHTML, like Gecko) Chrome/56.0.2924.87 Safari/537.36"
108.162.229.233 - - [28/Mar/2017:16:52:28 +0200] "GET /js/jquery/plugins/bxslider/jquery.bxslider.js HTTP/1.1" 200 5515 "https://shop.forichon.com/" "Mozilla/5.0 (Windows NT 6.3; WOW64) AppleWebKit/537.36 (KHTML, like Gecko) Chrome/56.0.2924.87 Safari/537.36"
141.101.88.179 - - [28/Mar/2017:16:52:28 +0200] "GET /js/jquery/plugins/autocomplete/jquery.autocomplete.js HTTP/1.1" 200 6812 "https://shop.forichon.com/" "Mozilla/5.0 (Windows NT 6.3; WOW64) AppleWebKit/537.36 (KHTML, like Gecko) Chrome/56.0.2924.87 Safari/537.36"
141.101.88.197 - - [28/Mar/2017:16:52:29 +0200] "GET /themes/theme_forichon/js/autoload/15-jquery.total-storage.min.js HTTP/1.1" 200 1389 "https://shop.forichon.com/" "Mozilla/5.0 (Windows NT 6.3; WOW64) AppleWebKit/537.36 (KHTML, like Gecko) Chrome/56.0.2924.87 Safari/537.36"
141.101.69.10 - - [28/Mar/2017:16:52:29 +0200] "GET /themes/theme_forichon/css/modules/homeslider/homeslider.css HTTP/1.1" 200 1281 "https://shop.forichon.com/" "Mozilla/5.0 (Windows NT 6.3; WOW64) AppleWebKit/537.36 (KHTML, like Gecko) Chrome/56.0.2924.87 Safari/537.36"
108.162.229.53 - - [28/Mar/2017:16:52:28 +0200] "GET /js/jquery/jquery-1.11.0.min.js HTTP/1.1" 200 33723 "https://shop.forichon.com/" "Mozilla/5.0 (Windows NT 6.3; WOW64) AppleWebKit/537.36 (KHTML, like Gecko) Chrome/56.0.2924.87 Safari/537.36"
108.162.229.113 - - [28/Mar/2017:16:52:29 +0200] "GET /themes/theme_forichon/js/modules/homeslider/js/homeslider.js HTTP/1.1" 200 1261 "https://shop.forichon.com/" "Mozilla/5.0 (Windows NT 6.3; WOW64) AppleWebKit/537.36 (KHTML, like Gecko) Chrome/56.0.2924.87 Safari/537.36"
141.101.69.118 - - [28/Mar/2017:16:52:29 +0200] "GET /modules/themeconfigurator/css/hooks.css HTTP/1.1" 200 724 "https://shop.forichon.com/" "Mozilla/5.0 (Windows NT 6.3; WOW64) AppleWebKit/537.36 (KHTML, like Gecko) Chrome/56.0.2924.87 Safari/537.36"
108.162.229.161 - - [28/Mar/2017:16:52:29 +0200] "GET /modules/blockfacebook/blockfacebook.js HTTP/1.1" 200 1096 "https://shop.forichon.com/" "Mozilla/5.0 (Windows NT 6.3; WOW64) AppleWebKit/537.36 (KHTML, like Gecko) Chrome/56.0.2924.87 Safari/537.36"
141.101.69.94 - - [28/Mar/2017:16:52:29 +0200] "GET /img/p/fr-default-cart_default.jpg HTTP/1.1" 200 2580 "https://shop.forichon.com/" "Mozilla/5.0 (Windows NT 6.3; WOW64) AppleWebKit/537.36 (KHTML, like Gecko) Chrome/56.0.2924.87 Safari/537.36"
141.101.88.143 - - [28/Mar/2017:16:52:29 +0200] "GET /themes/theme_forichon/js/modules/blocknewsletter/blocknewsletter.js HTTP/1.1" 200 1195 "https://shop.forichon.com/" "Mozilla/5.0 (Windows NT 6.3; WOW64) AppleWebKit/537.36 (KHTML, like Gecko) Chrome/56.0.2924.87 Safari/537.36"
108.162.229.137 - - [28/Mar/2017:16:52:29 +0200] "GET /themes/theme_forichon/js/modules/blocktopmenu/js/superfish-modified.js HTTP/1.1" 200 2650 "https://shop.forichon.com/" "Mozilla/5.0 (Windows NT 6.3; WOW64) AppleWebKit/537.36 (KHTML, like Gecko) Chrome/56.0.2924.87 Safari/537.36"
141.101.69.40 - - [28/Mar/2017:16:52:29 +0200] "GET /themes/theme_forichon/js/autoload/10-bootstrap.min.js HTTP/1.1" 200 7583 "https://shop.forichon.com/" "Mozilla/5.0 (Windows NT 6.3; WOW64) AppleWebKit/537.36 (KHTML, like Gecko) Chrome/56.0.2924.87 Safari/537.36"
108.162.229.179 - - [28/Mar/2017:16:52:29 +0200] "GET /themes/theme_forichon/js/global.js HTTP/1.1" 200 4435 "https://shop.forichon.com/" "Mozilla/5.0 (Windows NT 6.3; WOW64) AppleWebKit/537.36 (KHTML, like Gecko) Chrome/56.0.2924.87 Safari/537.36"
141.101.88.83 - - [28/Mar/2017:16:52:30 +0200] "GET /modules/themeconfigurator/img/5be83511de69dbebc55240d63f4137e19ad9d2bf_baspageforichon02.jpg HTTP/1.1" 200 8415 "https://shop.forichon.com/" "Mozilla/5.0 (Windows NT 6.3; WOW64) AppleWebKit/537.36 (KHTML, like Gecko) Chrome/56.0.2924.87 Safari/537.36"
141.101.69.178 - - [28/Mar/2017:16:52:30 +0200] "GET /img/shop-forichon-logo-14907035683.jpg HTTP/1.1" 200 8696 "https://shop.forichon.com/" "Mozilla/5.0 (Windows NT 6.3; WOW64) AppleWebKit/537.36 (KHTML, like Gecko) Chrome/56.0.2924.87 Safari/537.36"
108.162.229.95 - - [28/Mar/2017:16:52:30 +0200] "GET /js/jquery/plugins/jquery.scrollTo.js HTTP/1.1" 200 1698 "https://shop.forichon.com/" "Mozilla/5.0 (Windows NT 6.3; WOW64) AppleWebKit/537.36 (KHTML, like Gecko) Chrome/56.0.2924.87 Safari/537.36"
141.101.88.155 - - [28/Mar/2017:16:52:30 +0200] "GET /js/jquery/plugins/fancybox/jquery.fancybox.js HTTP/1.1" 200 8986 "https://shop.forichon.com/" "Mozilla/5.0 (Windows NT 6.3; WOW64) AppleWebKit/537.36 (KHTML, like Gecko) Chrome/56.0.2924.87 Safari/537.36"
108.162.229.197 - - [28/Mar/2017:16:52:30 +0200] "GET /modules/themeconfigurator/img/78834a90a8ce791db3cad0e0c19cc0a6d93e8fb8_baspageforichon01.jpg HTTP/1.1" 200 7116 "https://shop.forichon.com/" "Mozilla/5.0 (Windows NT 6.3; WOW64) AppleWebKit/537.36 (KHTML, like Gecko) Chrome/56.0.2924.87 Safari/537.36"
108.162.229.173 - - [28/Mar/2017:16:52:30 +0200] "GET /img/p/fr-default-home_default.jpg HTTP/1.1" 200 8484 "https://shop.forichon.com/" "Mozilla/5.0 (Windows NT 6.3; WOW64) AppleWebKit/537.36 (KHTML, like Gecko) Chrome/56.0.2924.87 Safari/537.36"
141.101.88.41 - - [28/Mar/2017:16:52:30 +0200] "GET /themes/theme_forichon/js/modules/blocktopmenu/js/hoverIntent.js HTTP/1.1" 200 1970 "https://shop.forichon.com/" "Mozilla/5.0 (Windows NT 6.3; WOW64) AppleWebKit/537.36 (KHTML, like Gecko) Chrome/56.0.2924.87 Safari/537.36"
141.101.88.41 - - [28/Mar/2017:16:52:30 +0200] "GET /themes/theme_forichon/fonts/fontawesome-webfont.woff2?v=4.3.0 HTTP/1.1" 200 57055 "https://shop.forichon.com/themes/theme_forichon/css/global.css" "Mozilla/5.0 (Windows NT 6.3; WOW64) AppleWebKit/537.36 (KHTML, like Gecko) Chrome/56.0.2924.87 Safari/537.36"
108.162.229.227 - - [28/Mar/2017:16:52:55 +0200] "GET /?live_configurator_token=ecfbf00414dfcced81bab3e840217ce5&id_employee=1&id_shop=3 HTTP/1.1" 503 1256 "https://dev.desbossesetdesbulles.com/adminrc2017/index.php?controller=AdminMaintenance&token=ae419bfb0d4fddddb03abce612eb1adc" "Mozilla/5.0 (Windows NT 6.3; WOW64) AppleWebKit/537.36 (KHTML, like Gecko) Chrome/56.0.2924.87 Safari/537.36"
141.101.88.149 - - [28/Mar/2017:16:52:55 +0200] "GET /themes/theme_forichon/css/maintenance.css HTTP/1.1" 503 1264 "https://shop.forichon.com/?live_configurator_token=ecfbf00414dfcced81bab3e840217ce5&id_employee=1&id_shop=3" "Mozilla/5.0 (Windows NT 6.3; WOW64) AppleWebKit/537.36 (KHTML, like Gecko) Chrome/56.0.2924.87 Safari/537.36"
141.101.69.52 - - [28/Mar/2017:16:52:55 +0200] "GET /img/favicon-3.ico HTTP/1.1" 304 193 "https://shop.forichon.com/?live_configurator_token=ecfbf00414dfcced81bab3e840217ce5&id_employee=1&id_shop=3" "Mozilla/5.0 (Windows NT 6.3; WOW64) AppleWebKit/537.36 (KHTML, like Gecko) Chrome/56.0.2924.87 Safari/537.36"
108.162.229.227 - - [28/Mar/2017:16:52:59 +0200] "GET /?live_configurator_token=ecfbf00414dfcced81bab3e840217ce5&id_employee=1&id_shop=3 HTTP/1.1" 503 1256 "https://dev.desbossesetdesbulles.com/adminrc2017/index.php?controller=AdminMaintenance&token=ae419bfb0d4fddddb03abce612eb1adc" "Mozilla/5.0 (Windows NT 6.3; WOW64) AppleWebKit/537.36 (KHTML, like Gecko) Chrome/56.0.2924.87 Safari/537.36"
141.101.88.149 - - [28/Mar/2017:16:53:00 +0200] "GET /themes/theme_forichon/css/maintenance.css HTTP/1.1" 503 1264 "https://shop.forichon.com/?live_configurator_token=ecfbf00414dfcced81bab3e840217ce5&id_employee=1&id_shop=3" "Mozilla/5.0 (Windows NT 6.3; WOW64) AppleWebKit/537.36 (KHTML, like Gecko) Chrome/56.0.2924.87 Safari/537.36"
141.101.69.52 - - [28/Mar/2017:16:53:00 +0200] "GET /img/favicon-3.ico HTTP/1.1" 200 1114 "https://shop.forichon.com/?live_configurator_token=ecfbf00414dfcced81bab3e840217ce5&id_employee=1&id_shop=3" "Mozilla/5.0 (Windows NT 6.3; WOW64) AppleWebKit/537.36 (KHTML, like Gecko) Chrome/56.0.2924.87 Safari/537.36"
108.162.229.227 - - [28/Mar/2017:16:53:00 +0200] "GET /?live_configurator_token=ecfbf00414dfcced81bab3e840217ce5&id_employee=1&id_shop=3 HTTP/1.1" 503 1256 "https://dev.desbossesetdesbulles.com/adminrc2017/index.php?controller=AdminMaintenance&token=ae419bfb0d4fddddb03abce612eb1adc" "Mozilla/5.0 (Windows NT 6.3; WOW64) AppleWebKit/537.36 (KHTML, like Gecko) Chrome/56.0.2924.87 Safari/537.36"
141.101.88.149 - - [28/Mar/2017:16:53:00 +0200] "GET /themes/theme_forichon/css/maintenance.css HTTP/1.1" 503 1264 "https://shop.forichon.com/?live_configurator_token=ecfbf00414dfcced81bab3e840217ce5&id_employee=1&id_shop=3" "Mozilla/5.0 (Windows NT 6.3; WOW64) AppleWebKit/537.36 (KHTML, like Gecko) Chrome/56.0.2924.87 Safari/537.36"
141.101.69.52 - - [28/Mar/2017:16:53:00 +0200] "GET /img/favicon-3.ico HTTP/1.1" 200 1114 "https://shop.forichon.com/?live_configurator_token=ecfbf00414dfcced81bab3e840217ce5&id_employee=1&id_shop=3" "Mozilla/5.0 (Windows NT 6.3; WOW64) AppleWebKit/537.36 (KHTML, like Gecko) Chrome/56.0.2924.87 Safari/537.36"
108.162.229.227 - - [28/Mar/2017:16:53:01 +0200] "GET /?live_configurator_token=ecfbf00414dfcced81bab3e840217ce5&id_employee=1&id_shop=3 HTTP/1.1" 503 1256 "https://dev.desbossesetdesbulles.com/adminrc2017/index.php?controller=AdminMaintenance&token=ae419bfb0d4fddddb03abce612eb1adc" "Mozilla/5.0 (Windows NT 6.3; WOW64) AppleWebKit/537.36 (KHTML, like Gecko) Chrome/56.0.2924.87 Safari/537.36"
141.101.88.149 - - [28/Mar/2017:16:53:01 +0200] "GET /themes/theme_forichon/css/maintenance.css HTTP/1.1" 503 1264 "https://shop.forichon.com/?live_configurator_token=ecfbf00414dfcced81bab3e840217ce5&id_employee=1&id_shop=3" "Mozilla/5.0 (Windows NT 6.3; WOW64) AppleWebKit/537.36 (KHTML, like Gecko) Chrome/56.0.2924.87 Safari/537.36"
141.101.69.52 - - [28/Mar/2017:16:53:01 +0200] "GET /img/favicon-3.ico HTTP/1.1" 200 1114 "https://shop.forichon.com/?live_configurator_token=ecfbf00414dfcced81bab3e840217ce5&id_employee=1&id_shop=3" "Mozilla/5.0 (Windows NT 6.3; WOW64) AppleWebKit/537.36 (KHTML, like Gecko) Chrome/56.0.2924.87 Safari/537.36"
108.162.229.227 - - [28/Mar/2017:16:53:14 +0200] "GET /?live_configurator_token=ecfbf00414dfcced81bab3e840217ce5&id_employee=1&id_shop=3 HTTP/1.1" 503 1256 "https://dev.desbossesetdesbulles.com/adminrc2017/index.php?controller=AdminMaintenance&token=ae419bfb0d4fddddb03abce612eb1adc" "Mozilla/5.0 (Windows NT 6.3; WOW64) AppleWebKit/537.36 (KHTML, like Gecko) Chrome/56.0.2924.87 Safari/537.36"
141.101.88.149 - - [28/Mar/2017:16:53:14 +0200] "GET /themes/theme_forichon/css/maintenance.css HTTP/1.1" 503 1264 "https://shop.forichon.com/?live_configurator_token=ecfbf00414dfcced81bab3e840217ce5&id_employee=1&id_shop=3" "Mozilla/5.0 (Windows NT 6.3; WOW64) AppleWebKit/537.36 (KHTML, like Gecko) Chrome/56.0.2924.87 Safari/537.36"
141.101.69.52 - - [28/Mar/2017:16:53:14 +0200] "GET /img/favicon-3.ico HTTP/1.1" 200 1114 "https://shop.forichon.com/?live_configurator_token=ecfbf00414dfcced81bab3e840217ce5&id_employee=1&id_shop=3" "Mozilla/5.0 (Windows NT 6.3; WOW64) AppleWebKit/537.36 (KHTML, like Gecko) Chrome/56.0.2924.87 Safari/537.36"
108.162.229.227 - - [28/Mar/2017:16:53:18 +0200] "GET / HTTP/1.1" 503 1256 "-" "Mozilla/5.0 (Windows NT 6.3; WOW64) AppleWebKit/537.36 (KHTML, like Gecko) Chrome/56.0.2924.87 Safari/537.36"
141.101.88.149 - - [28/Mar/2017:16:53:18 +0200] "GET /themes/theme_forichon/css/maintenance.css HTTP/1.1" 503 1264 "https://shop.forichon.com/" "Mozilla/5.0 (Windows NT 6.3; WOW64) AppleWebKit/537.36 (KHTML, like Gecko) Chrome/56.0.2924.87 Safari/537.36"
108.162.229.227 - - [28/Mar/2017:16:53:44 +0200] "GET / HTTP/1.1" 503 1256 "-" "Mozilla/5.0 (Windows NT 6.3; WOW64) AppleWebKit/537.36 (KHTML, like Gecko) Chrome/56.0.2924.87 Safari/537.36"
141.101.88.149 - - [28/Mar/2017:16:53:45 +0200] "GET /themes/theme_forichon/css/maintenance.css HTTP/1.1" 503 1264 "https://shop.forichon.com/" "Mozilla/5.0 (Windows NT 6.3; WOW64) AppleWebKit/537.36 (KHTML, like Gecko) Chrome/56.0.2924.87 Safari/537.36"
141.101.69.52 - - [28/Mar/2017:16:53:45 +0200] "GET /img/favicon-3.ico HTTP/1.1" 200 1114 "https://shop.forichon.com/" "Mozilla/5.0 (Windows NT 6.3; WOW64) AppleWebKit/537.36 (KHTML, like Gecko) Chrome/56.0.2924.87 Safari/537.36"
108.162.229.227 - - [28/Mar/2017:16:53:52 +0200] "GET / HTTP/1.1" 503 1256 "-" "Mozilla/5.0 (Windows NT 6.3; WOW64) AppleWebKit/537.36 (KHTML, like Gecko) Chrome/56.0.2924.87 Safari/537.36"
141.101.88.149 - - [28/Mar/2017:16:53:53 +0200] "GET /themes/theme_forichon/css/maintenance.css HTTP/1.1" 503 1264 "https://shop.forichon.com/" "Mozilla/5.0 (Windows NT 6.3; WOW64) AppleWebKit/537.36 (KHTML, like Gecko) Chrome/56.0.2924.87 Safari/537.36"
141.101.69.52 - - [28/Mar/2017:16:53:53 +0200] "GET /img/favicon-3.ico HTTP/1.1" 200 1114 "https://shop.forichon.com/" "Mozilla/5.0 (Windows NT 6.3; WOW64) AppleWebKit/537.36 (KHTML, like Gecko) Chrome/56.0.2924.87 Safari/537.36"
108.162.229.227 - - [28/Mar/2017:16:55:16 +0200] "GET /?live_configurator_token=ecfbf00414dfcced81bab3e840217ce5&id_employee=1&id_shop=3 HTTP/1.1" 503 1256 "https://dev.desbossesetdesbulles.com/adminrc2017/index.php?controller=AdminMaintenance&token=ae419bfb0d4fddddb03abce612eb1adc" "Mozilla/5.0 (Windows NT 6.3; WOW64) AppleWebKit/537.36 (KHTML, like Gecko) Chrome/56.0.2924.87 Safari/537.36"
141.101.88.149 - - [28/Mar/2017:16:55:17 +0200] "GET /themes/theme_forichon/css/maintenance.css HTTP/1.1" 503 1264 "https://shop.forichon.com/?live_configurator_token=ecfbf00414dfcced81bab3e840217ce5&id_employee=1&id_shop=3" "Mozilla/5.0 (Windows NT 6.3; WOW64) AppleWebKit/537.36 (KHTML, like Gecko) Chrome/56.0.2924.87 Safari/537.36"
108.162.229.227 - - [28/Mar/2017:16:55:23 +0200] "GET /?live_configurator_token=ecfbf00414dfcced81bab3e840217ce5&id_employee=1&id_shop=3 HTTP/1.1" 200 8118 "https://dev.desbossesetdesbulles.com/adminrc2017/index.php?controller=AdminMaintenance&token=ae419bfb0d4fddddb03abce612eb1adc" "Mozilla/5.0 (Windows NT 6.3; WOW64) AppleWebKit/537.36 (KHTML, like Gecko) Chrome/56.0.2924.87 Safari/537.36"
108.162.229.29 - - [28/Mar/2017:16:55:24 +0200] "GET /themes/theme_forichon/css/global.css HTTP/1.1" 200 36165 "https://shop.forichon.com/?live_configurator_token=ecfbf00414dfcced81bab3e840217ce5&id_employee=1&id_shop=3" "Mozilla/5.0 (Windows NT 6.3; WOW64) AppleWebKit/537.36 (KHTML, like Gecko) Chrome/56.0.2924.87 Safari/537.36"
141.101.69.148 - - [28/Mar/2017:16:55:24 +0200] "GET /themes/theme_forichon/css/product_list.css HTTP/1.1" 200 3613 "https://shop.forichon.com/?live_configurator_token=ecfbf00414dfcced81bab3e840217ce5&id_employee=1&id_shop=3" "Mozilla/5.0 (Windows NT 6.3; WOW64) AppleWebKit/537.36 (KHTML, like Gecko) Chrome/56.0.2924.87 Safari/537.36"
141.101.69.64 - - [28/Mar/2017:16:55:24 +0200] "GET /themes/theme_forichon/css/modules/blockcategories/blockcategories.css HTTP/1.1" 200 1132 "https://shop.forichon.com/?live_configurator_token=ecfbf00414dfcced81bab3e840217ce5&id_employee=1&id_shop=3" "Mozilla/5.0 (Windows NT 6.3; WOW64) AppleWebKit/537.36 (KHTML, like Gecko) Chrome/56.0.2924.87 Safari/537.36"
108.162.229.221 - - [28/Mar/2017:16:55:24 +0200] "GET /themes/theme_forichon/css/modules/blocksearch/blocksearch.css HTTP/1.1" 200 934 "https://shop.forichon.com/?live_configurator_token=ecfbf00414dfcced81bab3e840217ce5&id_employee=1&id_shop=3" "Mozilla/5.0 (Windows NT 6.3; WOW64) AppleWebKit/537.36 (KHTML, like Gecko) Chrome/56.0.2924.87 Safari/537.36"
141.101.69.100 - - [28/Mar/2017:16:55:24 +0200] "GET /themes/theme_forichon/css/modules/blocklanguages/blocklanguages.css HTTP/1.1" 200 951 "https://shop.forichon.com/?live_configurator_token=ecfbf00414dfcced81bab3e840217ce5&id_employee=1&id_shop=3" "Mozilla/5.0 (Windows NT 6.3; WOW64) AppleWebKit/537.36 (KHTML, like Gecko) Chrome/56.0.2924.87 Safari/537.36"
108.162.229.17 - - [28/Mar/2017:16:55:24 +0200] "GET /themes/theme_forichon/css/modules/blocknewsletter/blocknewsletter.css HTTP/1.1" 200 1755 "https://shop.forichon.com/?live_configurator_token=ecfbf00414dfcced81bab3e840217ce5&id_employee=1&id_shop=3" "Mozilla/5.0 (Windows NT 6.3; WOW64) AppleWebKit/537.36 (KHTML, like Gecko) Chrome/56.0.2924.87 Safari/537.36"
141.101.88.221 - - [28/Mar/2017:16:55:24 +0200] "GET /themes/theme_forichon/css/modules/blocktopmenu/css/superfish-modified.css HTTP/1.1" 200 2593 "https://shop.forichon.com/?live_configurator_token=ecfbf00414dfcced81bab3e840217ce5&id_employee=1&id_shop=3" "Mozilla/5.0 (Windows NT 6.3; WOW64) AppleWebKit/537.36 (KHTML, like Gecko) Chrome/56.0.2924.87 Safari/537.36"
108.162.229.209 - - [28/Mar/2017:16:55:24 +0200] "GET /themes/theme_forichon/css/modules/blockcart/blockcart.css HTTP/1.1" 200 3911 "https://shop.forichon.com/?live_configurator_token=ecfbf00414dfcced81bab3e840217ce5&id_employee=1&id_shop=3" "Mozilla/5.0 (Windows NT 6.3; WOW64) AppleWebKit/537.36 (KHTML, like Gecko) Chrome/56.0.2924.87 Safari/537.36"
108.162.229.215 - - [28/Mar/2017:16:55:24 +0200] "GET /themes/theme_forichon/css/modules/blockuserinfo/blockuserinfo.css HTTP/1.1" 200 628 "https://shop.forichon.com/?live_configurator_token=ecfbf00414dfcced81bab3e840217ce5&id_employee=1&id_shop=3" "Mozilla/5.0 (Windows NT 6.3; WOW64) AppleWebKit/537.36 (KHTML, like Gecko) Chrome/56.0.2924.87 Safari/537.36"
108.162.229.125 - - [28/Mar/2017:16:55:24 +0200] "GET /themes/theme_forichon/css/modules/blockcurrencies/blockcurrencies.css HTTP/1.1" 200 970 "https://shop.forichon.com/?live_configurator_token=ecfbf00414dfcced81bab3e840217ce5&id_employee=1&id_shop=3" "Mozilla/5.0 (Windows NT 6.3; WOW64) AppleWebKit/537.36 (KHTML, like Gecko) Chrome/56.0.2924.87 Safari/537.36"
108.162.229.209 - - [28/Mar/2017:16:55:24 +0200] "GET /themes/theme_forichon/css/modules/blockcontact/blockcontact.css HTTP/1.1" 200 912 "https://shop.forichon.com/?live_configurator_token=ecfbf00414dfcced81bab3e840217ce5&id_employee=1&id_shop=3" "Mozilla/5.0 (Windows NT 6.3; WOW64) AppleWebKit/537.36 (KHTML, like Gecko) Chrome/56.0.2924.87 Safari/537.36"
141.101.69.10 - - [28/Mar/2017:16:55:24 +0200] "GET /themes/theme_forichon/css/modules/homeslider/homeslider.css HTTP/1.1" 200 1281 "https://shop.forichon.com/?live_configurator_token=ecfbf00414dfcced81bab3e840217ce5&id_employee=1&id_shop=3" "Mozilla/5.0 (Windows NT 6.3; WOW64) AppleWebKit/537.36 (KHTML, like Gecko) Chrome/56.0.2924.87 Safari/537.36"
108.162.229.227 - - [28/Mar/2017:16:55:27 +0200] "GET /27-impressions HTTP/1.1" 200 6882 "https://shop.forichon.com/?live_configurator_token=ecfbf00414dfcced81bab3e840217ce5&id_employee=1&id_shop=3" "Mozilla/5.0 (Windows NT 6.3; WOW64) AppleWebKit/537.36 (KHTML, like Gecko) Chrome/56.0.2924.87 Safari/537.36"
141.101.88.143 - - [28/Mar/2017:16:55:28 +0200] "GET /themes/theme_forichon/css/category.css HTTP/1.1" 200 1180 "https://shop.forichon.com/27-impressions" "Mozilla/5.0 (Windows NT 6.3; WOW64) AppleWebKit/537.36 (KHTML, like Gecko) Chrome/56.0.2924.87 Safari/537.36"
108.162.229.245 - - [28/Mar/2017:16:55:28 +0200] "GET /themes/theme_forichon/css/scenes.css HTTP/1.1" 200 1041 "https://shop.forichon.com/27-impressions" "Mozilla/5.0 (Windows NT 6.3; WOW64) AppleWebKit/537.36 (KHTML, like Gecko) Chrome/56.0.2924.87 Safari/537.36"
108.162.229.227 - - [28/Mar/2017:16:55:29 +0200] "GET /29-tableaux HTTP/1.1" 200 6205 "https://shop.forichon.com/27-impressions" "Mozilla/5.0 (Windows NT 6.3; WOW64) AppleWebKit/537.36 (KHTML, like Gecko) Chrome/56.0.2924.87 Safari/537.36"
108.162.229.227 - - [28/Mar/2017:16:56:25 +0200] "GET /29-tableaux HTTP/1.1" 200 5816 "https://shop.forichon.com/27-impressions" "Mozilla/5.0 (Windows NT 6.3; WOW64) AppleWebKit/537.36 (KHTML, like Gecko) Chrome/56.0.2924.87 Safari/537.36"
108.162.229.29 - - [28/Mar/2017:16:56:25 +0200] "GET /themes/theme_forichon/css/global.css HTTP/1.1" 200 36165 "https://shop.forichon.com/29-tableaux" "Mozilla/5.0 (Windows NT 6.3; WOW64) AppleWebKit/537.36 (KHTML, like Gecko) Chrome/56.0.2924.87 Safari/537.36"
108.162.229.245 - - [28/Mar/2017:16:56:25 +0200] "GET /themes/theme_forichon/css/scenes.css HTTP/1.1" 200 1041 "https://shop.forichon.com/29-tableaux" "Mozilla/5.0 (Windows NT 6.3; WOW64) AppleWebKit/537.36 (KHTML, like Gecko) Chrome/56.0.2924.87 Safari/537.36"
141.101.69.64 - - [28/Mar/2017:16:56:25 +0200] "GET /themes/theme_forichon/css/modules/blockcategories/blockcategories.css HTTP/1.1" 200 1132 "https://shop.forichon.com/29-tableaux" "Mozilla/5.0 (Windows NT 6.3; WOW64) AppleWebKit/537.36 (KHTML, like Gecko) Chrome/56.0.2924.87 Safari/537.36"
141.101.69.148 - - [28/Mar/2017:16:56:25 +0200] "GET /themes/theme_forichon/css/product_list.css HTTP/1.1" 200 3613 "https://shop.forichon.com/29-tableaux" "Mozilla/5.0 (Windows NT 6.3; WOW64) AppleWebKit/537.36 (KHTML, like Gecko) Chrome/56.0.2924.87 Safari/537.36"
108.162.229.209 - - [28/Mar/2017:16:56:25 +0200] "GET /themes/theme_forichon/css/modules/blockcart/blockcart.css HTTP/1.1" 200 3911 "https://shop.forichon.com/29-tableaux" "Mozilla/5.0 (Windows NT 6.3; WOW64) AppleWebKit/537.36 (KHTML, like Gecko) Chrome/56.0.2924.87 Safari/537.36"
141.101.88.143 - - [28/Mar/2017:16:56:25 +0200] "GET /themes/theme_forichon/css/category.css HTTP/1.1" 200 1180 "https://shop.forichon.com/29-tableaux" "Mozilla/5.0 (Windows NT 6.3; WOW64) AppleWebKit/537.36 (KHTML, like Gecko) Chrome/56.0.2924.87 Safari/537.36"
141.101.69.100 - - [28/Mar/2017:16:56:25 +0200] "GET /themes/theme_forichon/css/modules/blocklanguages/blocklanguages.css HTTP/1.1" 200 951 "https://shop.forichon.com/29-tableaux" "Mozilla/5.0 (Windows NT 6.3; WOW64) AppleWebKit/537.36 (KHTML, like Gecko) Chrome/56.0.2924.87 Safari/537.36"
141.101.88.221 - - [28/Mar/2017:16:56:25 +0200] "GET /themes/theme_forichon/css/modules/blocktopmenu/css/superfish-modified.css HTTP/1.1" 200 2593 "https://shop.forichon.com/29-tableaux" "Mozilla/5.0 (Windows NT 6.3; WOW64) AppleWebKit/537.36 (KHTML, like Gecko) Chrome/56.0.2924.87 Safari/537.36"
108.162.229.215 - - [28/Mar/2017:16:56:25 +0200] "GET /themes/theme_forichon/css/modules/blockuserinfo/blockuserinfo.css HTTP/1.1" 200 628 "https://shop.forichon.com/29-tableaux" "Mozilla/5.0 (Windows NT 6.3; WOW64) AppleWebKit/537.36 (KHTML, like Gecko) Chrome/56.0.2924.87 Safari/537.36"
108.162.229.17 - - [28/Mar/2017:16:56:25 +0200] "GET /themes/theme_forichon/css/modules/blocknewsletter/blocknewsletter.css HTTP/1.1" 200 1755 "https://shop.forichon.com/29-tableaux" "Mozilla/5.0 (Windows NT 6.3; WOW64) AppleWebKit/537.36 (KHTML, like Gecko) Chrome/56.0.2924.87 Safari/537.36"
108.162.229.221 - - [28/Mar/2017:16:56:25 +0200] "GET /themes/theme_forichon/css/modules/blocksearch/blocksearch.css HTTP/1.1" 200 934 "https://shop.forichon.com/29-tableaux" "Mozilla/5.0 (Windows NT 6.3; WOW64) AppleWebKit/537.36 (KHTML, like Gecko) Chrome/56.0.2924.87 Safari/537.36"
108.162.229.125 - - [28/Mar/2017:16:56:25 +0200] "GET /themes/theme_forichon/css/modules/blockcurrencies/blockcurrencies.css HTTP/1.1" 200 970 "https://shop.forichon.com/29-tableaux" "Mozilla/5.0 (Windows NT 6.3; WOW64) AppleWebKit/537.36 (KHTML, like Gecko) Chrome/56.0.2924.87 Safari/537.36"
108.162.229.209 - - [28/Mar/2017:16:56:25 +0200] "GET /themes/theme_forichon/css/modules/blockcontact/blockcontact.css HTTP/1.1" 200 912 "https://shop.forichon.com/29-tableaux" "Mozilla/5.0 (Windows NT 6.3; WOW64) AppleWebKit/537.36 (KHTML, like Gecko) Chrome/56.0.2924.87 Safari/537.36"
141.101.69.10 - - [28/Mar/2017:16:56:25 +0200] "GET /img/favicon-3.ico?1490712586 HTTP/1.1" 200 1114 "https://shop.forichon.com/29-tableaux" "Mozilla/5.0 (Windows NT 6.3; WOW64) AppleWebKit/537.36 (KHTML, like Gecko) Chrome/56.0.2924.87 Safari/537.36"
