141.101.88.203 - - [28/Mar/2017:17:07:31 +0200] "GET /themes/theme_forichon/js/tools/treeManagement.js HTTP/1.1" 200 1484 "https://shop.forichon.com/commande" "Mozilla/5.0 (Windows NT 6.3; WOW64) AppleWebKit/537.36 (KHTML, like Gecko) Chrome/56.0.2924.87 Safari/537.36"
108.162.229.95 - - [28/Mar/2017:17:07:31 +0200] "GET /js/jquery/plugins/jquery.scrollTo.js HTTP/1.1" 200 1698 "https://shop.forichon.com/commande" "Mozilla/5.0 (Windows NT 6.3; WOW64) AppleWebKit/537.36 (KHTML, like Gecko) Chrome/56.0.2924.87 Safari/537.36"
141.101.88.89 - - [28/Mar/2017:17:07:31 +0200] "GET /js/jquery/plugins/jquery.serialScroll.js HTTP/1.1" 200 1396 "https://shop.forichon.com/commande" "Mozilla/5.0 (Windows NT 6.3; WOW64) AppleWebKit/537.36 (KHTML, like Gecko) Chrome/56.0.2924.87 Safari/537.36"
141.101.88.179 - - [28/Mar/2017:17:07:31 +0200] "GET /js/jquery/plugins/autocomplete/jquery.autocomplete.js HTTP/1.1" 200 6812 "https://shop.forichon.com/commande" "Mozilla/5.0 (Windows NT 6.3; WOW64) AppleWebKit/537.36 (KHTML, like Gecko) Chrome/56.0.2924.87 Safari/537.36"
141.101.88.5 - - [28/Mar/2017:17:07:31 +0200] "GET /modules/mondialrelay/views/js/common.js HTTP/1.1" 200 1823 "https://shop.forichon.com/commande" "Mozilla/5.0 (Windows NT 6.3; WOW64) AppleWebKit/537.36 (KHTML, like Gecko) Chrome/56.0.2924.87 Safari/537.36"
141.101.88.5 - - [28/Mar/2017:17:07:31 +0200] "GET /themes/theme_forichon/js/modules/blocksearch/blocksearch.js HTTP/1.1" 200 1851 "https://shop.forichon.com/commande" "Mozilla/5.0 (Windows NT 6.3; WOW64) AppleWebKit/537.36 (KHTML, like Gecko) Chrome/56.0.2924.87 Safari/537.36"
141.101.69.154 - - [28/Mar/2017:17:07:32 +0200] "GET /modules/mondialrelay/views/js/mondialrelay_widget.js HTTP/1.1" 200 2608 "https://shop.forichon.com/commande" "Mozilla/5.0 (Windows NT 6.3; WOW64) AppleWebKit/537.36 (KHTML, like Gecko) Chrome/56.0.2924.87 Safari/537.36"
141.101.69.118 - - [28/Mar/2017:17:07:32 +0200] "GET /modules/themeconfigurator/css/hooks.css HTTP/1.1" 200 724 "https://shop.forichon.com/commande" "Mozilla/5.0 (Windows NT 6.3; WOW64) AppleWebKit/537.36 (KHTML, like Gecko) Chrome/56.0.2924.87 Safari/537.36"
141.101.88.155 - - [28/Mar/2017:17:07:32 +0200] "GET /js/jquery/plugins/fancybox/jquery.fancybox.js HTTP/1.1" 200 8986 "https://shop.forichon.com/commande" "Mozilla/5.0 (Windows NT 6.3; WOW64) AppleWebKit/537.36 (KHTML, like Gecko) Chrome/56.0.2924.87 Safari/537.36"
141.101.69.34 - - [28/Mar/2017:17:07:32 +0200] "GET /js/jquery/plugins/jquery.typewatch.js HTTP/1.1" 200 1344 "https://shop.forichon.com/commande" "Mozilla/5.0 (Windows NT 6.3; WOW64) AppleWebKit/537.36 (KHTML, like Gecko) Chrome/56.0.2924.87 Safari/537.36"
141.101.88.5 - - [28/Mar/2017:17:07:33 +0200] "GET /js/jquery/plugins/jquery.easing.js HTTP/1.1" 200 1514 "https://shop.forichon.com/commande" "Mozilla/5.0 (Windows NT 6.3; WOW64) AppleWebKit/537.36 (KHTML, like Gecko) Chrome/56.0.2924.87 Safari/537.36"
108.162.229.53 - - [28/Mar/2017:17:07:33 +0200] "GET /js/jquery/jquery-1.11.0.min.js HTTP/1.1" 200 33723 "https://shop.forichon.com/commande" "Mozilla/5.0 (Windows NT 6.3; WOW64) AppleWebKit/537.36 (KHTML, like Gecko) Chrome/56.0.2924.87 Safari/537.36"
141.101.88.41 - - [28/Mar/2017:17:07:34 +0200] "GET /themes/theme_forichon/js/modules/blocktopmenu/js/hoverIntent.js HTTP/1.1" 200 1970 "https://shop.forichon.com/commande" "Mozilla/5.0 (Windows NT 6.3; WOW64) AppleWebKit/537.36 (KHTML, like Gecko) Chrome/56.0.2924.87 Safari/537.36"
108.162.229.173 - - [28/Mar/2017:17:07:34 +0200] "GET /themes/theme_forichon/js/modules/blockcart/ajax-cart.js HTTP/1.1" 200 8296 "https://shop.forichon.com/commande" "Mozilla/5.0 (Windows NT 6.3; WOW64) AppleWebKit/537.36 (KHTML, like Gecko) Chrome/56.0.2924.87 Safari/537.36"
141.101.69.64 - - [28/Mar/2017:17:07:34 +0200] "GET /js/tools.js HTTP/1.1" 200 6610 "https://shop.forichon.com/commande" "Mozilla/5.0 (Windows NT 6.3; WOW64) AppleWebKit/537.36 (KHTML, like Gecko) Chrome/56.0.2924.87 Safari/537.36"
141.101.69.94 - - [28/Mar/2017:17:07:35 +0200] "GET /img/p/fr-default-cart_default.jpg HTTP/1.1" 200 2580 "https://shop.forichon.com/commande" "Mozilla/5.0 (Windows NT 6.3; WOW64) AppleWebKit/537.36 (KHTML, like Gecko) Chrome/56.0.2924.87 Safari/537.36"
141.101.88.35 - - [28/Mar/2017:17:07:35 +0200] "GET /themes/theme_forichon/js/autoload/15-jquery.uniform-modified.js HTTP/1.1" 200 8253 "https://shop.forichon.com/commande" "Mozilla/5.0 (Windows NT 6.3; WOW64) AppleWebKit/537.36 (KHTML, like Gecko) Chrome/56.0.2924.87 Safari/537.36"
141.101.88.41 - - [28/Mar/2017:17:07:35 +0200] "GET /themes/theme_forichon/fonts/fontawesome-webfont.woff2?v=4.3.0 HTTP/1.1" 200 57055 "https://shop.forichon.com/themes/theme_forichon/css/global.css" "Mozilla/5.0 (Windows NT 6.3; WOW64) AppleWebKit/537.36 (KHTML, like Gecko) Chrome/56.0.2924.87 Safari/537.36"
108.162.229.233 - - [28/Mar/2017:17:07:35 +0200] "GET /themes/theme_forichon/img/order-step-a.png HTTP/1.1" 200 881 "https://shop.forichon.com/themes/theme_forichon/css/global.css" "Mozilla/5.0 (Windows NT 6.3; WOW64) AppleWebKit/537.36 (KHTML, like Gecko) Chrome/56.0.2924.87 Safari/537.36"
141.101.88.83 - - [28/Mar/2017:17:07:35 +0200] "GET /themes/theme_forichon/img/order-step-current.png HTTP/1.1" 200 640 "https://shop.forichon.com/themes/theme_forichon/css/global.css" "Mozilla/5.0 (Windows NT 6.3; WOW64) AppleWebKit/537.36 (KHTML, like Gecko) Chrome/56.0.2924.87 Safari/537.36"
141.101.69.46 - - [28/Mar/2017:17:07:37 +0200] "GET /img/favicon-3.ico?1490713516 HTTP/1.1" 200 1114 "https://shop.forichon.com/commande" "Mozilla/5.0 (Windows NT 6.3; WOW64) AppleWebKit/537.36 (KHTML, like Gecko) Chrome/56.0.2924.87 Safari/537.36"
141.101.69.46 - - [28/Mar/2017:17:07:37 +0200] "GET /img/favicon-3.ico?1490713516 HTTP/1.1" 200 1114 "https://shop.forichon.com/commande" "Mozilla/5.0 (Windows NT 6.3; WOW64) AppleWebKit/537.36 (KHTML, like Gecko) Chrome/56.0.2924.87 Safari/537.36"
108.162.229.227 - - [28/Mar/2017:17:07:46 +0200] "GET /commande?step=1 HTTP/1.1" 302 406 "https://shop.forichon.com/commande" "Mozilla/5.0 (Windows NT 6.3; WOW64) AppleWebKit/537.36 (KHTML, like Gecko) Chrome/56.0.2924.87 Safari/537.36"
108.162.229.227 - - [28/Mar/2017:17:07:46 +0200] "GET /connexion?back=https%3A%2F%2Fshop.forichon.com%2Fcommande%3Fstep%3D1 HTTP/1.1" 200 6478 "https://shop.forichon.com/commande" "Mozilla/5.0 (Windows NT 6.3; WOW64) AppleWebKit/537.36 (KHTML, like Gecko) Chrome/56.0.2924.87 Safari/537.36"
141.101.69.250 - - [28/Mar/2017:17:07:47 +0200] "GET /js/jquery/plugins/fancybox/jquery.fancybox.css HTTP/1.1" 200 1761 "https://shop.forichon.com/connexion?back=https%3A%2F%2Fshop.forichon.com%2Fcommande%3Fstep%3D1" "Mozilla/5.0 (Windows NT 6.3; WOW64) AppleWebKit/537.36 (KHTML, like Gecko) Chrome/56.0.2924.87 Safari/537.36"
108.162.229.29 - - [28/Mar/2017:17:07:47 +0200] "GET /themes/theme_forichon/css/global.css HTTP/1.1" 200 36165 "https://shop.forichon.com/connexion?back=https%3A%2F%2Fshop.forichon.com%2Fcommande%3Fstep%3D1" "Mozilla/5.0 (Windows NT 6.3; WOW64) AppleWebKit/537.36 (KHTML, like Gecko) Chrome/56.0.2924.87 Safari/537.36"
141.101.88.149 - - [28/Mar/2017:17:07:47 +0200] "GET /js/jquery/plugins/bxslider/jquery.bxslider.css HTTP/1.1" 200 1357 "https://shop.forichon.com/connexion?back=https%3A%2F%2Fshop.forichon.com%2Fcommande%3Fstep%3D1" "Mozilla/5.0 (Windows NT 6.3; WOW64) AppleWebKit/537.36 (KHTML, like Gecko) Chrome/56.0.2924.87 Safari/537.36"
108.162.229.125 - - [28/Mar/2017:17:07:47 +0200] "GET /themes/theme_forichon/css/modules/blockcurrencies/blockcurrencies.css HTTP/1.1" 200 970 "https://shop.forichon.com/connexion?back=https%3A%2F%2Fshop.forichon.com%2Fcommande%3Fstep%3D1" "Mozilla/5.0 (Windows NT 6.3; WOW64) AppleWebKit/537.36 (KHTML, like Gecko) Chrome/56.0.2924.87 Safari/537.36"
108.162.229.209 - - [28/Mar/2017:17:07:47 +0200] "GET /themes/theme_forichon/css/modules/blockcart/blockcart.css HTTP/1.1" 200 3911 "https://shop.forichon.com/connexion?back=https%3A%2F%2Fshop.forichon.com%2Fcommande%3Fstep%3D1" "Mozilla/5.0 (Windows NT 6.3; WOW64) AppleWebKit/537.36 (KHTML, like Gecko) Chrome/56.0.2924.87 Safari/537.36"
108.162.229.197 - - [28/Mar/2017:17:07:47 +0200] "GET /js/jquery/plugins/autocomplete/jquery.autocomplete.css HTTP/1.1" 200 788 "https://shop.forichon.com/connexion?back=https%3A%2F%2Fshop.forichon.com%2Fcommande%3Fstep%3D1" "Mozilla/5.0 (Windows NT 6.3; WOW64) AppleWebKit/537.36 (KHTML, like Gecko) Chrome/56.0.2924.87 Safari/537.36"
108.162.229.173 - - [28/Mar/2017:17:07:47 +0200] "GET /modules/blockmyaccountfooter/blockmyaccount.css HTTP/1.1" 200 712 "https://shop.forichon.com/connexion?back=https%3A%2F%2Fshop.forichon.com%2Fcommande%3Fstep%3D1" "Mozilla/5.0 (Windows NT 6.3; WOW64) AppleWebKit/537.36 (KHTML, like Gecko) Chrome/56.0.2924.87 Safari/537.36"
141.101.69.214 - - [28/Mar/2017:17:07:47 +0200] "GET /js/jquery/jquery-migrate-1.2.1.min.js HTTP/1.1" 200 3415 "https://shop.forichon.com/connexion?back=https%3A%2F%2Fshop.forichon.com%2Fcommande%3Fstep%3D1" "Mozilla/5.0 (Windows NT 6.3; WOW64) AppleWebKit/537.36 (KHTML, like Gecko) Chrome/56.0.2924.87 Safari/537.36"
108.162.229.209 - - [28/Mar/2017:17:07:47 +0200] "GET /themes/theme_forichon/css/modules/blockcontact/blockcontact.css HTTP/1.1" 200 912 "https://shop.forichon.com/connexion?back=https%3A%2F%2Fshop.forichon.com%2Fcommande%3Fstep%3D1" "Mozilla/5.0 (Windows NT 6.3; WOW64) AppleWebKit/537.36 (KHTML, like Gecko) Chrome/56.0.2924.87 Safari/537.36"
141.101.69.64 - - [28/Mar/2017:17:07:47 +0200] "GET /themes/theme_forichon/css/modules/blockcategories/blockcategories.css HTTP/1.1" 200 1132 "https://shop.forichon.com/connexion?back=https%3A%2F%2Fshop.forichon.com%2Fcommande%3Fstep%3D1" "Mozilla/5.0 (Windows NT 6.3; WOW64) AppleWebKit/537.36 (KHTML, like Gecko) Chrome/56.0.2924.87 Safari/537.36"
108.162.229.221 - - [28/Mar/2017:17:07:47 +0200] "GET /themes/theme_forichon/css/modules/blocksearch/blocksearch.css HTTP/1.1" 200 934 "https://shop.forichon.com/connexion?back=https%3A%2F%2Fshop.forichon.com%2Fcommande%3Fstep%3D1" "Mozilla/5.0 (Windows NT 6.3; WOW64) AppleWebKit/537.36 (KHTML, like Gecko) Chrome/56.0.2924.87 Safari/537.36"
141.101.69.100 - - [28/Mar/2017:17:07:47 +0200] "GET /themes/theme_forichon/css/modules/blocklanguages/blocklanguages.css HTTP/1.1" 200 951 "https://shop.forichon.com/connexion?back=https%3A%2F%2Fshop.forichon.com%2Fcommande%3Fstep%3D1" "Mozilla/5.0 (Windows NT 6.3; WOW64) AppleWebKit/537.36 (KHTML, like Gecko) Chrome/56.0.2924.87 Safari/537.36"
141.101.88.5 - - [28/Mar/2017:17:07:47 +0200] "GET /js/jquery/plugins/jquery.easing.js HTTP/1.1" 200 1514 "https://shop.forichon.com/connexion?back=https%3A%2F%2Fshop.forichon.com%2Fcommande%3Fstep%3D1" "Mozilla/5.0 (Windows NT 6.3; WOW64) AppleWebKit/537.36 (KHTML, like Gecko) Chrome/56.0.2924.87 Safari/537.36"
141.101.88.179 - - [28/Mar/2017:17:07:47 +0200] "GET /js/jquery/plugins/autocomplete/jquery.autocomplete.js HTTP/1.1" 200 6812 "https://shop.forichon.com/connexion?back=https%3A%2F%2Fshop.forichon.com%2Fcommande%3Fstep%3D1" "Mozilla/5.0 (Windows NT 6.3; WOW64) AppleWebKit/537.36 (KHTML, like Gecko) Chrome/56.0.2924.87 Safari/537.36"
141.101.88.107 - - [28/Mar/2017:17:07:47 +0200] "GET /themes/theme_forichon/js/tools/statesManagement.js HTTP/1.1" 200 2061 "https://shop.forichon.com/connexion?back=https%3A%2F%2Fshop.forichon.com%2Fcommande%3Fstep%3D1" "Mozilla/5.0 (Windows NT 6.3; WOW64) AppleWebKit/537.36 (KHTML, like Gecko) Chrome/56.0.2924.87 Safari/537.36"
141.101.88.89 - - [28/Mar/2017:17:07:47 +0200] "GET /js/jquery/plugins/jquery.serialScroll.js HTTP/1.1" 200 1396 "https://shop.forichon.com/connexion?back=https%3A%2F%2Fshop.forichon.com%2Fcommande%3Fstep%3D1" "Mozilla/5.0 (Windows NT 6.3; WOW64) AppleWebKit/537.36 (KHTML, like Gecko) Chrome/56.0.2924.87 Safari/537.36"
108.162.229.167 - - [28/Mar/2017:17:07:47 +0200] "GET /modules/blocktags/blocktags.css HTTP/1.1" 200 600 "https://shop.forichon.com/connexion?back=https%3A%2F%2Fshop.forichon.com%2Fcommande%3Fstep%3D1" "Mozilla/5.0 (Windows NT 6.3; WOW64) AppleWebKit/537.36 (KHTML, like Gecko) Chrome/56.0.2924.87 Safari/537.36"
141.101.88.203 - - [28/Mar/2017:17:07:47 +0200] "GET /themes/theme_forichon/js/tools/treeManagement.js HTTP/1.1" 200 1484 "https://shop.forichon.com/connexion?back=https%3A%2F%2Fshop.forichon.com%2Fcommande%3Fstep%3D1" "Mozilla/5.0 (Windows NT 6.3; WOW64) AppleWebKit/537.36 (KHTML, like Gecko) Chrome/56.0.2924.87 Safari/537.36"
108.162.229.95 - - [28/Mar/2017:17:07:47 +0200] "GET /js/jquery/plugins/jquery.scrollTo.js HTTP/1.1" 200 1698 "https://shop.forichon.com/connexion?back=https%3A%2F%2Fshop.forichon.com%2Fcommande%3Fstep%3D1" "Mozilla/5.0 (Windows NT 6.3; WOW64) AppleWebKit/537.36 (KHTML, like Gecko) Chrome/56.0.2924.87 Safari/537.36"
108.162.229.215 - - [28/Mar/2017:17:07:47 +0200] "GET /themes/theme_forichon/css/modules/blockuserinfo/blockuserinfo.css HTTP/1.1" 200 628 "https://shop.forichon.com/connexion?back=https%3A%2F%2Fshop.forichon.com%2Fcommande%3Fstep%3D1" "Mozilla/5.0 (Windows NT 6.3; WOW64) AppleWebKit/537.36 (KHTML, like Gecko) Chrome/56.0.2924.87 Safari/537.36"
108.162.229.143 - - [28/Mar/2017:17:07:47 +0200] "GET /img/shop-forichon-logo-14907135143.jpg HTTP/1.1" 200 8458 "https://shop.forichon.com/connexion?back=https%3A%2F%2Fshop.forichon.com%2Fcommande%3Fstep%3D1" "Mozilla/5.0 (Windows NT 6.3; WOW64) AppleWebKit/537.36 (KHTML, like Gecko) Chrome/56.0.2924.87 Safari/537.36"
141.101.69.178 - - [28/Mar/2017:17:07:47 +0200] "GET /modules/blockviewed/blockviewed.css HTTP/1.1" 200 637 "https://shop.forichon.com/connexion?back=https%3A%2F%2Fshop.forichon.com%2Fcommande%3Fstep%3D1" "Mozilla/5.0 (Windows NT 6.3; WOW64) AppleWebKit/537.36 (KHTML, like Gecko) Chrome/56.0.2924.87 Safari/537.36"
108.162.229.227 - - [28/Mar/2017:17:07:47 +0200] "GET /themes/theme_forichon/js/modules/blocktopmenu/js/blocktopmenu.js HTTP/1.1" 200 1873 "https://shop.forichon.com/connexion?back=https%3A%2F%2Fshop.forichon.com%2Fcommande%3Fstep%3D1" "Mozilla/5.0 (Windows NT 6.3; WOW64) AppleWebKit/537.36 (KHTML, like Gecko) Chrome/56.0.2924.87 Safari/537.36"
141.101.88.35 - - [28/Mar/2017:17:07:47 +0200] "GET /themes/theme_forichon/js/autoload/15-jquery.uniform-modified.js HTTP/1.1" 200 8253 "https://shop.forichon.com/connexion?back=https%3A%2F%2Fshop.forichon.com%2Fcommande%3Fstep%3D1" "Mozilla/5.0 (Windows NT 6.3; WOW64) AppleWebKit/537.36 (KHTML, like Gecko) Chrome/56.0.2924.87 Safari/537.36"
108.162.229.53 - - [28/Mar/2017:17:07:47 +0200] "GET /js/jquery/jquery-1.11.0.min.js HTTP/1.1" 200 33723 "https://shop.forichon.com/connexion?back=https%3A%2F%2Fshop.forichon.com%2Fcommande%3Fstep%3D1" "Mozilla/5.0 (Windows NT 6.3; WOW64) AppleWebKit/537.36 (KHTML, like Gecko) Chrome/56.0.2924.87 Safari/537.36"
141.101.69.94 - - [28/Mar/2017:17:07:47 +0200] "GET /img/p/fr-default-cart_default.jpg HTTP/1.1" 200 2580 "https://shop.forichon.com/connexion?back=https%3A%2F%2Fshop.forichon.com%2Fcommande%3Fstep%3D1" "Mozilla/5.0 (Windows NT 6.3; WOW64) AppleWebKit/537.36 (KHTML, like Gecko) Chrome/56.0.2924.87 Safari/537.36"
141.101.69.64 - - [28/Mar/2017:17:07:47 +0200] "GET /js/tools.js HTTP/1.1" 200 6610 "https://shop.forichon.com/connexion?back=https%3A%2F%2Fshop.forichon.com%2Fcommande%3Fstep%3D1" "Mozilla/5.0 (Windows NT 6.3; WOW64) AppleWebKit/537.36 (KHTML, like Gecko) Chrome/56.0.2924.87 Safari/537.36"
141.101.88.197 - - [28/Mar/2017:17:07:47 +0200] "GET /themes/theme_forichon/js/autoload/15-jquery.total-storage.min.js HTTP/1.1" 200 1389 "https://shop.forichon.com/connexion?back=https%3A%2F%2Fshop.forichon.com%2Fcommande%3Fstep%3D1" "Mozilla/5.0 (Windows NT 6.3; WOW64) AppleWebKit/537.36 (KHTML, like Gecko) Chrome/56.0.2924.87 Safari/537.36"
141.101.69.40 - - [28/Mar/2017:17:07:47 +0200] "GET /themes/theme_forichon/js/autoload/10-bootstrap.min.js HTTP/1.1" 200 7583 "https://shop.forichon.com/connexion?back=https%3A%2F%2Fshop.forichon.com%2Fcommande%3Fstep%3D1" "Mozilla/5.0 (Windows NT 6.3; WOW64) AppleWebKit/537.36 (KHTML, like Gecko) Chrome/56.0.2924.87 Safari/537.36"
141.101.88.221 - - [28/Mar/2017:17:07:47 +0200] "GET /themes/theme_forichon/css/modules/blocktopmenu/css/superfish-modified.css HTTP/1.1" 200 2593 "https://shop.forichon.com/connexion?back=https%3A%2F%2Fshop.forichon.com%2Fcommande%3Fstep%3D1" "Mozilla/5.0 (Windows NT 6.3; WOW64) AppleWebKit/537.36 (KHTML, like Gecko) Chrome/56.0.2924.87 Safari/537.36"
108.162.229.137 - - [28/Mar/2017:17:07:47 +0200] "GET /themes/theme_forichon/js/modules/blocktopmenu/js/superfish-modified.js HTTP/1.1" 200 2650 "https://shop.forichon.com/connexion?back=https%3A%2F%2Fshop.forichon.com%2Fcommande%3Fstep%3D1" "Mozilla/5.0 (Windows NT 6.3; WOW64) AppleWebKit/537.36 (KHTML, like Gecko) Chrome/56.0.2924.87 Safari/537.36"
141.101.88.143 - - [28/Mar/2017:17:07:47 +0200] "GET /themes/theme_forichon/js/modules/blocknewsletter/blocknewsletter.js HTTP/1.1" 200 1195 "https://shop.forichon.com/connexion?back=https%3A%2F%2Fshop.forichon.com%2Fcommande%3Fstep%3D1" "Mozilla/5.0 (Windows NT 6.3; WOW64) AppleWebKit/537.36 (KHTML, like Gecko) Chrome/56.0.2924.87 Safari/537.36"
141.101.88.41 - - [28/Mar/2017:17:07:47 +0200] "GET /themes/theme_forichon/js/modules/blocktopmenu/js/hoverIntent.js HTTP/1.1" 200 1970 "https://shop.forichon.com/connexion?back=https%3A%2F%2Fshop.forichon.com%2Fcommande%3Fstep%3D1" "Mozilla/5.0 (Windows NT 6.3; WOW64) AppleWebKit/537.36 (KHTML, like Gecko) Chrome/56.0.2924.87 Safari/537.36"
141.101.69.118 - - [28/Mar/2017:17:07:47 +0200] "GET /modules/themeconfigurator/css/hooks.css HTTP/1.1" 200 724 "https://shop.forichon.com/connexion?back=https%3A%2F%2Fshop.forichon.com%2Fcommande%3Fstep%3D1" "Mozilla/5.0 (Windows NT 6.3; WOW64) AppleWebKit/537.36 (KHTML, like Gecko) Chrome/56.0.2924.87 Safari/537.36"
141.101.88.155 - - [28/Mar/2017:17:07:47 +0200] "GET /js/jquery/plugins/fancybox/jquery.fancybox.js HTTP/1.1" 200 8986 "https://shop.forichon.com/connexion?back=https%3A%2F%2Fshop.forichon.com%2Fcommande%3Fstep%3D1" "Mozilla/5.0 (Windows NT 6.3; WOW64) AppleWebKit/537.36 (KHTML, like Gecko) Chrome/56.0.2924.87 Safari/537.36"
108.162.229.173 - - [28/Mar/2017:17:07:47 +0200] "GET /themes/theme_forichon/js/modules/blockcart/ajax-cart.js HTTP/1.1" 200 8296 "https://shop.forichon.com/connexion?back=https%3A%2F%2Fshop.forichon.com%2Fcommande%3Fstep%3D1" "Mozilla/5.0 (Windows NT 6.3; WOW64) AppleWebKit/537.36 (KHTML, like Gecko) Chrome/56.0.2924.87 Safari/537.36"
108.162.229.17 - - [28/Mar/2017:17:07:47 +0200] "GET /themes/theme_forichon/js/authentication.js HTTP/1.1" 200 1733 "https://shop.forichon.com/connexion?back=https%3A%2F%2Fshop.forichon.com%2Fcommande%3Fstep%3D1" "Mozilla/5.0 (Windows NT 6.3; WOW64) AppleWebKit/537.36 (KHTML, like Gecko) Chrome/56.0.2924.87 Safari/537.36"
108.162.229.233 - - [28/Mar/2017:17:07:47 +0200] "GET /js/jquery/plugins/bxslider/jquery.bxslider.js HTTP/1.1" 200 5515 "https://shop.forichon.com/connexion?back=https%3A%2F%2Fshop.forichon.com%2Fcommande%3Fstep%3D1" "Mozilla/5.0 (Windows NT 6.3; WOW64) AppleWebKit/537.36 (KHTML, like Gecko) Chrome/56.0.2924.87 Safari/537.36"
141.101.88.5 - - [28/Mar/2017:17:07:47 +0200] "GET /themes/theme_forichon/js/modules/blocksearch/blocksearch.js HTTP/1.1" 200 1851 "https://shop.forichon.com/connexion?back=https%3A%2F%2Fshop.forichon.com%2Fcommande%3Fstep%3D1" "Mozilla/5.0 (Windows NT 6.3; WOW64) AppleWebKit/537.36 (KHTML, like Gecko) Chrome/56.0.2924.87 Safari/537.36"
141.101.69.34 - - [28/Mar/2017:17:07:47 +0200] "GET /js/jquery/plugins/jquery.typewatch.js HTTP/1.1" 200 1344 "https://shop.forichon.com/connexion?back=https%3A%2F%2Fshop.forichon.com%2Fcommande%3Fstep%3D1" "Mozilla/5.0 (Windows NT 6.3; WOW64) AppleWebKit/537.36 (KHTML, like Gecko) Chrome/56.0.2924.87 Safari/537.36"
108.162.229.179 - - [28/Mar/2017:17:07:47 +0200] "GET /themes/theme_forichon/js/global.js HTTP/1.1" 200 4435 "https://shop.forichon.com/connexion?back=https%3A%2F%2Fshop.forichon.com%2Fcommande%3Fstep%3D1" "Mozilla/5.0 (Windows NT 6.3; WOW64) AppleWebKit/537.36 (KHTML, like Gecko) Chrome/56.0.2924.87 Safari/537.36"
141.101.69.106 - - [28/Mar/2017:17:07:47 +0200] "GET /themes/theme_forichon/js/tools/vatManagement.js HTTP/1.1" 200 1331 "https://shop.forichon.com/connexion?back=https%3A%2F%2Fshop.forichon.com%2Fcommande%3Fstep%3D1" "Mozilla/5.0 (Windows NT 6.3; WOW64) AppleWebKit/537.36 (KHTML, like Gecko) Chrome/56.0.2924.87 Safari/537.36"
108.162.229.197 - - [28/Mar/2017:17:07:47 +0200] "GET /js/validate.js HTTP/1.1" 200 9462 "https://shop.forichon.com/connexion?back=https%3A%2F%2Fshop.forichon.com%2Fcommande%3Fstep%3D1" "Mozilla/5.0 (Windows NT 6.3; WOW64) AppleWebKit/537.36 (KHTML, like Gecko) Chrome/56.0.2924.87 Safari/537.36"
108.162.229.17 - - [28/Mar/2017:17:07:47 +0200] "GET /themes/theme_forichon/css/modules/blocknewsletter/blocknewsletter.css HTTP/1.1" 200 1755 "https://shop.forichon.com/connexion?back=https%3A%2F%2Fshop.forichon.com%2Fcommande%3Fstep%3D1" "Mozilla/5.0 (Windows NT 6.3; WOW64) AppleWebKit/537.36 (KHTML, like Gecko) Chrome/56.0.2924.87 Safari/537.36"
141.101.88.41 - - [28/Mar/2017:17:07:47 +0200] "GET /themes/theme_forichon/fonts/fontawesome-webfont.woff2?v=4.3.0 HTTP/1.1" 200 57055 "https://shop.forichon.com/themes/theme_forichon/css/global.css" "Mozilla/5.0 (Windows NT 6.3; WOW64) AppleWebKit/537.36 (KHTML, like Gecko) Chrome/56.0.2924.87 Safari/537.36"
108.162.229.233 - - [28/Mar/2017:17:07:47 +0200] "GET /themes/theme_forichon/img/order-step-a.png HTTP/1.1" 200 881 "https://shop.forichon.com/themes/theme_forichon/css/global.css" "Mozilla/5.0 (Windows NT 6.3; WOW64) AppleWebKit/537.36 (KHTML, like Gecko) Chrome/56.0.2924.87 Safari/537.36"
108.162.229.35 - - [28/Mar/2017:17:07:47 +0200] "GET /themes/theme_forichon/img/order-step-done-last.png HTTP/1.1" 200 884 "https://shop.forichon.com/themes/theme_forichon/css/global.css" "Mozilla/5.0 (Windows NT 6.3; WOW64) AppleWebKit/537.36 (KHTML, like Gecko) Chrome/56.0.2924.87 Safari/537.36"
141.101.88.83 - - [28/Mar/2017:17:07:47 +0200] "GET /themes/theme_forichon/img/order-step-current.png HTTP/1.1" 200 640 "https://shop.forichon.com/themes/theme_forichon/css/global.css" "Mozilla/5.0 (Windows NT 6.3; WOW64) AppleWebKit/537.36 (KHTML, like Gecko) Chrome/56.0.2924.87 Safari/537.36"
141.101.69.46 - - [28/Mar/2017:17:07:47 +0200] "GET /img/favicon-3.ico?1490713516 HTTP/1.1" 200 1114 "https://shop.forichon.com/connexion?back=https%3A%2F%2Fshop.forichon.com%2Fcommande%3Fstep%3D1" "Mozilla/5.0 (Windows NT 6.3; WOW64) AppleWebKit/537.36 (KHTML, like Gecko) Chrome/56.0.2924.87 Safari/537.36"
141.101.69.46 - - [28/Mar/2017:17:07:47 +0200] "GET /img/favicon-3.ico?1490713516 HTTP/1.1" 200 1113 "https://shop.forichon.com/connexion?back=https%3A%2F%2Fshop.forichon.com%2Fcommande%3Fstep%3D1" "Mozilla/5.0 (Windows NT 6.3; WOW64) AppleWebKit/537.36 (KHTML, like Gecko) Chrome/56.0.2924.87 Safari/537.36" [Tue Mar 28 17:07:59.247080 2017] [:error] [pid 28509] [client 108.162.229.227:31727] PHP Notice: Undefined index: logo_url in /var/www/dev.desbossesetdesbulles.com/cache/smarty/compile/8c/c3/14/8cc3147a9af0ad85eb76dd52aa12e4e4b3785bbb.file.blocktopmenu.tpl.php on line 43, referer: https://shop.forichon.com/connexion?back=https%3A%2F%2Fshop.forichon.com%2Fcommande%3Fstep%3D1 [Tue Mar 28 17:07:59.247125 2017] [:error] [pid 28509] [client 108.162.229.227:31727] PHP Notice: Trying to get property of non-object in /var/www/dev.desbossesetdesbulles.com/cache/smarty/compile/8c/c3/14/8cc3147a9af0ad85eb76dd52aa12e4e4b3785bbb.file.blocktopmenu.tpl.php on line 43, referer: https://shop.forichon.com/connexion?back=https%3A%2F%2Fshop.forichon.com%2Fcommande%3Fstep%3D1
108.162.229.227 - - [28/Mar/2017:17:07:59 +0200] "POST /?rand=1490713546153 HTTP/1.1" 200 2633 "https://shop.forichon.com/connexion?back=https%3A%2F%2Fshop.forichon.com%2Fcommande%3Fstep%3D1" "Mozilla/5.0 (Windows NT 6.3; WOW64) AppleWebKit/537.36 (KHTML, like Gecko) Chrome/56.0.2924.87 Safari/537.36"
141.101.69.130 - - [28/Mar/2017:17:07:59 +0200] "GET /themes/theme_forichon/img/icon/form-ok.png HTTP/1.1" 200 476 "https://shop.forichon.com/themes/theme_forichon/css/global.css" "Mozilla/5.0 (Windows NT 6.3; WOW64) AppleWebKit/537.36 (KHTML, like Gecko) Chrome/56.0.2924.87 Safari/537.36"
108.162.229.227 - - [28/Mar/2017:17:08:14 +0200] "POST /connexion HTTP/1.1" 302 943 "https://shop.forichon.com/connexion?back=https%3A%2F%2Fshop.forichon.com%2Fcommande%3Fstep%3D1" "Mozilla/5.0 (Windows NT 6.3; WOW64) AppleWebKit/537.36 (KHTML, like Gecko) Chrome/56.0.2924.87 Safari/537.36"
108.162.229.227 - - [28/Mar/2017:17:08:14 +0200] "GET /commande?step=1 HTTP/1.1" 302 1098 "https://shop.forichon.com/connexion?back=https%3A%2F%2Fshop.forichon.com%2Fcommande%3Fstep%3D1" "Mozilla/5.0 (Windows NT 6.3; WOW64) AppleWebKit/537.36 (KHTML, like Gecko) Chrome/56.0.2924.87 Safari/537.36"
108.162.229.227 - - [28/Mar/2017:17:08:15 +0200] "GET /adresse?back=order.php%3Fstep%3D1 HTTP/1.1" 200 6959 "https://shop.forichon.com/connexion?back=https%3A%2F%2Fshop.forichon.com%2Fcommande%3Fstep%3D1" "Mozilla/5.0 (Windows NT 6.3; WOW64) AppleWebKit/537.36 (KHTML, like Gecko) Chrome/56.0.2924.87 Safari/537.36"
141.101.69.250 - - [28/Mar/2017:17:08:15 +0200] "GET /js/jquery/plugins/fancybox/jquery.fancybox.css HTTP/1.1" 200 1761 "https://shop.forichon.com/adresse?back=order.php%3Fstep%3D1" "Mozilla/5.0 (Windows NT 6.3; WOW64) AppleWebKit/537.36 (KHTML, like Gecko) Chrome/56.0.2924.87 Safari/537.36"
108.162.229.29 - - [28/Mar/2017:17:08:15 +0200] "GET /themes/theme_forichon/css/global.css HTTP/1.1" 200 36165 "https://shop.forichon.com/adresse?back=order.php%3Fstep%3D1" "Mozilla/5.0 (Windows NT 6.3; WOW64) AppleWebKit/537.36 (KHTML, like Gecko) Chrome/56.0.2924.87 Safari/537.36"
108.162.229.173 - - [28/Mar/2017:17:08:15 +0200] "GET /modules/blockmyaccountfooter/blockmyaccount.css HTTP/1.1" 200 712 "https://shop.forichon.com/adresse?back=order.php%3Fstep%3D1" "Mozilla/5.0 (Windows NT 6.3; WOW64) AppleWebKit/537.36 (KHTML, like Gecko) Chrome/56.0.2924.87 Safari/537.36"
108.162.229.125 - - [28/Mar/2017:17:08:15 +0200] "GET /themes/theme_forichon/css/modules/blockcurrencies/blockcurrencies.css HTTP/1.1" 200 970 "https://shop.forichon.com/adresse?back=order.php%3Fstep%3D1" "Mozilla/5.0 (Windows NT 6.3; WOW64) AppleWebKit/537.36 (KHTML, like Gecko) Chrome/56.0.2924.87 Safari/537.36"
108.162.229.209 - - [28/Mar/2017:17:08:15 +0200] "GET /themes/theme_forichon/css/modules/blockcontact/blockcontact.css HTTP/1.1" 200 912 "https://shop.forichon.com/adresse?back=order.php%3Fstep%3D1" "Mozilla/5.0 (Windows NT 6.3; WOW64) AppleWebKit/537.36 (KHTML, like Gecko) Chrome/56.0.2924.87 Safari/537.36"
108.162.229.209 - - [28/Mar/2017:17:08:15 +0200] "GET /themes/theme_forichon/css/modules/blockcart/blockcart.css HTTP/1.1" 200 3911 "https://shop.forichon.com/adresse?back=order.php%3Fstep%3D1" "Mozilla/5.0 (Windows NT 6.3; WOW64) AppleWebKit/537.36 (KHTML, like Gecko) Chrome/56.0.2924.87 Safari/537.36"
141.101.69.64 - - [28/Mar/2017:17:08:15 +0200] "GET /themes/theme_forichon/css/modules/blockcategories/blockcategories.css HTTP/1.1" 200 1132 "https://shop.forichon.com/adresse?back=order.php%3Fstep%3D1" "Mozilla/5.0 (Windows NT 6.3; WOW64) AppleWebKit/537.36 (KHTML, like Gecko) Chrome/56.0.2924.87 Safari/537.36"
141.101.69.100 - - [28/Mar/2017:17:08:15 +0200] "GET /themes/theme_forichon/css/modules/blocklanguages/blocklanguages.css HTTP/1.1" 200 951 "https://shop.forichon.com/adresse?back=order.php%3Fstep%3D1" "Mozilla/5.0 (Windows NT 6.3; WOW64) AppleWebKit/537.36 (KHTML, like Gecko) Chrome/56.0.2924.87 Safari/537.36"
141.101.88.149 - - [28/Mar/2017:17:08:15 +0200] "GET /js/jquery/plugins/bxslider/jquery.bxslider.css HTTP/1.1" 200 1357 "https://shop.forichon.com/adresse?back=order.php%3Fstep%3D1" "Mozilla/5.0 (Windows NT 6.3; WOW64) AppleWebKit/537.36 (KHTML, like Gecko) Chrome/56.0.2924.87 Safari/537.36"
108.162.229.173 - - [28/Mar/2017:17:08:15 +0200] "GET /themes/theme_forichon/js/modules/blockcart/ajax-cart.js HTTP/1.1" 200 8295 "https://shop.forichon.com/adresse?back=order.php%3Fstep%3D1" "Mozilla/5.0 (Windows NT 6.3; WOW64) AppleWebKit/537.36 (KHTML, like Gecko) Chrome/56.0.2924.87 Safari/537.36"
108.162.229.167 - - [28/Mar/2017:17:08:15 +0200] "GET /modules/blocktags/blocktags.css HTTP/1.1" 200 600 "https://shop.forichon.com/adresse?back=order.php%3Fstep%3D1" "Mozilla/5.0 (Windows NT 6.3; WOW64) AppleWebKit/537.36 (KHTML, like Gecko) Chrome/56.0.2924.87 Safari/537.36"
141.101.69.178 - - [28/Mar/2017:17:08:15 +0200] "GET /modules/blockviewed/blockviewed.css HTTP/1.1" 200 637 "https://shop.forichon.com/adresse?back=order.php%3Fstep%3D1" "Mozilla/5.0 (Windows NT 6.3; WOW64) AppleWebKit/537.36 (KHTML, like Gecko) Chrome/56.0.2924.87 Safari/537.36"
141.101.69.118 - - [28/Mar/2017:17:08:15 +0200] "GET /modules/themeconfigurator/css/hooks.css HTTP/1.1" 200 724 "https://shop.forichon.com/adresse?back=order.php%3Fstep%3D1" "Mozilla/5.0 (Windows NT 6.3; WOW64) AppleWebKit/537.36 (KHTML, like Gecko) Chrome/56.0.2924.87 Safari/537.36"
141.101.88.221 - - [28/Mar/2017:17:08:15 +0200] "GET /themes/theme_forichon/css/modules/blocktopmenu/css/superfish-modified.css HTTP/1.1" 200 2593 "https://shop.forichon.com/adresse?back=order.php%3Fstep%3D1" "Mozilla/5.0 (Windows NT 6.3; WOW64) AppleWebKit/537.36 (KHTML, like Gecko) Chrome/56.0.2924.87 Safari/537.36"
108.162.229.215 - - [28/Mar/2017:17:08:15 +0200] "GET /themes/theme_forichon/css/modules/blockuserinfo/blockuserinfo.css HTTP/1.1" 200 628 "https://shop.forichon.com/adresse?back=order.php%3Fstep%3D1" "Mozilla/5.0 (Windows NT 6.3; WOW64) AppleWebKit/537.36 (KHTML, like Gecko) Chrome/56.0.2924.87 Safari/537.36"
108.162.229.17 - - [28/Mar/2017:17:08:15 +0200] "GET /themes/theme_forichon/css/modules/blocknewsletter/blocknewsletter.css HTTP/1.1" 200 1755 "https://shop.forichon.com/adresse?back=order.php%3Fstep%3D1" "Mozilla/5.0 (Windows NT 6.3; WOW64) AppleWebKit/537.36 (KHTML, like Gecko) Chrome/56.0.2924.87 Safari/537.36"
141.101.88.5 - - [28/Mar/2017:17:08:15 +0200] "GET /js/jquery/plugins/jquery.easing.js HTTP/1.1" 200 1514 "https://shop.forichon.com/adresse?back=order.php%3Fstep%3D1" "Mozilla/5.0 (Windows NT 6.3; WOW64) AppleWebKit/537.36 (KHTML, like Gecko) Chrome/56.0.2924.87 Safari/537.36"
141.101.88.107 - - [28/Mar/2017:17:08:15 +0200] "GET /themes/theme_forichon/js/tools/statesManagement.js HTTP/1.1" 200 2061 "https://shop.forichon.com/adresse?back=order.php%3Fstep%3D1" "Mozilla/5.0 (Windows NT 6.3; WOW64) AppleWebKit/537.36 (KHTML, like Gecko) Chrome/56.0.2924.87 Safari/537.36"
141.101.88.155 - - [28/Mar/2017:17:08:15 +0200] "GET /js/jquery/plugins/fancybox/jquery.fancybox.js HTTP/1.1" 200 8986 "https://shop.forichon.com/adresse?back=order.php%3Fstep%3D1" "Mozilla/5.0 (Windows NT 6.3; WOW64) AppleWebKit/537.36 (KHTML, like Gecko) Chrome/56.0.2924.87 Safari/537.36"
141.101.88.143 - - [28/Mar/2017:17:08:15 +0200] "GET /themes/theme_forichon/js/modules/blocknewsletter/blocknewsletter.js HTTP/1.1" 200 1195 "https://shop.forichon.com/adresse?back=order.php%3Fstep%3D1" "Mozilla/5.0 (Windows NT 6.3; WOW64) AppleWebKit/537.36 (KHTML, like Gecko) Chrome/56.0.2924.87 Safari/537.36"
141.101.88.89 - - [28/Mar/2017:17:08:15 +0200] "GET /js/jquery/plugins/jquery.serialScroll.js HTTP/1.1" 200 1396 "https://shop.forichon.com/adresse?back=order.php%3Fstep%3D1" "Mozilla/5.0 (Windows NT 6.3; WOW64) AppleWebKit/537.36 (KHTML, like Gecko) Chrome/56.0.2924.87 Safari/537.36"
141.101.69.106 - - [28/Mar/2017:17:08:15 +0200] "GET /themes/theme_forichon/js/tools/vatManagement.js HTTP/1.1" 200 1331 "https://shop.forichon.com/adresse?back=order.php%3Fstep%3D1" "Mozilla/5.0 (Windows NT 6.3; WOW64) AppleWebKit/537.36 (KHTML, like Gecko) Chrome/56.0.2924.87 Safari/537.36"
108.162.229.233 - - [28/Mar/2017:17:08:15 +0200] "GET /js/jquery/plugins/bxslider/jquery.bxslider.js HTTP/1.1" 200 5515 "https://shop.forichon.com/adresse?back=order.php%3Fstep%3D1" "Mozilla/5.0 (Windows NT 6.3; WOW64) AppleWebKit/537.36 (KHTML, like Gecko) Chrome/56.0.2924.87 Safari/537.36"
108.162.229.95 - - [28/Mar/2017:17:08:15 +0200] "GET /js/jquery/plugins/jquery.scrollTo.js HTTP/1.1" 200 1698 "https://shop.forichon.com/adresse?back=order.php%3Fstep%3D1" "Mozilla/5.0 (Windows NT 6.3; WOW64) AppleWebKit/537.36 (KHTML, like Gecko) Chrome/56.0.2924.87 Safari/537.36"
141.101.88.203 - - [28/Mar/2017:17:08:15 +0200] "GET /themes/theme_forichon/js/tools/treeManagement.js HTTP/1.1" 200 1484 "https://shop.forichon.com/adresse?back=order.php%3Fstep%3D1" "Mozilla/5.0 (Windows NT 6.3; WOW64) AppleWebKit/537.36 (KHTML, like Gecko) Chrome/56.0.2924.87 Safari/537.36"
141.101.88.35 - - [28/Mar/2017:17:08:15 +0200] "GET /themes/theme_forichon/js/autoload/15-jquery.uniform-modified.js HTTP/1.1" 200 8253 "https://shop.forichon.com/adresse?back=order.php%3Fstep%3D1" "Mozilla/5.0 (Windows NT 6.3; WOW64) AppleWebKit/537.36 (KHTML, like Gecko) Chrome/56.0.2924.87 Safari/537.36"
141.101.88.197 - - [28/Mar/2017:17:08:15 +0200] "GET /themes/theme_forichon/js/autoload/15-jquery.total-storage.min.js HTTP/1.1" 200 1389 "https://shop.forichon.com/adresse?back=order.php%3Fstep%3D1" "Mozilla/5.0 (Windows NT 6.3; WOW64) AppleWebKit/537.36 (KHTML, like Gecko) Chrome/56.0.2924.87 Safari/537.36"
141.101.88.5 - - [28/Mar/2017:17:08:15 +0200] "GET /themes/theme_forichon/js/modules/blocksearch/blocksearch.js HTTP/1.1" 200 1851 "https://shop.forichon.com/adresse?back=order.php%3Fstep%3D1" "Mozilla/5.0 (Windows NT 6.3; WOW64) AppleWebKit/537.36 (KHTML, like Gecko) Chrome/56.0.2924.87 Safari/537.36"
141.101.69.64 - - [28/Mar/2017:17:08:15 +0200] "GET /js/tools.js HTTP/1.1" 200 6610 "https://shop.forichon.com/adresse?back=order.php%3Fstep%3D1" "Mozilla/5.0 (Windows NT 6.3; WOW64) AppleWebKit/537.36 (KHTML, like Gecko) Chrome/56.0.2924.87 Safari/537.36"
141.101.69.94 - - [28/Mar/2017:17:08:15 +0200] "GET /img/p/fr-default-cart_default.jpg HTTP/1.1" 200 2580 "https://shop.forichon.com/adresse?back=order.php%3Fstep%3D1" "Mozilla/5.0 (Windows NT 6.3; WOW64) AppleWebKit/537.36 (KHTML, like Gecko) Chrome/56.0.2924.87 Safari/537.36"
108.162.229.221 - - [28/Mar/2017:17:08:15 +0200] "GET /themes/theme_forichon/css/modules/blocksearch/blocksearch.css HTTP/1.1" 200 934 "https://shop.forichon.com/adresse?back=order.php%3Fstep%3D1" "Mozilla/5.0 (Windows NT 6.3; WOW64) AppleWebKit/537.36 (KHTML, like Gecko) Chrome/56.0.2924.87 Safari/537.36"
108.162.229.227 - - [28/Mar/2017:17:08:15 +0200] "GET /themes/theme_forichon/js/modules/blocktopmenu/js/blocktopmenu.js HTTP/1.1" 200 1873 "https://shop.forichon.com/adresse?back=order.php%3Fstep%3D1" "Mozilla/5.0 (Windows NT 6.3; WOW64) AppleWebKit/537.36 (KHTML, like Gecko) Chrome/56.0.2924.87 Safari/537.36"
108.162.229.53 - - [28/Mar/2017:17:08:15 +0200] "GET /js/jquery/jquery-1.11.0.min.js HTTP/1.1" 200 33723 "https://shop.forichon.com/adresse?back=order.php%3Fstep%3D1" "Mozilla/5.0 (Windows NT 6.3; WOW64) AppleWebKit/537.36 (KHTML, like Gecko) Chrome/56.0.2924.87 Safari/537.36"
108.162.229.179 - - [28/Mar/2017:17:08:15 +0200] "GET /themes/theme_forichon/js/global.js HTTP/1.1" 200 4435 "https://shop.forichon.com/adresse?back=order.php%3Fstep%3D1" "Mozilla/5.0 (Windows NT 6.3; WOW64) AppleWebKit/537.36 (KHTML, like Gecko) Chrome/56.0.2924.87 Safari/537.36"
108.162.229.197 - - [28/Mar/2017:17:08:16 +0200] "GET /js/jquery/plugins/autocomplete/jquery.autocomplete.css HTTP/1.1" 200 788 "https://shop.forichon.com/adresse?back=order.php%3Fstep%3D1" "Mozilla/5.0 (Windows NT 6.3; WOW64) AppleWebKit/537.36 (KHTML, like Gecko) Chrome/56.0.2924.87 Safari/537.36"
108.162.229.143 - - [28/Mar/2017:17:08:17 +0200] "GET /img/shop-forichon-logo-14907135143.jpg HTTP/1.1" 200 8458 "https://shop.forichon.com/adresse?back=order.php%3Fstep%3D1" "Mozilla/5.0 (Windows NT 6.3; WOW64) AppleWebKit/537.36 (KHTML, like Gecko) Chrome/56.0.2924.87 Safari/537.36"
141.101.88.179 - - [28/Mar/2017:17:08:17 +0200] "GET /js/jquery/plugins/autocomplete/jquery.autocomplete.js HTTP/1.1" 200 6812 "https://shop.forichon.com/adresse?back=order.php%3Fstep%3D1" "Mozilla/5.0 (Windows NT 6.3; WOW64) AppleWebKit/537.36 (KHTML, like Gecko) Chrome/56.0.2924.87 Safari/537.36"
141.101.88.41 - - [28/Mar/2017:17:08:18 +0200] "GET /themes/theme_forichon/js/modules/blocktopmenu/js/hoverIntent.js HTTP/1.1" 200 1970 "https://shop.forichon.com/adresse?back=order.php%3Fstep%3D1" "Mozilla/5.0 (Windows NT 6.3; WOW64) AppleWebKit/537.36 (KHTML, like Gecko) Chrome/56.0.2924.87 Safari/537.36"
108.162.229.137 - - [28/Mar/2017:17:08:18 +0200] "GET /themes/theme_forichon/js/modules/blocktopmenu/js/superfish-modified.js HTTP/1.1" 200 2650 "https://shop.forichon.com/adresse?back=order.php%3Fstep%3D1" "Mozilla/5.0 (Windows NT 6.3; WOW64) AppleWebKit/537.36 (KHTML, like Gecko) Chrome/56.0.2924.87 Safari/537.36"
108.162.229.197 - - [28/Mar/2017:17:08:18 +0200] "GET /js/validate.js HTTP/1.1" 200 9462 "https://shop.forichon.com/adresse?back=order.php%3Fstep%3D1" "Mozilla/5.0 (Windows NT 6.3; WOW64) AppleWebKit/537.36 (KHTML, like Gecko) Chrome/56.0.2924.87 Safari/537.36"
141.101.69.214 - - [28/Mar/2017:17:08:18 +0200] "GET /js/jquery/jquery-migrate-1.2.1.min.js HTTP/1.1" 200 3415 "https://shop.forichon.com/adresse?back=order.php%3Fstep%3D1" "Mozilla/5.0 (Windows NT 6.3; WOW64) AppleWebKit/537.36 (KHTML, like Gecko) Chrome/56.0.2924.87 Safari/537.36"
141.101.69.40 - - [28/Mar/2017:17:08:19 +0200] "GET /themes/theme_forichon/js/autoload/10-bootstrap.min.js HTTP/1.1" 200 7583 "https://shop.forichon.com/adresse?back=order.php%3Fstep%3D1" "Mozilla/5.0 (Windows NT 6.3; WOW64) AppleWebKit/537.36 (KHTML, like Gecko) Chrome/56.0.2924.87 Safari/537.36"
141.101.88.41 - - [28/Mar/2017:17:08:19 +0200] "GET /themes/theme_forichon/fonts/fontawesome-webfont.woff2?v=4.3.0 HTTP/1.1" 200 57054 "https://shop.forichon.com/themes/theme_forichon/css/global.css" "Mozilla/5.0 (Windows NT 6.3; WOW64) AppleWebKit/537.36 (KHTML, like Gecko) Chrome/56.0.2924.87 Safari/537.36"
141.101.69.46 - - [28/Mar/2017:17:08:20 +0200] "GET /img/favicon-3.ico?1490713516 HTTP/1.1" 200 1114 "https://shop.forichon.com/adresse?back=order.php%3Fstep%3D1" "Mozilla/5.0 (Windows NT 6.3; WOW64) AppleWebKit/537.36 (KHTML, like Gecko) Chrome/56.0.2924.87 Safari/537.36"
141.101.69.46 - - [28/Mar/2017:17:08:20 +0200] "GET /img/favicon-3.ico?1490713516 HTTP/1.1" 200 1114 "https://shop.forichon.com/adresse?back=order.php%3Fstep%3D1" "Mozilla/5.0 (Windows NT 6.3; WOW64) AppleWebKit/537.36 (KHTML, like Gecko) Chrome/56.0.2924.87 Safari/537.36"
141.101.69.130 - - [28/Mar/2017:17:08:26 +0200] "GET /themes/theme_forichon/img/icon/form-ok.png HTTP/1.1" 200 476 "https://shop.forichon.com/themes/theme_forichon/css/global.css" "Mozilla/5.0 (Windows NT 6.3; WOW64) AppleWebKit/537.36 (KHTML, like Gecko) Chrome/56.0.2924.87 Safari/537.36"
108.162.229.227 - - [28/Mar/2017:17:08:28 +0200] "POST /adresse HTTP/1.1" 200 7111 "https://shop.forichon.com/adresse?back=order.php%3Fstep%3D1" "Mozilla/5.0 (Windows NT 6.3; WOW64) AppleWebKit/537.36 (KHTML, like Gecko) Chrome/56.0.2924.87 Safari/537.36"
141.101.69.64 - - [28/Mar/2017:17:08:28 +0200] "GET /themes/theme_forichon/css/modules/blockcategories/blockcategories.css HTTP/1.1" 200 1132 "https://shop.forichon.com/adresse" "Mozilla/5.0 (Windows NT 6.3; WOW64) AppleWebKit/537.36 (KHTML, like Gecko) Chrome/56.0.2924.87 Safari/537.36"
141.101.69.250 - - [28/Mar/2017:17:08:28 +0200] "GET /js/jquery/plugins/fancybox/jquery.fancybox.css HTTP/1.1" 200 1761 "https://shop.forichon.com/adresse" "Mozilla/5.0 (Windows NT 6.3; WOW64) AppleWebKit/537.36 (KHTML, like Gecko) Chrome/56.0.2924.87 Safari/537.36"
108.162.229.209 - - [28/Mar/2017:17:08:28 +0200] "GET /themes/theme_forichon/css/modules/blockcart/blockcart.css HTTP/1.1" 200 3911 "https://shop.forichon.com/adresse" "Mozilla/5.0 (Windows NT 6.3; WOW64) AppleWebKit/537.36 (KHTML, like Gecko) Chrome/56.0.2924.87 Safari/537.36"
108.162.229.209 - - [28/Mar/2017:17:08:28 +0200] "GET /themes/theme_forichon/css/modules/blockcontact/blockcontact.css HTTP/1.1" 200 912 "https://shop.forichon.com/adresse" "Mozilla/5.0 (Windows NT 6.3; WOW64) AppleWebKit/537.36 (KHTML, like Gecko) Chrome/56.0.2924.87 Safari/537.36"
141.101.88.149 - - [28/Mar/2017:17:08:28 +0200] "GET /js/jquery/plugins/bxslider/jquery.bxslider.css HTTP/1.1" 200 1357 "https://shop.forichon.com/adresse" "Mozilla/5.0 (Windows NT 6.3; WOW64) AppleWebKit/537.36 (KHTML, like Gecko) Chrome/56.0.2924.87 Safari/537.36"
108.162.229.29 - - [28/Mar/2017:17:08:28 +0200] "GET /themes/theme_forichon/css/global.css HTTP/1.1" 200 36165 "https://shop.forichon.com/adresse" "Mozilla/5.0 (Windows NT 6.3; WOW64) AppleWebKit/537.36 (KHTML, like Gecko) Chrome/56.0.2924.87 Safari/537.36"
108.162.229.125 - - [28/Mar/2017:17:08:28 +0200] "GET /themes/theme_forichon/css/modules/blockcurrencies/blockcurrencies.css HTTP/1.1" 200 970 "https://shop.forichon.com/adresse" "Mozilla/5.0 (Windows NT 6.3; WOW64) AppleWebKit/537.36 (KHTML, like Gecko) Chrome/56.0.2924.87 Safari/537.36"
108.162.229.221 - - [28/Mar/2017:17:08:28 +0200] "GET /themes/theme_forichon/css/modules/blocksearch/blocksearch.css HTTP/1.1" 200 934 "https://shop.forichon.com/adresse" "Mozilla/5.0 (Windows NT 6.3; WOW64) AppleWebKit/537.36 (KHTML, like Gecko) Chrome/56.0.2924.87 Safari/537.36"
108.162.229.173 - - [28/Mar/2017:17:08:28 +0200] "GET /modules/blockmyaccountfooter/blockmyaccount.css HTTP/1.1" 200 712 "https://shop.forichon.com/adresse" "Mozilla/5.0 (Windows NT 6.3; WOW64) AppleWebKit/537.36 (KHTML, like Gecko) Chrome/56.0.2924.87 Safari/537.36"
108.162.229.197 - - [28/Mar/2017:17:08:28 +0200] "GET /js/jquery/plugins/autocomplete/jquery.autocomplete.css HTTP/1.1" 200 788 "https://shop.forichon.com/adresse" "Mozilla/5.0 (Windows NT 6.3; WOW64) AppleWebKit/537.36 (KHTML, like Gecko) Chrome/56.0.2924.87 Safari/537.36"
108.162.229.215 - - [28/Mar/2017:17:08:28 +0200] "GET /themes/theme_forichon/css/modules/blockuserinfo/blockuserinfo.css HTTP/1.1" 200 628 "https://shop.forichon.com/adresse" "Mozilla/5.0 (Windows NT 6.3; WOW64) AppleWebKit/537.36 (KHTML, like Gecko) Chrome/56.0.2924.87 Safari/537.36"
108.162.229.167 - - [28/Mar/2017:17:08:28 +0200] "GET /modules/blocktags/blocktags.css HTTP/1.1" 200 600 "https://shop.forichon.com/adresse" "Mozilla/5.0 (Windows NT 6.3; WOW64) AppleWebKit/537.36 (KHTML, like Gecko) Chrome/56.0.2924.87 Safari/537.36"
141.101.88.5 - - [28/Mar/2017:17:08:28 +0200] "GET /js/jquery/plugins/jquery.easing.js HTTP/1.1" 200 1514 "https://shop.forichon.com/adresse" "Mozilla/5.0 (Windows NT 6.3; WOW64) AppleWebKit/537.36 (KHTML, like Gecko) Chrome/56.0.2924.87 Safari/537.36"
141.101.69.64 - - [28/Mar/2017:17:08:28 +0200] "GET /js/tools.js HTTP/1.1" 200 6610 "https://shop.forichon.com/adresse" "Mozilla/5.0 (Windows NT 6.3; WOW64) AppleWebKit/537.36 (KHTML, like Gecko) Chrome/56.0.2924.87 Safari/537.36"
141.101.88.35 - - [28/Mar/2017:17:08:28 +0200] "GET /themes/theme_forichon/js/autoload/15-jquery.uniform-modified.js HTTP/1.1" 200 8253 "https://shop.forichon.com/adresse" "Mozilla/5.0 (Windows NT 6.3; WOW64) AppleWebKit/537.36 (KHTML, like Gecko) Chrome/56.0.2924.87 Safari/537.36"
141.101.88.221 - - [28/Mar/2017:17:08:28 +0200] "GET /themes/theme_forichon/css/modules/blocktopmenu/css/superfish-modified.css HTTP/1.1" 200 2593 "https://shop.forichon.com/adresse" "Mozilla/5.0 (Windows NT 6.3; WOW64) AppleWebKit/537.36 (KHTML, like Gecko) Chrome/56.0.2924.87 Safari/537.36"
141.101.88.203 - - [28/Mar/2017:17:08:28 +0200] "GET /themes/theme_forichon/js/tools/treeManagement.js HTTP/1.1" 200 1484 "https://shop.forichon.com/adresse" "Mozilla/5.0 (Windows NT 6.3; WOW64) AppleWebKit/537.36 (KHTML, like Gecko) Chrome/56.0.2924.87 Safari/537.36"
108.162.229.179 - - [28/Mar/2017:17:08:28 +0200] "GET /themes/theme_forichon/js/global.js HTTP/1.1" 200 4435 "https://shop.forichon.com/adresse" "Mozilla/5.0 (Windows NT 6.3; WOW64) AppleWebKit/537.36 (KHTML, like Gecko) Chrome/56.0.2924.87 Safari/537.36"
141.101.69.214 - - [28/Mar/2017:17:08:28 +0200] "GET /js/jquery/jquery-migrate-1.2.1.min.js HTTP/1.1" 200 3415 "https://shop.forichon.com/adresse" "Mozilla/5.0 (Windows NT 6.3; WOW64) AppleWebKit/537.36 (KHTML, like Gecko) Chrome/56.0.2924.87 Safari/537.36"
108.162.229.173 - - [28/Mar/2017:17:08:28 +0200] "GET /themes/theme_forichon/js/modules/blockcart/ajax-cart.js HTTP/1.1" 200 8296 "https://shop.forichon.com/adresse" "Mozilla/5.0 (Windows NT 6.3; WOW64) AppleWebKit/537.36 (KHTML, like Gecko) Chrome/56.0.2924.87 Safari/537.36"
108.162.229.197 - - [28/Mar/2017:17:08:28 +0200] "GET /js/validate.js HTTP/1.1" 200 9462 "https://shop.forichon.com/adresse" "Mozilla/5.0 (Windows NT 6.3; WOW64) AppleWebKit/537.36 (KHTML, like Gecko) Chrome/56.0.2924.87 Safari/537.36"
141.101.88.5 - - [28/Mar/2017:17:08:28 +0200] "GET /themes/theme_forichon/js/modules/blocksearch/blocksearch.js HTTP/1.1" 200 1851 "https://shop.forichon.com/adresse" "Mozilla/5.0 (Windows NT 6.3; WOW64) AppleWebKit/537.36 (KHTML, like Gecko) Chrome/56.0.2924.87 Safari/537.36"
141.101.69.40 - - [28/Mar/2017:17:08:28 +0200] "GET /themes/theme_forichon/js/autoload/10-bootstrap.min.js HTTP/1.1" 200 7583 "https://shop.forichon.com/adresse" "Mozilla/5.0 (Windows NT 6.3; WOW64) AppleWebKit/537.36 (KHTML, like Gecko) Chrome/56.0.2924.87 Safari/537.36"
141.101.88.197 - - [28/Mar/2017:17:08:28 +0200] "GET /themes/theme_forichon/js/autoload/15-jquery.total-storage.min.js HTTP/1.1" 200 1389 "https://shop.forichon.com/adresse" "Mozilla/5.0 (Windows NT 6.3; WOW64) AppleWebKit/537.36 (KHTML, like Gecko) Chrome/56.0.2924.87 Safari/537.36"
108.162.229.95 - - [28/Mar/2017:17:08:28 +0200] "GET /js/jquery/plugins/jquery.scrollTo.js HTTP/1.1" 200 1698 "https://shop.forichon.com/adresse" "Mozilla/5.0 (Windows NT 6.3; WOW64) AppleWebKit/537.36 (KHTML, like Gecko) Chrome/56.0.2924.87 Safari/537.36"
141.101.69.94 - - [28/Mar/2017:17:08:28 +0200] "GET /img/p/fr-default-cart_default.jpg HTTP/1.1" 200 2580 "https://shop.forichon.com/adresse" "Mozilla/5.0 (Windows NT 6.3; WOW64) AppleWebKit/537.36 (KHTML, like Gecko) Chrome/56.0.2924.87 Safari/537.36"
108.162.229.137 - - [28/Mar/2017:17:08:28 +0200] "GET /themes/theme_forichon/js/modules/blocktopmenu/js/superfish-modified.js HTTP/1.1" 200 2650 "https://shop.forichon.com/adresse" "Mozilla/5.0 (Windows NT 6.3; WOW64) AppleWebKit/537.36 (KHTML, like Gecko) Chrome/56.0.2924.87 Safari/537.36"
108.162.229.143 - - [28/Mar/2017:17:08:28 +0200] "GET /img/shop-forichon-logo-14907135143.jpg HTTP/1.1" 200 8458 "https://shop.forichon.com/adresse" "Mozilla/5.0 (Windows NT 6.3; WOW64) AppleWebKit/537.36 (KHTML, like Gecko) Chrome/56.0.2924.87 Safari/537.36"
141.101.69.106 - - [28/Mar/2017:17:08:28 +0200] "GET /themes/theme_forichon/js/tools/vatManagement.js HTTP/1.1" 200 1331 "https://shop.forichon.com/adresse" "Mozilla/5.0 (Windows NT 6.3; WOW64) AppleWebKit/537.36 (KHTML, like Gecko) Chrome/56.0.2924.87 Safari/537.36"
141.101.88.155 - - [28/Mar/2017:17:08:28 +0200] "GET /js/jquery/plugins/fancybox/jquery.fancybox.js HTTP/1.1" 200 8986 "https://shop.forichon.com/adresse" "Mozilla/5.0 (Windows NT 6.3; WOW64) AppleWebKit/537.36 (KHTML, like Gecko) Chrome/56.0.2924.87 Safari/537.36"
141.101.69.178 - - [28/Mar/2017:17:08:28 +0200] "GET /modules/blockviewed/blockviewed.css HTTP/1.1" 200 637 "https://shop.forichon.com/adresse" "Mozilla/5.0 (Windows NT 6.3; WOW64) AppleWebKit/537.36 (KHTML, like Gecko) Chrome/56.0.2924.87 Safari/537.36"
141.101.88.179 - - [28/Mar/2017:17:08:28 +0200] "GET /js/jquery/plugins/autocomplete/jquery.autocomplete.js HTTP/1.1" 200 6812 "https://shop.forichon.com/adresse" "Mozilla/5.0 (Windows NT 6.3; WOW64) AppleWebKit/537.36 (KHTML, like Gecko) Chrome/56.0.2924.87 Safari/537.36"
141.101.88.143 - - [28/Mar/2017:17:08:28 +0200] "GET /themes/theme_forichon/js/modules/blocknewsletter/blocknewsletter.js HTTP/1.1" 200 1195 "https://shop.forichon.com/adresse" "Mozilla/5.0 (Windows NT 6.3; WOW64) AppleWebKit/537.36 (KHTML, like Gecko) Chrome/56.0.2924.87 Safari/537.36"
141.101.88.41 - - [28/Mar/2017:17:08:28 +0200] "GET /themes/theme_forichon/js/modules/blocktopmenu/js/hoverIntent.js HTTP/1.1" 200 1970 "https://shop.forichon.com/adresse" "Mozilla/5.0 (Windows NT 6.3; WOW64) AppleWebKit/537.36 (KHTML, like Gecko) Chrome/56.0.2924.87 Safari/537.36"
108.162.229.227 - - [28/Mar/2017:17:08:28 +0200] "GET /themes/theme_forichon/js/modules/blocktopmenu/js/blocktopmenu.js HTTP/1.1" 200 1873 "https://shop.forichon.com/adresse" "Mozilla/5.0 (Windows NT 6.3; WOW64) AppleWebKit/537.36 (KHTML, like Gecko) Chrome/56.0.2924.87 Safari/537.36"
108.162.229.53 - - [28/Mar/2017:17:08:28 +0200] "GET /js/jquery/jquery-1.11.0.min.js HTTP/1.1" 200 33723 "https://shop.forichon.com/adresse" "Mozilla/5.0 (Windows NT 6.3; WOW64) AppleWebKit/537.36 (KHTML, like Gecko) Chrome/56.0.2924.87 Safari/537.36"
141.101.88.107 - - [28/Mar/2017:17:08:28 +0200] "GET /themes/theme_forichon/js/tools/statesManagement.js HTTP/1.1" 200 2061 "https://shop.forichon.com/adresse" "Mozilla/5.0 (Windows NT 6.3; WOW64) AppleWebKit/537.36 (KHTML, like Gecko) Chrome/56.0.2924.87 Safari/537.36"
108.162.229.17 - - [28/Mar/2017:17:08:28 +0200] "GET /themes/theme_forichon/css/modules/blocknewsletter/blocknewsletter.css HTTP/1.1" 200 1755 "https://shop.forichon.com/adresse" "Mozilla/5.0 (Windows NT 6.3; WOW64) AppleWebKit/537.36 (KHTML, like Gecko) Chrome/56.0.2924.87 Safari/537.36"
108.162.229.233 - - [28/Mar/2017:17:08:28 +0200] "GET /js/jquery/plugins/bxslider/jquery.bxslider.js HTTP/1.1" 200 5515 "https://shop.forichon.com/adresse" "Mozilla/5.0 (Windows NT 6.3; WOW64) AppleWebKit/537.36 (KHTML, like Gecko) Chrome/56.0.2924.87 Safari/537.36"
141.101.69.100 - - [28/Mar/2017:17:08:28 +0200] "GET /themes/theme_forichon/css/modules/blocklanguages/blocklanguages.css HTTP/1.1" 200 951 "https://shop.forichon.com/adresse" "Mozilla/5.0 (Windows NT 6.3; WOW64) AppleWebKit/537.36 (KHTML, like Gecko) Chrome/56.0.2924.87 Safari/537.36"
