141.101.69.64 - - [31/Mar/2017:10:21:18 +0200] "GET /modules/themeconfigurator/img/78745d1750095f5e08c0cd1638cb2d6d37e8e7ee_baspageforichon03.jpg HTTP/1.1" 304 194 "https://shop.forichon.com/" "Mozilla/5.0 (Windows NT 6.2; Win64; x64) AppleWebKit/537.36 (KHTML, like Gecko) Chrome/56.0.2924.87 Safari/537.36"
108.162.229.173 - - [31/Mar/2017:10:21:18 +0200] "GET /modules/themeconfigurator/img/83928e65f7e6eebb1d3b6861d8b490ae1d265e66_baspageforichon01.jpg HTTP/1.1" 304 194 "https://shop.forichon.com/" "Mozilla/5.0 (Windows NT 6.2; Win64; x64) AppleWebKit/537.36 (KHTML, like Gecko) Chrome/56.0.2924.87 Safari/537.36"
141.101.69.64 - - [31/Mar/2017:10:21:19 +0200] "GET /img/favicon-3.ico?1490947578 HTTP/1.1" 200 1114 "https://shop.forichon.com/" "Mozilla/5.0 (Windows NT 6.2; Win64; x64) AppleWebKit/537.36 (KHTML, like Gecko) Chrome/56.0.2924.87 Safari/537.36"
108.162.229.41 - - [31/Mar/2017:10:21:21 +0200] "GET /content/9-paiement-securise-boutique-forichon HTTP/1.1" 200 6352 "https://shop.forichon.com/" "Mozilla/5.0 (Windows NT 6.2; Win64; x64) AppleWebKit/537.36 (KHTML, like Gecko) Chrome/56.0.2924.87 Safari/537.36"
108.162.229.41 - - [31/Mar/2017:10:21:25 +0200] "GET / HTTP/1.1" 200 8143 "https://shop.forichon.com/content/9-paiement-securise-boutique-forichon" "Mozilla/5.0 (Windows NT 6.2; Win64; x64) AppleWebKit/537.36 (KHTML, like Gecko) Chrome/56.0.2924.87 Safari/537.36"
141.101.69.64 - - [31/Mar/2017:10:21:25 +0200] "GET /modules/themeconfigurator/img/78745d1750095f5e08c0cd1638cb2d6d37e8e7ee_baspageforichon03.jpg HTTP/1.1" 304 194 "https://shop.forichon.com/" "Mozilla/5.0 (Windows NT 6.2; Win64; x64) AppleWebKit/537.36 (KHTML, like Gecko) Chrome/56.0.2924.87 Safari/537.36"
108.162.229.173 - - [31/Mar/2017:10:21:25 +0200] "GET /modules/themeconfigurator/img/83928e65f7e6eebb1d3b6861d8b490ae1d265e66_baspageforichon01.jpg HTTP/1.1" 304 194 "https://shop.forichon.com/" "Mozilla/5.0 (Windows NT 6.2; Win64; x64) AppleWebKit/537.36 (KHTML, like Gecko) Chrome/56.0.2924.87 Safari/537.36"
108.162.229.41 - - [31/Mar/2017:10:21:43 +0200] "GET /plan-site HTTP/1.1" 200 7282 "https://shop.forichon.com/" "Mozilla/5.0 (Windows NT 6.2; Win64; x64) AppleWebKit/537.36 (KHTML, like Gecko) Chrome/56.0.2924.87 Safari/537.36"
141.101.88.179 - - [31/Mar/2017:10:21:44 +0200] "GET /img/p/fr-default-small_default.jpg HTTP/1.1" 304 193 "https://shop.forichon.com/plan-site" "Mozilla/5.0 (Windows NT 6.2; Win64; x64) AppleWebKit/537.36 (KHTML, like Gecko) Chrome/56.0.2924.87 Safari/537.36"
108.162.229.41 - - [31/Mar/2017:10:21:56 +0200] "GET / HTTP/1.1" 200 8144 "https://shop.forichon.com/plan-site" "Mozilla/5.0 (Windows NT 6.2; Win64; x64) AppleWebKit/537.36 (KHTML, like Gecko) Chrome/56.0.2924.87 Safari/537.36"
108.162.229.173 - - [31/Mar/2017:10:21:56 +0200] "GET /modules/themeconfigurator/img/83928e65f7e6eebb1d3b6861d8b490ae1d265e66_baspageforichon01.jpg HTTP/1.1" 304 194 "https://shop.forichon.com/" "Mozilla/5.0 (Windows NT 6.2; Win64; x64) AppleWebKit/537.36 (KHTML, like Gecko) Chrome/56.0.2924.87 Safari/537.36"
141.101.69.64 - - [31/Mar/2017:10:21:56 +0200] "GET /modules/themeconfigurator/img/78745d1750095f5e08c0cd1638cb2d6d37e8e7ee_baspageforichon03.jpg HTTP/1.1" 304 194 "https://shop.forichon.com/" "Mozilla/5.0 (Windows NT 6.2; Win64; x64) AppleWebKit/537.36 (KHTML, like Gecko) Chrome/56.0.2924.87 Safari/537.36"
108.162.229.41 - - [31/Mar/2017:10:28:11 +0200] "GET /mon-compte HTTP/1.1" 200 5945 "https://shop.forichon.com/" "Mozilla/5.0 (Windows NT 6.2; Win64; x64) AppleWebKit/537.36 (KHTML, like Gecko) Chrome/56.0.2924.87 Safari/537.36"
108.162.229.41 - - [31/Mar/2017:10:30:33 +0200] "GET /mon-compte HTTP/1.1" 200 5950 "https://shop.forichon.com/" "Mozilla/5.0 (Windows NT 6.2; Win64; x64) AppleWebKit/537.36 (KHTML, like Gecko) Chrome/56.0.2924.87 Safari/537.36"
141.101.69.202 - - [31/Mar/2017:10:30:33 +0200] "GET /themes/theme_forichon/css/my-account.css HTTP/1.1" 200 781 "https://shop.forichon.com/mon-compte" "Mozilla/5.0 (Windows NT 6.2; Win64; x64) AppleWebKit/537.36 (KHTML, like Gecko) Chrome/56.0.2924.87 Safari/537.36"
141.101.69.64 - - [31/Mar/2017:10:30:33 +0200] "GET /img/favicon-3.ico?1490947578 HTTP/1.1" 200 1114 "https://shop.forichon.com/mon-compte" "Mozilla/5.0 (Windows NT 6.2; Win64; x64) AppleWebKit/537.36 (KHTML, like Gecko) Chrome/56.0.2924.87 Safari/537.36"
108.162.229.41 - - [31/Mar/2017:10:31:20 +0200] "GET /historique-commandes HTTP/1.1" 200 6552 "https://shop.forichon.com/mon-compte" "Mozilla/5.0 (Windows NT 6.2; Win64; x64) AppleWebKit/537.36 (KHTML, like Gecko) Chrome/56.0.2924.87 Safari/537.36"
141.101.88.77 - - [31/Mar/2017:10:31:20 +0200] "GET /js/jquery/plugins/footable-sort/jquery.footable-sort.js HTTP/1.1" 200 2142 "https://shop.forichon.com/historique-commandes" "Mozilla/5.0 (Windows NT 6.2; Win64; x64) AppleWebKit/537.36 (KHTML, like Gecko) Chrome/56.0.2924.87 Safari/537.36"
108.162.229.173 - - [31/Mar/2017:10:31:20 +0200] "GET /themes/theme_forichon/css/addresses.css HTTP/1.1" 200 578 "https://shop.forichon.com/historique-commandes" "Mozilla/5.0 (Windows NT 6.2; Win64; x64) AppleWebKit/537.36 (KHTML, like Gecko) Chrome/56.0.2924.87 Safari/537.36"
108.162.229.131 - - [31/Mar/2017:10:31:20 +0200] "GET /themes/theme_forichon/css/history.css HTTP/1.1" 200 785 "https://shop.forichon.com/historique-commandes" "Mozilla/5.0 (Windows NT 6.2; Win64; x64) AppleWebKit/537.36 (KHTML, like Gecko) Chrome/56.0.2924.87 Safari/537.36"
141.101.88.197 - - [31/Mar/2017:10:31:20 +0200] "GET /js/jquery/plugins/footable/jquery.footable.css HTTP/1.1" 200 878 "https://shop.forichon.com/historique-commandes" "Mozilla/5.0 (Windows NT 6.2; Win64; x64) AppleWebKit/537.36 (KHTML, like Gecko) Chrome/56.0.2924.87 Safari/537.36"
141.101.69.28 - - [31/Mar/2017:10:31:20 +0200] "GET /themes/theme_forichon/js/history.js HTTP/1.1" 200 2066 "https://shop.forichon.com/historique-commandes" "Mozilla/5.0 (Windows NT 6.2; Win64; x64) AppleWebKit/537.36 (KHTML, like Gecko) Chrome/56.0.2924.87 Safari/537.36"
108.162.229.149 - - [31/Mar/2017:10:31:20 +0200] "GET /js/jquery/plugins/footable/jquery.footable.js HTTP/1.1" 200 8761 "https://shop.forichon.com/historique-commandes" "Mozilla/5.0 (Windows NT 6.2; Win64; x64) AppleWebKit/537.36 (KHTML, like Gecko) Chrome/56.0.2924.87 Safari/537.36" [Fri Mar 31 10:31:23.035620 2017] [:error] [pid 28691] [client 108.162.229.41:9296] PHP Notice: Undefined index: logo_url in /var/www/dev.desbossesetdesbulles.com/cache/smarty/compile/8c/c3/14/8cc3147a9af0ad85eb76dd52aa12e4e4b3785bbb.file.blocktopmenu.tpl.php on line 43, referer: https://shop.forichon.com/historique-commandes [Fri Mar 31 10:31:23.035660 2017] [:error] [pid 28691] [client 108.162.229.41:9296] PHP Notice: Trying to get property of non-object in /var/www/dev.desbossesetdesbulles.com/cache/smarty/compile/8c/c3/14/8cc3147a9af0ad85eb76dd52aa12e4e4b3785bbb.file.blocktopmenu.tpl.php on line 43, referer: https://shop.forichon.com/historique-commandes
108.162.229.41 - - [31/Mar/2017:10:31:22 +0200] "GET /index.php?controller=pdf-invoice&id_order=1 HTTP/1.1" 200 18690 "https://shop.forichon.com/historique-commandes" "Mozilla/5.0 (Windows NT 6.2; Win64; x64) AppleWebKit/537.36 (KHTML, like Gecko) Chrome/56.0.2924.87 Safari/537.36"
108.162.229.41 - - [31/Mar/2017:13:08:15 +0200] "GET /?live_configurator_token=ecfbf00414dfcced81bab3e840217ce5&id_employee=1&id_shop=3 HTTP/1.1" 200 8625 "http://dev.desbossesetdesbulles.com/adminrc2017/index.php?controller=AdminProducts&id_product=20&updateproduct&conf=3&key_tab=Prices&token=98bb816d44b89f62f3a08273f42f97ca" "Mozilla/5.0 (Windows NT 6.2; Win64; x64) AppleWebKit/537.36 (KHTML, like Gecko) Chrome/56.0.2924.87 Safari/537.36"
108.162.229.173 - - [31/Mar/2017:13:08:16 +0200] "GET /modules/themeconfigurator/img/83928e65f7e6eebb1d3b6861d8b490ae1d265e66_baspageforichon01.jpg HTTP/1.1" 304 194 "https://shop.forichon.com/?live_configurator_token=ecfbf00414dfcced81bab3e840217ce5&id_employee=1&id_shop=3" "Mozilla/5.0 (Windows NT 6.2; Win64; x64) AppleWebKit/537.36 (KHTML, like Gecko) Chrome/56.0.2924.87 Safari/537.36"
141.101.69.64 - - [31/Mar/2017:13:08:16 +0200] "GET /modules/themeconfigurator/img/78745d1750095f5e08c0cd1638cb2d6d37e8e7ee_baspageforichon03.jpg HTTP/1.1" 304 194 "https://shop.forichon.com/?live_configurator_token=ecfbf00414dfcced81bab3e840217ce5&id_employee=1&id_shop=3" "Mozilla/5.0 (Windows NT 6.2; Win64; x64) AppleWebKit/537.36 (KHTML, like Gecko) Chrome/56.0.2924.87 Safari/537.36"
108.162.229.41 - - [31/Mar/2017:13:08:19 +0200] "GET /home/20-nouveau-produit.html HTTP/1.1" 200 8523 "https://shop.forichon.com/?live_configurator_token=ecfbf00414dfcced81bab3e840217ce5&id_employee=1&id_shop=3" "Mozilla/5.0 (Windows NT 6.2; Win64; x64) AppleWebKit/537.36 (KHTML, like Gecko) Chrome/56.0.2924.87 Safari/537.36"
108.162.229.233 - - [31/Mar/2017:13:08:19 +0200] "GET /themes/theme_forichon/css/modules/socialsharing/css/socialsharing.css HTTP/1.1" 200 609 "https://shop.forichon.com/home/20-nouveau-produit.html" "Mozilla/5.0 (Windows NT 6.2; Win64; x64) AppleWebKit/537.36 (KHTML, like Gecko) Chrome/56.0.2924.87 Safari/537.36"
108.162.229.41 - - [31/Mar/2017:13:08:19 +0200] "GET /themes/theme_forichon/css/product.css HTTP/1.1" 200 7042 "https://shop.forichon.com/home/20-nouveau-produit.html" "Mozilla/5.0 (Windows NT 6.2; Win64; x64) AppleWebKit/537.36 (KHTML, like Gecko) Chrome/56.0.2924.87 Safari/537.36"
141.101.69.112 - - [31/Mar/2017:13:08:19 +0200] "GET /js/jquery/plugins/jquery.idTabs.js HTTP/1.1" 200 1294 "https://shop.forichon.com/home/20-nouveau-produit.html" "Mozilla/5.0 (Windows NT 6.2; Win64; x64) AppleWebKit/537.36 (KHTML, like Gecko) Chrome/56.0.2924.87 Safari/537.36"
141.101.69.82 - - [31/Mar/2017:13:08:19 +0200] "GET /img/p/fr-default-large_default.jpg HTTP/1.1" 200 9384 "https://shop.forichon.com/home/20-nouveau-produit.html" "Mozilla/5.0 (Windows NT 6.2; Win64; x64) AppleWebKit/537.36 (KHTML, like Gecko) Chrome/56.0.2924.87 Safari/537.36"
141.101.69.28 - - [31/Mar/2017:13:08:19 +0200] "GET /modules/socialsharing/js/socialsharing.js HTTP/1.1" 200 1266 "https://shop.forichon.com/home/20-nouveau-produit.html" "Mozilla/5.0 (Windows NT 6.2; Win64; x64) AppleWebKit/537.36 (KHTML, like Gecko) Chrome/56.0.2924.87 Safari/537.36"
108.162.229.215 - - [31/Mar/2017:13:08:19 +0200] "GET /themes/theme_forichon/js/product.js HTTP/1.1" 200 10073 "https://shop.forichon.com/home/20-nouveau-produit.html" "Mozilla/5.0 (Windows NT 6.2; Win64; x64) AppleWebKit/537.36 (KHTML, like Gecko) Chrome/56.0.2924.87 Safari/537.36"
108.162.229.11 - - [31/Mar/2017:13:08:20 +0200] "GET /modules/productpaymentlogos/img/payment-logo.png HTTP/1.1" 200 18499 "https://shop.forichon.com/home/20-nouveau-produit.html" "Mozilla/5.0 (Windows NT 6.2; Win64; x64) AppleWebKit/537.36 (KHTML, like Gecko) Chrome/56.0.2924.87 Safari/537.36"
108.162.229.41 - - [05/Apr/2017:10:46:48 +0200] "GET / HTTP/1.1" 200 8069 "-" "Mozilla/5.0 (Windows NT 6.2; Win64; x64) AppleWebKit/537.36 (KHTML, like Gecko) Chrome/57.0.2987.133 Safari/537.36"
141.101.88.149 - - [05/Apr/2017:10:46:48 +0200] "GET /js/jquery/plugins/bxslider/jquery.bxslider.css HTTP/1.1" 200 1357 "https://shop.forichon.com/" "Mozilla/5.0 (Windows NT 6.2; Win64; x64) AppleWebKit/537.36 (KHTML, like Gecko) Chrome/57.0.2987.133 Safari/537.36"
141.101.69.250 - - [05/Apr/2017:10:46:48 +0200] "GET /js/jquery/plugins/fancybox/jquery.fancybox.css HTTP/1.1" 200 1761 "https://shop.forichon.com/" "Mozilla/5.0 (Windows NT 6.2; Win64; x64) AppleWebKit/537.36 (KHTML, like Gecko) Chrome/57.0.2987.133 Safari/537.36"
141.101.69.64 - - [05/Apr/2017:10:46:48 +0200] "GET /themes/theme_forichon/css/modules/blockcategories/blockcategories.css HTTP/1.1" 200 1132 "https://shop.forichon.com/" "Mozilla/5.0 (Windows NT 6.2; Win64; x64) AppleWebKit/537.36 (KHTML, like Gecko) Chrome/57.0.2987.133 Safari/537.36"
108.162.229.173 - - [05/Apr/2017:10:46:48 +0200] "GET /modules/blockmyaccountfooter/blockmyaccount.css HTTP/1.1" 200 712 "https://shop.forichon.com/" "Mozilla/5.0 (Windows NT 6.2; Win64; x64) AppleWebKit/537.36 (KHTML, like Gecko) Chrome/57.0.2987.133 Safari/537.36"
108.162.229.197 - - [05/Apr/2017:10:46:48 +0200] "GET /js/jquery/plugins/autocomplete/jquery.autocomplete.css HTTP/1.1" 200 788 "https://shop.forichon.com/" "Mozilla/5.0 (Windows NT 6.2; Win64; x64) AppleWebKit/537.36 (KHTML, like Gecko) Chrome/57.0.2987.133 Safari/537.36"
108.162.229.29 - - [05/Apr/2017:10:46:48 +0200] "GET /themes/theme_forichon/css/global.css HTTP/1.1" 200 36494 "https://shop.forichon.com/" "Mozilla/5.0 (Windows NT 6.2; Win64; x64) AppleWebKit/537.36 (KHTML, like Gecko) Chrome/57.0.2987.133 Safari/537.36"
108.162.229.209 - - [05/Apr/2017:10:46:49 +0200] "GET /themes/theme_forichon/css/modules/blockcontact/blockcontact.css HTTP/1.1" 200 912 "https://shop.forichon.com/" "Mozilla/5.0 (Windows NT 6.2; Win64; x64) AppleWebKit/537.36 (KHTML, like Gecko) Chrome/57.0.2987.133 Safari/537.36"
108.162.229.221 - - [05/Apr/2017:10:46:49 +0200] "GET /themes/theme_forichon/css/modules/blocksearch/blocksearch.css HTTP/1.1" 200 934 "https://shop.forichon.com/" "Mozilla/5.0 (Windows NT 6.2; Win64; x64) AppleWebKit/537.36 (KHTML, like Gecko) Chrome/57.0.2987.133 Safari/537.36"
108.162.229.125 - - [05/Apr/2017:10:46:50 +0200] "GET /themes/theme_forichon/css/modules/blockcurrencies/blockcurrencies.css HTTP/1.1" 200 970 "https://shop.forichon.com/" "Mozilla/5.0 (Windows NT 6.2; Win64; x64) AppleWebKit/537.36 (KHTML, like Gecko) Chrome/57.0.2987.133 Safari/537.36"
141.101.69.148 - - [05/Apr/2017:10:46:50 +0200] "GET /themes/theme_forichon/css/product_list.css HTTP/1.1" 200 3613 "https://shop.forichon.com/" "Mozilla/5.0 (Windows NT 6.2; Win64; x64) AppleWebKit/537.36 (KHTML, like Gecko) Chrome/57.0.2987.133 Safari/537.36"
141.101.88.221 - - [05/Apr/2017:10:46:50 +0200] "GET /themes/theme_forichon/css/modules/blocktopmenu/css/superfish-modified.css HTTP/1.1" 200 2593 "https://shop.forichon.com/" "Mozilla/5.0 (Windows NT 6.2; Win64; x64) AppleWebKit/537.36 (KHTML, like Gecko) Chrome/57.0.2987.133 Safari/537.36"
108.162.229.17 - - [05/Apr/2017:10:46:51 +0200] "GET /themes/theme_forichon/css/modules/blocknewsletter/blocknewsletter.css HTTP/1.1" 200 1755 "https://shop.forichon.com/" "Mozilla/5.0 (Windows NT 6.2; Win64; x64) AppleWebKit/537.36 (KHTML, like Gecko) Chrome/57.0.2987.133 Safari/537.36"
108.162.229.167 - - [05/Apr/2017:10:46:51 +0200] "GET /modules/blocktags/blocktags.css HTTP/1.1" 200 600 "https://shop.forichon.com/" "Mozilla/5.0 (Windows NT 6.2; Win64; x64) AppleWebKit/537.36 (KHTML, like Gecko) Chrome/57.0.2987.133 Safari/537.36"
108.162.229.215 - - [05/Apr/2017:10:46:51 +0200] "GET /themes/theme_forichon/css/modules/blockuserinfo/blockuserinfo.css HTTP/1.1" 200 628 "https://shop.forichon.com/" "Mozilla/5.0 (Windows NT 6.2; Win64; x64) AppleWebKit/537.36 (KHTML, like Gecko) Chrome/57.0.2987.133 Safari/537.36"
141.101.69.178 - - [05/Apr/2017:10:46:51 +0200] "GET /modules/blockviewed/blockviewed.css HTTP/1.1" 200 637 "https://shop.forichon.com/" "Mozilla/5.0 (Windows NT 6.2; Win64; x64) AppleWebKit/537.36 (KHTML, like Gecko) Chrome/57.0.2987.133 Safari/537.36"
141.101.69.10 - - [05/Apr/2017:10:46:52 +0200] "GET /themes/theme_forichon/css/modules/homeslider/homeslider.css HTTP/1.1" 200 1281 "https://shop.forichon.com/" "Mozilla/5.0 (Windows NT 6.2; Win64; x64) AppleWebKit/537.36 (KHTML, like Gecko) Chrome/57.0.2987.133 Safari/537.36"
141.101.69.100 - - [05/Apr/2017:10:46:52 +0200] "GET /themes/theme_forichon/css/modules/blocklanguages/blocklanguages.css HTTP/1.1" 200 951 "https://shop.forichon.com/" "Mozilla/5.0 (Windows NT 6.2; Win64; x64) AppleWebKit/537.36 (KHTML, like Gecko) Chrome/57.0.2987.133 Safari/537.36"
141.101.69.166 - - [05/Apr/2017:10:46:52 +0200] "GET /modules/blockfacebook/css/blockfacebook.css HTTP/1.1" 200 336 "https://shop.forichon.com/" "Mozilla/5.0 (Windows NT 6.2; Win64; x64) AppleWebKit/537.36 (KHTML, like Gecko) Chrome/57.0.2987.133 Safari/537.36"
141.101.69.118 - - [05/Apr/2017:10:46:52 +0200] "GET /modules/themeconfigurator/css/hooks.css HTTP/1.1" 200 724 "https://shop.forichon.com/" "Mozilla/5.0 (Windows NT 6.2; Win64; x64) AppleWebKit/537.36 (KHTML, like Gecko) Chrome/57.0.2987.133 Safari/537.36"
108.162.229.209 - - [05/Apr/2017:10:46:52 +0200] "GET /themes/theme_forichon/css/modules/blockcart/blockcart.css HTTP/1.1" 200 3911 "https://shop.forichon.com/" "Mozilla/5.0 (Windows NT 6.2; Win64; x64) AppleWebKit/537.36 (KHTML, like Gecko) Chrome/57.0.2987.133 Safari/537.36"
108.162.229.179 - - [05/Apr/2017:10:46:52 +0200] "GET /themes/theme_forichon/js/global.js HTTP/1.1" 200 4435 "https://shop.forichon.com/" "Mozilla/5.0 (Windows NT 6.2; Win64; x64) AppleWebKit/537.36 (KHTML, like Gecko) Chrome/57.0.2987.133 Safari/537.36"
108.162.229.173 - - [05/Apr/2017:10:46:52 +0200] "GET /themes/theme_forichon/js/modules/blockcart/ajax-cart.js HTTP/1.1" 200 8296 "https://shop.forichon.com/" "Mozilla/5.0 (Windows NT 6.2; Win64; x64) AppleWebKit/537.36 (KHTML, like Gecko) Chrome/57.0.2987.133 Safari/537.36"
108.162.229.53 - - [05/Apr/2017:10:46:52 +0200] "GET /js/jquery/jquery-1.11.0.min.js HTTP/1.1" 200 33723 "https://shop.forichon.com/" "Mozilla/5.0 (Windows NT 6.2; Win64; x64) AppleWebKit/537.36 (KHTML, like Gecko) Chrome/57.0.2987.133 Safari/537.36"
141.101.69.214 - - [05/Apr/2017:10:46:53 +0200] "GET /js/jquery/jquery-migrate-1.2.1.min.js HTTP/1.1" 200 3415 "https://shop.forichon.com/" "Mozilla/5.0 (Windows NT 6.2; Win64; x64) AppleWebKit/537.36 (KHTML, like Gecko) Chrome/57.0.2987.133 Safari/537.36"
141.101.88.155 - - [05/Apr/2017:10:46:53 +0200] "GET /js/jquery/plugins/fancybox/jquery.fancybox.js HTTP/1.1" 200 8986 "https://shop.forichon.com/" "Mozilla/5.0 (Windows NT 6.2; Win64; x64) AppleWebKit/537.36 (KHTML, like Gecko) Chrome/57.0.2987.133 Safari/537.36"
141.101.88.35 - - [05/Apr/2017:10:46:53 +0200] "GET /themes/theme_forichon/js/autoload/15-jquery.uniform-modified.js HTTP/1.1" 200 8253 "https://shop.forichon.com/" "Mozilla/5.0 (Windows NT 6.2; Win64; x64) AppleWebKit/537.36 (KHTML, like Gecko) Chrome/57.0.2987.133 Safari/537.36"
108.162.229.95 - - [05/Apr/2017:10:46:53 +0200] "GET /js/jquery/plugins/jquery.scrollTo.js HTTP/1.1" 200 1698 "https://shop.forichon.com/" "Mozilla/5.0 (Windows NT 6.2; Win64; x64) AppleWebKit/537.36 (KHTML, like Gecko) Chrome/57.0.2987.133 Safari/537.36"
141.101.88.89 - - [05/Apr/2017:10:46:53 +0200] "GET /js/jquery/plugins/jquery.serialScroll.js HTTP/1.1" 200 1396 "https://shop.forichon.com/" "Mozilla/5.0 (Windows NT 6.2; Win64; x64) AppleWebKit/537.36 (KHTML, like Gecko) Chrome/57.0.2987.133 Safari/537.36"
141.101.88.143 - - [05/Apr/2017:10:46:53 +0200] "GET /themes/theme_forichon/js/modules/blocknewsletter/blocknewsletter.js HTTP/1.1" 200 1195 "https://shop.forichon.com/" "Mozilla/5.0 (Windows NT 6.2; Win64; x64) AppleWebKit/537.36 (KHTML, like Gecko) Chrome/57.0.2987.133 Safari/537.36"
108.162.229.233 - - [05/Apr/2017:10:46:53 +0200] "GET /js/jquery/plugins/bxslider/jquery.bxslider.js HTTP/1.1" 200 5515 "https://shop.forichon.com/" "Mozilla/5.0 (Windows NT 6.2; Win64; x64) AppleWebKit/537.36 (KHTML, like Gecko) Chrome/57.0.2987.133 Safari/537.36"
141.101.88.203 - - [05/Apr/2017:10:46:53 +0200] "GET /themes/theme_forichon/js/tools/treeManagement.js HTTP/1.1" 200 1484 "https://shop.forichon.com/" "Mozilla/5.0 (Windows NT 6.2; Win64; x64) AppleWebKit/537.36 (KHTML, like Gecko) Chrome/57.0.2987.133 Safari/537.36"
108.162.229.161 - - [05/Apr/2017:10:46:53 +0200] "GET /modules/blockfacebook/blockfacebook.js HTTP/1.1" 200 1096 "https://shop.forichon.com/" "Mozilla/5.0 (Windows NT 6.2; Win64; x64) AppleWebKit/537.36 (KHTML, like Gecko) Chrome/57.0.2987.133 Safari/537.36"
141.101.69.64 - - [05/Apr/2017:10:46:53 +0200] "GET /js/tools.js HTTP/1.1" 200 6610 "https://shop.forichon.com/" "Mozilla/5.0 (Windows NT 6.2; Win64; x64) AppleWebKit/537.36 (KHTML, like Gecko) Chrome/57.0.2987.133 Safari/537.36"
141.101.88.179 - - [05/Apr/2017:10:46:53 +0200] "GET /js/jquery/plugins/autocomplete/jquery.autocomplete.js HTTP/1.1" 200 6812 "https://shop.forichon.com/" "Mozilla/5.0 (Windows NT 6.2; Win64; x64) AppleWebKit/537.36 (KHTML, like Gecko) Chrome/57.0.2987.133 Safari/537.36"
108.162.229.227 - - [05/Apr/2017:10:46:53 +0200] "GET /themes/theme_forichon/js/modules/blocktopmenu/js/blocktopmenu.js HTTP/1.1" 200 1873 "https://shop.forichon.com/" "Mozilla/5.0 (Windows NT 6.2; Win64; x64) AppleWebKit/537.36 (KHTML, like Gecko) Chrome/57.0.2987.133 Safari/537.36"
141.101.69.40 - - [05/Apr/2017:10:46:53 +0200] "GET /themes/theme_forichon/js/autoload/10-bootstrap.min.js HTTP/1.1" 200 7583 "https://shop.forichon.com/" "Mozilla/5.0 (Windows NT 6.2; Win64; x64) AppleWebKit/537.36 (KHTML, like Gecko) Chrome/57.0.2987.133 Safari/537.36"
141.101.88.5 - - [05/Apr/2017:10:46:53 +0200] "GET /themes/theme_forichon/js/modules/blocksearch/blocksearch.js HTTP/1.1" 200 1851 "https://shop.forichon.com/" "Mozilla/5.0 (Windows NT 6.2; Win64; x64) AppleWebKit/537.36 (KHTML, like Gecko) Chrome/57.0.2987.133 Safari/537.36"
108.162.229.113 - - [05/Apr/2017:10:46:53 +0200] "GET /themes/theme_forichon/js/modules/homeslider/js/homeslider.js HTTP/1.1" 200 1261 "https://shop.forichon.com/" "Mozilla/5.0 (Windows NT 6.2; Win64; x64) AppleWebKit/537.36 (KHTML, like Gecko) Chrome/57.0.2987.133 Safari/537.36"
108.162.229.137 - - [05/Apr/2017:10:46:53 +0200] "GET /themes/theme_forichon/js/modules/blocktopmenu/js/superfish-modified.js HTTP/1.1" 200 2650 "https://shop.forichon.com/" "Mozilla/5.0 (Windows NT 6.2; Win64; x64) AppleWebKit/537.36 (KHTML, like Gecko) Chrome/57.0.2987.133 Safari/537.36"
141.101.88.41 - - [05/Apr/2017:10:46:53 +0200] "GET /themes/theme_forichon/js/modules/blocktopmenu/js/hoverIntent.js HTTP/1.1" 200 1970 "https://shop.forichon.com/" "Mozilla/5.0 (Windows NT 6.2; Win64; x64) AppleWebKit/537.36 (KHTML, like Gecko) Chrome/57.0.2987.133 Safari/537.36"
108.162.229.47 - - [05/Apr/2017:10:46:53 +0200] "GET /themes/theme_forichon/js/index.js HTTP/1.1" 200 963 "https://shop.forichon.com/" "Mozilla/5.0 (Windows NT 6.2; Win64; x64) AppleWebKit/537.36 (KHTML, like Gecko) Chrome/57.0.2987.133 Safari/537.36"
141.101.88.5 - - [05/Apr/2017:10:46:53 +0200] "GET /js/jquery/plugins/jquery.easing.js HTTP/1.1" 200 1514 "https://shop.forichon.com/" "Mozilla/5.0 (Windows NT 6.2; Win64; x64) AppleWebKit/537.36 (KHTML, like Gecko) Chrome/57.0.2987.133 Safari/537.36"
141.101.88.197 - - [05/Apr/2017:10:46:53 +0200] "GET /themes/theme_forichon/js/autoload/15-jquery.total-storage.min.js HTTP/1.1" 200 1389 "https://shop.forichon.com/" "Mozilla/5.0 (Windows NT 6.2; Win64; x64) AppleWebKit/537.36 (KHTML, like Gecko) Chrome/57.0.2987.133 Safari/537.36"
108.162.229.143 - - [05/Apr/2017:10:46:53 +0200] "GET /img/shop-forichon-logo-14907135143.jpg HTTP/1.1" 200 8458 "https://shop.forichon.com/" "Mozilla/5.0 (Windows NT 6.2; Win64; x64) AppleWebKit/537.36 (KHTML, like Gecko) Chrome/57.0.2987.133 Safari/537.36"
141.101.69.64 - - [05/Apr/2017:10:46:53 +0200] "GET /modules/themeconfigurator/img/78745d1750095f5e08c0cd1638cb2d6d37e8e7ee_baspageforichon03.jpg HTTP/1.1" 200 10713 "https://shop.forichon.com/" "Mozilla/5.0 (Windows NT 6.2; Win64; x64) AppleWebKit/537.36 (KHTML, like Gecko) Chrome/57.0.2987.133 Safari/537.36"
108.162.229.173 - - [05/Apr/2017:10:46:53 +0200] "GET /img/p/fr-default-home_default.jpg HTTP/1.1" 200 8484 "https://shop.forichon.com/" "Mozilla/5.0 (Windows NT 6.2; Win64; x64) AppleWebKit/537.36 (KHTML, like Gecko) Chrome/57.0.2987.133 Safari/537.36"
141.101.69.238 - - [05/Apr/2017:10:46:54 +0200] "GET /modules/homeslider/images/7ad8b97f5be74a110669cd81471a972576514b73_f98ef212ac4820542f8f1724a80ba4e1accf6139_Image-Caroussel_LARGE2.jpg HTTP/1.1" 200 154725 "https://shop.forichon.com/" "Mozilla/5.0 (Windows NT 6.2; Win64; x64) AppleWebKit/537.36 (KHTML, like Gecko) Chrome/57.0.2987.133 Safari/537.36"
108.162.229.173 - - [05/Apr/2017:10:46:54 +0200] "GET /modules/themeconfigurator/img/83928e65f7e6eebb1d3b6861d8b490ae1d265e66_baspageforichon01.jpg HTTP/1.1" 200 8592 "https://shop.forichon.com/" "Mozilla/5.0 (Windows NT 6.2; Win64; x64) AppleWebKit/537.36 (KHTML, like Gecko) Chrome/57.0.2987.133 Safari/537.36"
141.101.88.83 - - [05/Apr/2017:10:46:54 +0200] "GET /modules/themeconfigurator/img/5be83511de69dbebc55240d63f4137e19ad9d2bf_baspageforichon02.jpg HTTP/1.1" 200 8415 "https://shop.forichon.com/" "Mozilla/5.0 (Windows NT 6.2; Win64; x64) AppleWebKit/537.36 (KHTML, like Gecko) Chrome/57.0.2987.133 Safari/537.36"
108.162.229.215 - - [05/Apr/2017:10:46:54 +0200] "GET /js/jquery/plugins/bxslider/images/bx_loader.gif HTTP/1.1" 200 8868 "https://shop.forichon.com/js/jquery/plugins/bxslider/jquery.bxslider.css" "Mozilla/5.0 (Windows NT 6.2; Win64; x64) AppleWebKit/537.36 (KHTML, like Gecko) Chrome/57.0.2987.133 Safari/537.36"
141.101.88.41 - - [05/Apr/2017:10:46:54 +0200] "GET /themes/theme_forichon/fonts/fontawesome-webfont.woff2?v=4.3.0 HTTP/1.1" 200 57055 "https://shop.forichon.com/themes/theme_forichon/css/global.css" "Mozilla/5.0 (Windows NT 6.2; Win64; x64) AppleWebKit/537.36 (KHTML, like Gecko) Chrome/57.0.2987.133 Safari/537.36"
108.162.229.41 - - [05/Apr/2017:10:47:02 +0200] "GET /27-tableaux HTTP/1.1" 200 7305 "https://shop.forichon.com/" "Mozilla/5.0 (Windows NT 6.2; Win64; x64) AppleWebKit/537.36 (KHTML, like Gecko) Chrome/57.0.2987.133 Safari/537.36"
141.101.88.143 - - [05/Apr/2017:10:47:02 +0200] "GET /themes/theme_forichon/css/category.css HTTP/1.1" 200 1180 "https://shop.forichon.com/27-tableaux" "Mozilla/5.0 (Windows NT 6.2; Win64; x64) AppleWebKit/537.36 (KHTML, like Gecko) Chrome/57.0.2987.133 Safari/537.36"
108.162.229.245 - - [05/Apr/2017:10:47:02 +0200] "GET /themes/theme_forichon/css/scenes.css HTTP/1.1" 200 1041 "https://shop.forichon.com/27-tableaux" "Mozilla/5.0 (Windows NT 6.2; Win64; x64) AppleWebKit/537.36 (KHTML, like Gecko) Chrome/57.0.2987.133 Safari/537.36"
141.101.69.148 - - [05/Apr/2017:10:47:02 +0200] "GET /themes/theme_forichon/css/product_list.css HTTP/1.1" 200 3613 "https://shop.forichon.com/27-tableaux" "Mozilla/5.0 (Windows NT 6.2; Win64; x64) AppleWebKit/537.36 (KHTML, like Gecko) Chrome/57.0.2987.133 Safari/537.36"
108.162.229.29 - - [05/Apr/2017:10:47:02 +0200] "GET /themes/theme_forichon/css/global.css HTTP/1.1" 200 36494 "https://shop.forichon.com/27-tableaux" "Mozilla/5.0 (Windows NT 6.2; Win64; x64) AppleWebKit/537.36 (KHTML, like Gecko) Chrome/57.0.2987.133 Safari/537.36"
141.101.69.64 - - [05/Apr/2017:10:47:02 +0200] "GET /themes/theme_forichon/css/modules/blockcategories/blockcategories.css HTTP/1.1" 200 1132 "https://shop.forichon.com/27-tableaux" "Mozilla/5.0 (Windows NT 6.2; Win64; x64) AppleWebKit/537.36 (KHTML, like Gecko) Chrome/57.0.2987.133 Safari/537.36"
108.162.229.209 - - [05/Apr/2017:10:47:02 +0200] "GET /themes/theme_forichon/css/modules/blockcart/blockcart.css HTTP/1.1" 200 3911 "https://shop.forichon.com/27-tableaux" "Mozilla/5.0 (Windows NT 6.2; Win64; x64) AppleWebKit/537.36 (KHTML, like Gecko) Chrome/57.0.2987.133 Safari/537.36"
108.162.229.209 - - [05/Apr/2017:10:47:02 +0200] "GET /themes/theme_forichon/css/modules/blockcontact/blockcontact.css HTTP/1.1" 200 912 "https://shop.forichon.com/27-tableaux" "Mozilla/5.0 (Windows NT 6.2; Win64; x64) AppleWebKit/537.36 (KHTML, like Gecko) Chrome/57.0.2987.133 Safari/537.36"
108.162.229.125 - - [05/Apr/2017:10:47:02 +0200] "GET /themes/theme_forichon/css/modules/blockcurrencies/blockcurrencies.css HTTP/1.1" 200 970 "https://shop.forichon.com/27-tableaux" "Mozilla/5.0 (Windows NT 6.2; Win64; x64) AppleWebKit/537.36 (KHTML, like Gecko) Chrome/57.0.2987.133 Safari/537.36"
141.101.69.100 - - [05/Apr/2017:10:47:02 +0200] "GET /themes/theme_forichon/css/modules/blocklanguages/blocklanguages.css HTTP/1.1" 200 951 "https://shop.forichon.com/27-tableaux" "Mozilla/5.0 (Windows NT 6.2; Win64; x64) AppleWebKit/537.36 (KHTML, like Gecko) Chrome/57.0.2987.133 Safari/537.36"
108.162.229.221 - - [05/Apr/2017:10:47:02 +0200] "GET /themes/theme_forichon/css/modules/blocksearch/blocksearch.css HTTP/1.1" 200 934 "https://shop.forichon.com/27-tableaux" "Mozilla/5.0 (Windows NT 6.2; Win64; x64) AppleWebKit/537.36 (KHTML, like Gecko) Chrome/57.0.2987.133 Safari/537.36"
108.162.229.17 - - [05/Apr/2017:10:47:02 +0200] "GET /themes/theme_forichon/css/modules/blocknewsletter/blocknewsletter.css HTTP/1.1" 200 1755 "https://shop.forichon.com/27-tableaux" "Mozilla/5.0 (Windows NT 6.2; Win64; x64) AppleWebKit/537.36 (KHTML, like Gecko) Chrome/57.0.2987.133 Safari/537.36"
141.101.88.155 - - [05/Apr/2017:10:47:02 +0200] "GET /themes/theme_forichon/js/category.js HTTP/1.1" 200 1235 "https://shop.forichon.com/27-tableaux" "Mozilla/5.0 (Windows NT 6.2; Win64; x64) AppleWebKit/537.36 (KHTML, like Gecko) Chrome/57.0.2987.133 Safari/537.36"
141.101.88.221 - - [05/Apr/2017:10:47:02 +0200] "GET /themes/theme_forichon/css/modules/blocktopmenu/css/superfish-modified.css HTTP/1.1" 200 2593 "https://shop.forichon.com/27-tableaux" "Mozilla/5.0 (Windows NT 6.2; Win64; x64) AppleWebKit/537.36 (KHTML, like Gecko) Chrome/57.0.2987.133 Safari/537.36"
108.162.229.215 - - [05/Apr/2017:10:47:02 +0200] "GET /themes/theme_forichon/css/modules/blockuserinfo/blockuserinfo.css HTTP/1.1" 200 628 "https://shop.forichon.com/27-tableaux" "Mozilla/5.0 (Windows NT 6.2; Win64; x64) AppleWebKit/537.36 (KHTML, like Gecko) Chrome/57.0.2987.133 Safari/537.36"
108.162.229.41 - - [05/Apr/2017:10:47:44 +0200] "GET /27-tableaux HTTP/1.1" 200 6719 "https://shop.forichon.com/" "Mozilla/5.0 (Windows NT 6.2; Win64; x64) AppleWebKit/537.36 (KHTML, like Gecko) Chrome/57.0.2987.133 Safari/537.36"
108.162.229.29 - - [05/Apr/2017:10:47:44 +0200] "GET /themes/theme_forichon/css/global.css HTTP/1.1" 200 36494 "https://shop.forichon.com/27-tableaux" "Mozilla/5.0 (Windows NT 6.2; Win64; x64) AppleWebKit/537.36 (KHTML, like Gecko) Chrome/57.0.2987.133 Safari/537.36"
108.162.229.245 - - [05/Apr/2017:10:47:44 +0200] "GET /themes/theme_forichon/css/scenes.css HTTP/1.1" 200 1041 "https://shop.forichon.com/27-tableaux" "Mozilla/5.0 (Windows NT 6.2; Win64; x64) AppleWebKit/537.36 (KHTML, like Gecko) Chrome/57.0.2987.133 Safari/537.36"
141.101.69.64 - - [05/Apr/2017:10:47:44 +0200] "GET /themes/theme_forichon/css/modules/blockcategories/blockcategories.css HTTP/1.1" 200 1132 "https://shop.forichon.com/27-tableaux" "Mozilla/5.0 (Windows NT 6.2; Win64; x64) AppleWebKit/537.36 (KHTML, like Gecko) Chrome/57.0.2987.133 Safari/537.36"
108.162.229.209 - - [05/Apr/2017:10:47:44 +0200] "GET /themes/theme_forichon/css/modules/blockcontact/blockcontact.css HTTP/1.1" 200 912 "https://shop.forichon.com/27-tableaux" "Mozilla/5.0 (Windows NT 6.2; Win64; x64) AppleWebKit/537.36 (KHTML, like Gecko) Chrome/57.0.2987.133 Safari/537.36"
141.101.69.148 - - [05/Apr/2017:10:47:44 +0200] "GET /themes/theme_forichon/css/product_list.css HTTP/1.1" 200 3613 "https://shop.forichon.com/27-tableaux" "Mozilla/5.0 (Windows NT 6.2; Win64; x64) AppleWebKit/537.36 (KHTML, like Gecko) Chrome/57.0.2987.133 Safari/537.36"
141.101.88.143 - - [05/Apr/2017:10:47:44 +0200] "GET /themes/theme_forichon/css/category.css HTTP/1.1" 200 1180 "https://shop.forichon.com/27-tableaux" "Mozilla/5.0 (Windows NT 6.2; Win64; x64) AppleWebKit/537.36 (KHTML, like Gecko) Chrome/57.0.2987.133 Safari/537.36"
108.162.229.221 - - [05/Apr/2017:10:47:44 +0200] "GET /themes/theme_forichon/css/modules/blocksearch/blocksearch.css HTTP/1.1" 200 934 "https://shop.forichon.com/27-tableaux" "Mozilla/5.0 (Windows NT 6.2; Win64; x64) AppleWebKit/537.36 (KHTML, like Gecko) Chrome/57.0.2987.133 Safari/537.36"
108.162.229.17 - - [05/Apr/2017:10:47:44 +0200] "GET /themes/theme_forichon/css/modules/blocknewsletter/blocknewsletter.css HTTP/1.1" 200 1755 "https://shop.forichon.com/27-tableaux" "Mozilla/5.0 (Windows NT 6.2; Win64; x64) AppleWebKit/537.36 (KHTML, like Gecko) Chrome/57.0.2987.133 Safari/537.36"
141.101.69.100 - - [05/Apr/2017:10:47:44 +0200] "GET /themes/theme_forichon/css/modules/blocklanguages/blocklanguages.css HTTP/1.1" 200 951 "https://shop.forichon.com/27-tableaux" "Mozilla/5.0 (Windows NT 6.2; Win64; x64) AppleWebKit/537.36 (KHTML, like Gecko) Chrome/57.0.2987.133 Safari/537.36"
108.162.229.125 - - [05/Apr/2017:10:47:44 +0200] "GET /themes/theme_forichon/css/modules/blockcurrencies/blockcurrencies.css HTTP/1.1" 200 970 "https://shop.forichon.com/27-tableaux" "Mozilla/5.0 (Windows NT 6.2; Win64; x64) AppleWebKit/537.36 (KHTML, like Gecko) Chrome/57.0.2987.133 Safari/537.36"
108.162.229.209 - - [05/Apr/2017:10:47:44 +0200] "GET /themes/theme_forichon/css/modules/blockcart/blockcart.css HTTP/1.1" 200 3911 "https://shop.forichon.com/27-tableaux" "Mozilla/5.0 (Windows NT 6.2; Win64; x64) AppleWebKit/537.36 (KHTML, like Gecko) Chrome/57.0.2987.133 Safari/537.36"
108.162.229.215 - - [05/Apr/2017:10:47:44 +0200] "GET /themes/theme_forichon/css/modules/blockuserinfo/blockuserinfo.css HTTP/1.1" 200 628 "https://shop.forichon.com/27-tableaux" "Mozilla/5.0 (Windows NT 6.2; Win64; x64) AppleWebKit/537.36 (KHTML, like Gecko) Chrome/57.0.2987.133 Safari/537.36"
141.101.88.221 - - [05/Apr/2017:10:47:44 +0200] "GET /themes/theme_forichon/css/modules/blocktopmenu/css/superfish-modified.css HTTP/1.1" 200 2593 "https://shop.forichon.com/27-tableaux" "Mozilla/5.0 (Windows NT 6.2; Win64; x64) AppleWebKit/537.36 (KHTML, like Gecko) Chrome/57.0.2987.133 Safari/537.36"
108.162.229.41 - - [05/Apr/2017:10:47:46 +0200] "POST /?rand=1491381901909 HTTP/1.1" 200 681 "https://shop.forichon.com/27-tableaux" "Mozilla/5.0 (Windows NT 6.2; Win64; x64) AppleWebKit/537.36 (KHTML, like Gecko) Chrome/57.0.2987.133 Safari/537.36"
141.101.69.94 - - [05/Apr/2017:10:47:46 +0200] "GET /img/p/fr-default-cart_default.jpg HTTP/1.1" 200 2580 "https://shop.forichon.com/27-tableaux" "Mozilla/5.0 (Windows NT 6.2; Win64; x64) AppleWebKit/537.36 (KHTML, like Gecko) Chrome/57.0.2987.133 Safari/537.36"
108.162.229.41 - - [05/Apr/2017:10:47:48 +0200] "GET /commande HTTP/1.1" 200 7895 "https://shop.forichon.com/27-tableaux" "Mozilla/5.0 (Windows NT 6.2; Win64; x64) AppleWebKit/537.36 (KHTML, like Gecko) Chrome/57.0.2987.133 Safari/537.36"
108.162.229.173 - - [05/Apr/2017:10:47:48 +0200] "GET /themes/theme_forichon/css/addresses.css HTTP/1.1" 200 578 "https://shop.forichon.com/commande" "Mozilla/5.0 (Windows NT 6.2; Win64; x64) AppleWebKit/537.36 (KHTML, like Gecko) Chrome/57.0.2987.133 Safari/537.36"
108.162.229.29 - - [05/Apr/2017:10:47:48 +0200] "GET /themes/theme_forichon/css/global.css HTTP/1.1" 200 36493 "https://shop.forichon.com/commande" "Mozilla/5.0 (Windows NT 6.2; Win64; x64) AppleWebKit/537.36 (KHTML, like Gecko) Chrome/57.0.2987.133 Safari/537.36"
108.162.229.209 - - [05/Apr/2017:10:47:48 +0200] "GET /themes/theme_forichon/css/modules/blockcart/blockcart.css HTTP/1.1" 200 3911 "https://shop.forichon.com/commande" "Mozilla/5.0 (Windows NT 6.2; Win64; x64) AppleWebKit/537.36 (KHTML, like Gecko) Chrome/57.0.2987.133 Safari/537.36"
141.101.88.221 - - [05/Apr/2017:10:47:48 +0200] "GET /themes/theme_forichon/css/modules/blocktopmenu/css/superfish-modified.css HTTP/1.1" 200 2592 "https://shop.forichon.com/commande" "Mozilla/5.0 (Windows NT 6.2; Win64; x64) AppleWebKit/537.36 (KHTML, like Gecko) Chrome/57.0.2987.133 Safari/537.36"
141.101.69.64 - - [05/Apr/2017:10:47:48 +0200] "GET /themes/theme_forichon/css/modules/blockcategories/blockcategories.css HTTP/1.1" 200 1132 "https://shop.forichon.com/commande" "Mozilla/5.0 (Windows NT 6.2; Win64; x64) AppleWebKit/537.36 (KHTML, like Gecko) Chrome/57.0.2987.133 Safari/537.36"
108.162.229.209 - - [05/Apr/2017:10:47:48 +0200] "GET /themes/theme_forichon/css/modules/blockcontact/blockcontact.css HTTP/1.1" 200 912 "https://shop.forichon.com/commande" "Mozilla/5.0 (Windows NT 6.2; Win64; x64) AppleWebKit/537.36 (KHTML, like Gecko) Chrome/57.0.2987.133 Safari/537.36"
108.162.229.221 - - [05/Apr/2017:10:47:48 +0200] "GET /themes/theme_forichon/css/modules/blocksearch/blocksearch.css HTTP/1.1" 200 934 "https://shop.forichon.com/commande" "Mozilla/5.0 (Windows NT 6.2; Win64; x64) AppleWebKit/537.36 (KHTML, like Gecko) Chrome/57.0.2987.133 Safari/537.36"
108.162.229.17 - - [05/Apr/2017:10:47:48 +0200] "GET /themes/theme_forichon/css/modules/blocknewsletter/blocknewsletter.css HTTP/1.1" 200 1755 "https://shop.forichon.com/commande" "Mozilla/5.0 (Windows NT 6.2; Win64; x64) AppleWebKit/537.36 (KHTML, like Gecko) Chrome/57.0.2987.133 Safari/537.36"
108.162.229.197 - - [05/Apr/2017:10:47:48 +0200] "GET /themes/theme_forichon/js/cart-summary.js HTTP/1.1" 200 7336 "https://shop.forichon.com/commande" "Mozilla/5.0 (Windows NT 6.2; Win64; x64) AppleWebKit/537.36 (KHTML, like Gecko) Chrome/57.0.2987.133 Safari/537.36"
141.101.69.34 - - [05/Apr/2017:10:47:48 +0200] "GET /js/jquery/plugins/jquery.typewatch.js HTTP/1.1" 200 1344 "https://shop.forichon.com/commande" "Mozilla/5.0 (Windows NT 6.2; Win64; x64) AppleWebKit/537.36 (KHTML, like Gecko) Chrome/57.0.2987.133 Safari/537.36"
141.101.69.100 - - [05/Apr/2017:10:47:48 +0200] "GET /themes/theme_forichon/css/modules/blocklanguages/blocklanguages.css HTTP/1.1" 200 951 "https://shop.forichon.com/commande" "Mozilla/5.0 (Windows NT 6.2; Win64; x64) AppleWebKit/537.36 (KHTML, like Gecko) Chrome/57.0.2987.133 Safari/537.36"
108.162.229.215 - - [05/Apr/2017:10:47:48 +0200] "GET /themes/theme_forichon/css/modules/blockuserinfo/blockuserinfo.css HTTP/1.1" 200 628 "https://shop.forichon.com/commande" "Mozilla/5.0 (Windows NT 6.2; Win64; x64) AppleWebKit/537.36 (KHTML, like Gecko) Chrome/57.0.2987.133 Safari/537.36"
141.101.88.5 - - [05/Apr/2017:10:47:48 +0200] "GET /modules/mondialrelay/views/js/common.js HTTP/1.1" 200 1823 "https://shop.forichon.com/commande" "Mozilla/5.0 (Windows NT 6.2; Win64; x64) AppleWebKit/537.36 (KHTML, like Gecko) Chrome/57.0.2987.133 Safari/537.36"
108.162.229.209 - - [05/Apr/2017:10:47:49 +0200] "GET /modules/mondialrelay/views/js/jquery.plugin.mondialrelay.parcelshoppicker.2.0.0.js HTTP/1.1" 200 6344 "https://shop.forichon.com/commande" "Mozilla/5.0 (Windows NT 6.2; Win64; x64) AppleWebKit/537.36 (KHTML, like Gecko) Chrome/57.0.2987.133 Safari/537.36"
108.162.229.125 - - [05/Apr/2017:10:47:49 +0200] "GET /themes/theme_forichon/css/modules/blockcurrencies/blockcurrencies.css HTTP/1.1" 200 970 "https://shop.forichon.com/commande" "Mozilla/5.0 (Windows NT 6.2; Win64; x64) AppleWebKit/537.36 (KHTML, like Gecko) Chrome/57.0.2987.133 Safari/537.36"
141.101.69.154 - - [05/Apr/2017:10:47:49 +0200] "GET /modules/mondialrelay/views/js/mondialrelay_widget.js HTTP/1.1" 200 2608 "https://shop.forichon.com/commande" "Mozilla/5.0 (Windows NT 6.2; Win64; x64) AppleWebKit/537.36 (KHTML, like Gecko) Chrome/57.0.2987.133 Safari/537.36"
141.101.88.179 - - [05/Apr/2017:10:47:49 +0200] "GET /img/p/fr-default-small_default.jpg HTTP/1.1" 200 3159 "https://shop.forichon.com/commande" "Mozilla/5.0 (Windows NT 6.2; Win64; x64) AppleWebKit/537.36 (KHTML, like Gecko) Chrome/57.0.2987.133 Safari/537.36"
141.101.69.64 - - [05/Apr/2017:10:47:49 +0200] "GET /img/favicon-3.ico?1490947578 HTTP/1.1" 200 1114 "https://shop.forichon.com/commande" "Mozilla/5.0 (Windows NT 6.2; Win64; x64) AppleWebKit/537.36 (KHTML, like Gecko) Chrome/57.0.2987.133 Safari/537.36"
108.162.229.41 - - [05/Apr/2017:10:47:54 +0200] "GET /commande?step=1 HTTP/1.1" 200 7385 "https://shop.forichon.com/commande" "Mozilla/5.0 (Windows NT 6.2; Win64; x64) AppleWebKit/537.36 (KHTML, like Gecko) Chrome/57.0.2987.133 Safari/537.36"
108.162.229.209 - - [05/Apr/2017:10:47:54 +0200] "GET /themes/theme_forichon/css/modules/blockcart/blockcart.css HTTP/1.1" 200 3911 "https://shop.forichon.com/commande?step=1" "Mozilla/5.0 (Windows NT 6.2; Win64; x64) AppleWebKit/537.36 (KHTML, like Gecko) Chrome/57.0.2987.133 Safari/537.36"
108.162.229.173 - - [05/Apr/2017:10:47:54 +0200] "GET /themes/theme_forichon/css/addresses.css HTTP/1.1" 200 578 "https://shop.forichon.com/commande?step=1" "Mozilla/5.0 (Windows NT 6.2; Win64; x64) AppleWebKit/537.36 (KHTML, like Gecko) Chrome/57.0.2987.133 Safari/537.36"
141.101.69.64 - - [05/Apr/2017:10:47:54 +0200] "GET /themes/theme_forichon/css/modules/blockcategories/blockcategories.css HTTP/1.1" 200 1132 "https://shop.forichon.com/commande?step=1" "Mozilla/5.0 (Windows NT 6.2; Win64; x64) AppleWebKit/537.36 (KHTML, like Gecko) Chrome/57.0.2987.133 Safari/537.36"
141.101.69.100 - - [05/Apr/2017:10:47:54 +0200] "GET /themes/theme_forichon/css/modules/blocklanguages/blocklanguages.css HTTP/1.1" 200 951 "https://shop.forichon.com/commande?step=1" "Mozilla/5.0 (Windows NT 6.2; Win64; x64) AppleWebKit/537.36 (KHTML, like Gecko) Chrome/57.0.2987.133 Safari/537.36"
108.162.229.215 - - [05/Apr/2017:10:47:54 +0200] "GET /themes/theme_forichon/css/modules/blockuserinfo/blockuserinfo.css HTTP/1.1" 200 628 "https://shop.forichon.com/commande?step=1" "Mozilla/5.0 (Windows NT 6.2; Win64; x64) AppleWebKit/537.36 (KHTML, like Gecko) Chrome/57.0.2987.133 Safari/537.36"
108.162.229.221 - - [05/Apr/2017:10:47:54 +0200] "GET /themes/theme_forichon/css/modules/blocksearch/blocksearch.css HTTP/1.1" 200 934 "https://shop.forichon.com/commande?step=1" "Mozilla/5.0 (Windows NT 6.2; Win64; x64) AppleWebKit/537.36 (KHTML, like Gecko) Chrome/57.0.2987.133 Safari/537.36"
108.162.229.29 - - [05/Apr/2017:10:47:54 +0200] "GET /themes/theme_forichon/css/global.css HTTP/1.1" 200 36494 "https://shop.forichon.com/commande?step=1" "Mozilla/5.0 (Windows NT 6.2; Win64; x64) AppleWebKit/537.36 (KHTML, like Gecko) Chrome/57.0.2987.133 Safari/537.36"
108.162.229.17 - - [05/Apr/2017:10:47:54 +0200] "GET /themes/theme_forichon/css/modules/blocknewsletter/blocknewsletter.css HTTP/1.1" 200 1755 "https://shop.forichon.com/commande?step=1" "Mozilla/5.0 (Windows NT 6.2; Win64; x64) AppleWebKit/537.36 (KHTML, like Gecko) Chrome/57.0.2987.133 Safari/537.36"
141.101.88.221 - - [05/Apr/2017:10:47:54 +0200] "GET /themes/theme_forichon/css/modules/blocktopmenu/css/superfish-modified.css HTTP/1.1" 200 2593 "https://shop.forichon.com/commande?step=1" "Mozilla/5.0 (Windows NT 6.2; Win64; x64) AppleWebKit/537.36 (KHTML, like Gecko) Chrome/57.0.2987.133 Safari/537.36"
108.162.229.125 - - [05/Apr/2017:10:47:54 +0200] "GET /themes/theme_forichon/css/modules/blockcurrencies/blockcurrencies.css HTTP/1.1" 200 970 "https://shop.forichon.com/commande?step=1" "Mozilla/5.0 (Windows NT 6.2; Win64; x64) AppleWebKit/537.36 (KHTML, like Gecko) Chrome/57.0.2987.133 Safari/537.36"
108.162.229.209 - - [05/Apr/2017:10:47:54 +0200] "GET /themes/theme_forichon/css/modules/blockcontact/blockcontact.css HTTP/1.1" 200 912 "https://shop.forichon.com/commande?step=1" "Mozilla/5.0 (Windows NT 6.2; Win64; x64) AppleWebKit/537.36 (KHTML, like Gecko) Chrome/57.0.2987.133 Safari/537.36"
141.101.88.5 - - [05/Apr/2017:10:47:54 +0200] "GET /themes/theme_forichon/js/order-address.js HTTP/1.1" 200 2898 "https://shop.forichon.com/commande?step=1" "Mozilla/5.0 (Windows NT 6.2; Win64; x64) AppleWebKit/537.36 (KHTML, like Gecko) Chrome/57.0.2987.133 Safari/537.36"
141.101.69.232 - - [05/Apr/2017:10:47:54 +0200] "GET /img/loader.gif HTTP/1.1" 200 4015 "https://shop.forichon.com/themes/theme_forichon/css/global.css" "Mozilla/5.0 (Windows NT 6.2; Win64; x64) AppleWebKit/537.36 (KHTML, like Gecko) Chrome/57.0.2987.133 Safari/537.36"
108.162.229.41 - - [05/Apr/2017:10:49:19 +0200] "GET /commande HTTP/1.1" 200 7895 "https://shop.forichon.com/commande?step=1" "Mozilla/5.0 (Windows NT 6.2; Win64; x64) AppleWebKit/537.36 (KHTML, like Gecko) Chrome/57.0.2987.133 Safari/537.36"
141.101.69.64 - - [05/Apr/2017:10:49:19 +0200] "GET /themes/theme_forichon/css/modules/blockcategories/blockcategories.css HTTP/1.1" 200 1132 "https://shop.forichon.com/commande" "Mozilla/5.0 (Windows NT 6.2; Win64; x64) AppleWebKit/537.36 (KHTML, like Gecko) Chrome/57.0.2987.133 Safari/537.36"
108.162.229.209 - - [05/Apr/2017:10:49:19 +0200] "GET /themes/theme_forichon/css/modules/blockcart/blockcart.css HTTP/1.1" 200 3911 "https://shop.forichon.com/commande" "Mozilla/5.0 (Windows NT 6.2; Win64; x64) AppleWebKit/537.36 (KHTML, like Gecko) Chrome/57.0.2987.133 Safari/537.36"
108.162.229.173 - - [05/Apr/2017:10:49:19 +0200] "GET /themes/theme_forichon/css/addresses.css HTTP/1.1" 200 578 "https://shop.forichon.com/commande" "Mozilla/5.0 (Windows NT 6.2; Win64; x64) AppleWebKit/537.36 (KHTML, like Gecko) Chrome/57.0.2987.133 Safari/537.36"
108.162.229.17 - - [05/Apr/2017:10:49:19 +0200] "GET /themes/theme_forichon/css/modules/blocknewsletter/blocknewsletter.css HTTP/1.1" 200 1755 "https://shop.forichon.com/commande" "Mozilla/5.0 (Windows NT 6.2; Win64; x64) AppleWebKit/537.36 (KHTML, like Gecko) Chrome/57.0.2987.133 Safari/537.36"
108.162.229.125 - - [05/Apr/2017:10:49:19 +0200] "GET /themes/theme_forichon/css/modules/blockcurrencies/blockcurrencies.css HTTP/1.1" 200 970 "https://shop.forichon.com/commande" "Mozilla/5.0 (Windows NT 6.2; Win64; x64) AppleWebKit/537.36 (KHTML, like Gecko) Chrome/57.0.2987.133 Safari/537.36"
108.162.229.215 - - [05/Apr/2017:10:49:19 +0200] "GET /themes/theme_forichon/css/modules/blockuserinfo/blockuserinfo.css HTTP/1.1" 200 628 "https://shop.forichon.com/commande" "Mozilla/5.0 (Windows NT 6.2; Win64; x64) AppleWebKit/537.36 (KHTML, like Gecko) Chrome/57.0.2987.133 Safari/537.36"
108.162.229.29 - - [05/Apr/2017:10:49:19 +0200] "GET /themes/theme_forichon/css/global.css HTTP/1.1" 200 36494 "https://shop.forichon.com/commande" "Mozilla/5.0 (Windows NT 6.2; Win64; x64) AppleWebKit/537.36 (KHTML, like Gecko) Chrome/57.0.2987.133 Safari/537.36"
141.101.88.221 - - [05/Apr/2017:10:49:19 +0200] "GET /themes/theme_forichon/css/modules/blocktopmenu/css/superfish-modified.css HTTP/1.1" 200 2593 "https://shop.forichon.com/commande" "Mozilla/5.0 (Windows NT 6.2; Win64; x64) AppleWebKit/537.36 (KHTML, like Gecko) Chrome/57.0.2987.133 Safari/537.36"
108.162.229.209 - - [05/Apr/2017:10:49:20 +0200] "GET /themes/theme_forichon/css/modules/blockcontact/blockcontact.css HTTP/1.1" 200 912 "https://shop.forichon.com/commande" "Mozilla/5.0 (Windows NT 6.2; Win64; x64) AppleWebKit/537.36 (KHTML, like Gecko) Chrome/57.0.2987.133 Safari/537.36"
108.162.229.221 - - [05/Apr/2017:10:49:20 +0200] "GET /themes/theme_forichon/css/modules/blocksearch/blocksearch.css HTTP/1.1" 200 934 "https://shop.forichon.com/commande" "Mozilla/5.0 (Windows NT 6.2; Win64; x64) AppleWebKit/537.36 (KHTML, like Gecko) Chrome/57.0.2987.133 Safari/537.36"
141.101.69.100 - - [05/Apr/2017:10:49:20 +0200] "GET /themes/theme_forichon/css/modules/blocklanguages/blocklanguages.css HTTP/1.1" 200 951 "https://shop.forichon.com/commande" "Mozilla/5.0 (Windows NT 6.2; Win64; x64) AppleWebKit/537.36 (KHTML, like Gecko) Chrome/57.0.2987.133 Safari/537.36"
108.162.229.41 - - [05/Apr/2017:10:49:24 +0200] "GET /commande?step=1 HTTP/1.1" 200 7385 "https://shop.forichon.com/commande" "Mozilla/5.0 (Windows NT 6.2; Win64; x64) AppleWebKit/537.36 (KHTML, like Gecko) Chrome/57.0.2987.133 Safari/537.36"
108.162.229.173 - - [05/Apr/2017:10:49:24 +0200] "GET /themes/theme_forichon/css/addresses.css HTTP/1.1" 200 578 "https://shop.forichon.com/commande?step=1" "Mozilla/5.0 (Windows NT 6.2; Win64; x64) AppleWebKit/537.36 (KHTML, like Gecko) Chrome/57.0.2987.133 Safari/537.36"
108.162.229.209 - - [05/Apr/2017:10:49:24 +0200] "GET /themes/theme_forichon/css/modules/blockcart/blockcart.css HTTP/1.1" 200 3911 "https://shop.forichon.com/commande?step=1" "Mozilla/5.0 (Windows NT 6.2; Win64; x64) AppleWebKit/537.36 (KHTML, like Gecko) Chrome/57.0.2987.133 Safari/537.36"
108.162.229.29 - - [05/Apr/2017:10:49:24 +0200] "GET /themes/theme_forichon/css/global.css HTTP/1.1" 200 36494 "https://shop.forichon.com/commande?step=1" "Mozilla/5.0 (Windows NT 6.2; Win64; x64) AppleWebKit/537.36 (KHTML, like Gecko) Chrome/57.0.2987.133 Safari/537.36"
108.162.229.17 - - [05/Apr/2017:10:49:24 +0200] "GET /themes/theme_forichon/css/modules/blocknewsletter/blocknewsletter.css HTTP/1.1" 200 1755 "https://shop.forichon.com/commande?step=1" "Mozilla/5.0 (Windows NT 6.2; Win64; x64) AppleWebKit/537.36 (KHTML, like Gecko) Chrome/57.0.2987.133 Safari/537.36"
141.101.69.100 - - [05/Apr/2017:10:49:24 +0200] "GET /themes/theme_forichon/css/modules/blocklanguages/blocklanguages.css HTTP/1.1" 200 951 "https://shop.forichon.com/commande?step=1" "Mozilla/5.0 (Windows NT 6.2; Win64; x64) AppleWebKit/537.36 (KHTML, like Gecko) Chrome/57.0.2987.133 Safari/537.36"
141.101.69.64 - - [05/Apr/2017:10:49:24 +0200] "GET /themes/theme_forichon/css/modules/blockcategories/blockcategories.css HTTP/1.1" 200 1132 "https://shop.forichon.com/commande?step=1" "Mozilla/5.0 (Windows NT 6.2; Win64; x64) AppleWebKit/537.36 (KHTML, like Gecko) Chrome/57.0.2987.133 Safari/537.36"
108.162.229.221 - - [05/Apr/2017:10:49:24 +0200] "GET /themes/theme_forichon/css/modules/blocksearch/blocksearch.css HTTP/1.1" 200 934 "https://shop.forichon.com/commande?step=1" "Mozilla/5.0 (Windows NT 6.2; Win64; x64) AppleWebKit/537.36 (KHTML, like Gecko) Chrome/57.0.2987.133 Safari/537.36"
108.162.229.215 - - [05/Apr/2017:10:49:24 +0200] "GET /themes/theme_forichon/css/modules/blockuserinfo/blockuserinfo.css HTTP/1.1" 200 628 "https://shop.forichon.com/commande?step=1" "Mozilla/5.0 (Windows NT 6.2; Win64; x64) AppleWebKit/537.36 (KHTML, like Gecko) Chrome/57.0.2987.133 Safari/537.36"
108.162.229.125 - - [05/Apr/2017:10:49:24 +0200] "GET /themes/theme_forichon/css/modules/blockcurrencies/blockcurrencies.css HTTP/1.1" 200 970 "https://shop.forichon.com/commande?step=1" "Mozilla/5.0 (Windows NT 6.2; Win64; x64) AppleWebKit/537.36 (KHTML, like Gecko) Chrome/57.0.2987.133 Safari/537.36"
141.101.88.221 - - [05/Apr/2017:10:49:24 +0200] "GET /themes/theme_forichon/css/modules/blocktopmenu/css/superfish-modified.css HTTP/1.1" 200 2593 "https://shop.forichon.com/commande?step=1" "Mozilla/5.0 (Windows NT 6.2; Win64; x64) AppleWebKit/537.36 (KHTML, like Gecko) Chrome/57.0.2987.133 Safari/537.36"
