108.162.229.227 - - [21/Mar/2017:15:44:48 +0100] "GET / HTTP/1.1" 200 8222 "-" "Mozilla/5.0 (Windows NT 6.3; WOW64) AppleWebKit/537.36 (KHTML, like Gecko) Chrome/56.0.2924.87 Safari/537.36"
141.101.88.221 - - [21/Mar/2017:15:44:50 +0100] "GET /themes/theme_dbdb/css/autoload/uniform.default.css HTTP/1.1" 200 2729 "https://shop.forichon.com/" "Mozilla/5.0 (Windows NT 6.3; WOW64) AppleWebKit/537.36 (KHTML, like Gecko) Chrome/56.0.2924.87 Safari/537.36"
141.101.88.215 - - [21/Mar/2017:15:44:50 +0100] "GET /themes/theme_dbdb/css/global.css HTTP/1.1" 200 36558 "https://shop.forichon.com/" "Mozilla/5.0 (Windows NT 6.3; WOW64) AppleWebKit/537.36 (KHTML, like Gecko) Chrome/56.0.2924.87 Safari/537.36"
141.101.88.221 - - [21/Mar/2017:15:44:51 +0100] "GET /modules/blockcurrencies/blockcurrencies.css HTTP/1.1" 200 894 "https://shop.forichon.com/" "Mozilla/5.0 (Windows NT 6.3; WOW64) AppleWebKit/537.36 (KHTML, like Gecko) Chrome/56.0.2924.87 Safari/537.36"
141.101.69.250 - - [21/Mar/2017:15:44:51 +0100] "GET /js/jquery/plugins/fancybox/jquery.fancybox.css HTTP/1.1" 200 1761 "https://shop.forichon.com/" "Mozilla/5.0 (Windows NT 6.3; WOW64) AppleWebKit/537.36 (KHTML, like Gecko) Chrome/56.0.2924.87 Safari/537.36"
141.101.69.166 - - [21/Mar/2017:15:44:51 +0100] "GET /modules/blockfacebook/css/blockfacebook.css HTTP/1.1" 200 336 "https://shop.forichon.com/" "Mozilla/5.0 (Windows NT 6.3; WOW64) AppleWebKit/537.36 (KHTML, like Gecko) Chrome/56.0.2924.87 Safari/537.36"
108.162.229.173 - - [21/Mar/2017:15:44:51 +0100] "GET /modules/blockmyaccountfooter/blockmyaccount.css HTTP/1.1" 200 712 "https://shop.forichon.com/" "Mozilla/5.0 (Windows NT 6.3; WOW64) AppleWebKit/537.36 (KHTML, like Gecko) Chrome/56.0.2924.87 Safari/537.36"
108.162.229.197 - - [21/Mar/2017:15:44:51 +0100] "GET /js/jquery/plugins/autocomplete/jquery.autocomplete.css HTTP/1.1" 200 788 "https://shop.forichon.com/" "Mozilla/5.0 (Windows NT 6.3; WOW64) AppleWebKit/537.36 (KHTML, like Gecko) Chrome/56.0.2924.87 Safari/537.36"
108.162.229.113 - - [21/Mar/2017:15:44:51 +0100] "GET /modules/blocklanguages/blocklanguages.css HTTP/1.1" 200 855 "https://shop.forichon.com/" "Mozilla/5.0 (Windows NT 6.3; WOW64) AppleWebKit/537.36 (KHTML, like Gecko) Chrome/56.0.2924.87 Safari/537.36"
141.101.69.202 - - [21/Mar/2017:15:44:51 +0100] "GET /modules/blockcontact/blockcontact.css HTTP/1.1" 200 793 "https://shop.forichon.com/" "Mozilla/5.0 (Windows NT 6.3; WOW64) AppleWebKit/537.36 (KHTML, like Gecko) Chrome/56.0.2924.87 Safari/537.36"
108.162.229.173 - - [21/Mar/2017:15:44:51 +0100] "GET /themes/theme_dbdb/css/modules/blockcart/blockcart.css HTTP/1.1" 200 3948 "https://shop.forichon.com/" "Mozilla/5.0 (Windows NT 6.3; WOW64) AppleWebKit/537.36 (KHTML, like Gecko) Chrome/56.0.2924.87 Safari/537.36"
141.101.88.149 - - [21/Mar/2017:15:44:51 +0100] "GET /js/jquery/plugins/bxslider/jquery.bxslider.css HTTP/1.1" 200 1357 "https://shop.forichon.com/" "Mozilla/5.0 (Windows NT 6.3; WOW64) AppleWebKit/537.36 (KHTML, like Gecko) Chrome/56.0.2924.87 Safari/537.36"
108.162.229.173 - - [21/Mar/2017:15:44:51 +0100] "GET /img/p/fr-default-home_default.jpg HTTP/1.1" 200 8483 "https://shop.forichon.com/" "Mozilla/5.0 (Windows NT 6.3; WOW64) AppleWebKit/537.36 (KHTML, like Gecko) Chrome/56.0.2924.87 Safari/537.36"
108.162.229.155 - - [21/Mar/2017:15:44:52 +0100] "GET /themes/theme_dbdb/css/modules/blocknewsletter/blocknewsletter.css HTTP/1.1" 200 1784 "https://shop.forichon.com/" "Mozilla/5.0 (Windows NT 6.3; WOW64) AppleWebKit/537.36 (KHTML, like Gecko) Chrome/56.0.2924.87 Safari/537.36"
141.101.88.179 - - [21/Mar/2017:15:44:52 +0100] "GET /themes/theme_dbdb/css/product_list.css HTTP/1.1" 200 3642 "https://shop.forichon.com/" "Mozilla/5.0 (Windows NT 6.3; WOW64) AppleWebKit/537.36 (KHTML, like Gecko) Chrome/56.0.2924.87 Safari/537.36"
141.101.88.179 - - [21/Mar/2017:15:44:53 +0100] "GET /themes/theme_dbdb/css/modules/blocksearch/blocksearch.css HTTP/1.1" 200 934 "https://shop.forichon.com/" "Mozilla/5.0 (Windows NT 6.3; WOW64) AppleWebKit/537.36 (KHTML, like Gecko) Chrome/56.0.2924.87 Safari/537.36"
141.101.88.35 - - [21/Mar/2017:15:44:53 +0100] "GET /themes/theme_dbdb/css/modules/blocktags/blocktags.css HTTP/1.1" 200 635 "https://shop.forichon.com/" "Mozilla/5.0 (Windows NT 6.3; WOW64) AppleWebKit/537.36 (KHTML, like Gecko) Chrome/56.0.2924.87 Safari/537.36"
141.101.69.118 - - [21/Mar/2017:15:44:53 +0100] "GET /modules/blockuserinfo/blockuserinfo.css HTTP/1.1" 200 943 "https://shop.forichon.com/" "Mozilla/5.0 (Windows NT 6.3; WOW64) AppleWebKit/537.36 (KHTML, like Gecko) Chrome/56.0.2924.87 Safari/537.36"
141.101.69.94 - - [21/Mar/2017:15:44:53 +0100] "GET /themes/theme_dbdb/css/modules/blocktopmenu/css/blocktopmenu.css HTTP/1.1" 200 1131 "https://shop.forichon.com/" "Mozilla/5.0 (Windows NT 6.3; WOW64) AppleWebKit/537.36 (KHTML, like Gecko) Chrome/56.0.2924.87 Safari/537.36"
141.101.69.82 - - [21/Mar/2017:15:44:54 +0100] "GET /themes/theme_dbdb/js/autoload/15-jquery.total-storage.min.js HTTP/1.1" 200 1389 "https://shop.forichon.com/" "Mozilla/5.0 (Windows NT 6.3; WOW64) AppleWebKit/537.36 (KHTML, like Gecko) Chrome/56.0.2924.87 Safari/537.36"
141.101.69.178 - - [21/Mar/2017:15:44:54 +0100] "GET /modules/blockviewed/blockviewed.css HTTP/1.1" 200 637 "https://shop.forichon.com/" "Mozilla/5.0 (Windows NT 6.3; WOW64) AppleWebKit/537.36 (KHTML, like Gecko) Chrome/56.0.2924.87 Safari/537.36"
141.101.88.89 - - [21/Mar/2017:15:44:54 +0100] "GET /js/jquery/plugins/jquery.serialScroll.js HTTP/1.1" 200 1396 "https://shop.forichon.com/" "Mozilla/5.0 (Windows NT 6.3; WOW64) AppleWebKit/537.36 (KHTML, like Gecko) Chrome/56.0.2924.87 Safari/537.36"
141.101.69.118 - - [21/Mar/2017:15:44:54 +0100] "GET /modules/themeconfigurator/css/hooks.css HTTP/1.1" 200 724 "https://shop.forichon.com/" "Mozilla/5.0 (Windows NT 6.3; WOW64) AppleWebKit/537.36 (KHTML, like Gecko) Chrome/56.0.2924.87 Safari/537.36"
108.162.229.239 - - [21/Mar/2017:15:44:54 +0100] "GET /themes/theme_dbdb/js/global.js HTTP/1.1" 200 4435 "https://shop.forichon.com/" "Mozilla/5.0 (Windows NT 6.3; WOW64) AppleWebKit/537.36 (KHTML, like Gecko) Chrome/56.0.2924.87 Safari/537.36"
141.101.69.214 - - [21/Mar/2017:15:44:54 +0100] "GET /js/jquery/jquery-migrate-1.2.1.min.js HTTP/1.1" 200 3415 "https://shop.forichon.com/" "Mozilla/5.0 (Windows NT 6.3; WOW64) AppleWebKit/537.36 (KHTML, like Gecko) Chrome/56.0.2924.87 Safari/537.36"
141.101.88.155 - - [21/Mar/2017:15:44:54 +0100] "GET /js/jquery/plugins/fancybox/jquery.fancybox.js HTTP/1.1" 200 8986 "https://shop.forichon.com/" "Mozilla/5.0 (Windows NT 6.3; WOW64) AppleWebKit/537.36 (KHTML, like Gecko) Chrome/56.0.2924.87 Safari/537.36"
141.101.69.208 - - [21/Mar/2017:15:44:54 +0100] "GET /themes/theme_dbdb/js/autoload/15-jquery.uniform-modified.js HTTP/1.1" 200 8253 "https://shop.forichon.com/" "Mozilla/5.0 (Windows NT 6.3; WOW64) AppleWebKit/537.36 (KHTML, like Gecko) Chrome/56.0.2924.87 Safari/537.36"
141.101.88.77 - - [21/Mar/2017:15:44:55 +0100] "GET /themes/theme_dbdb/js/modules/blocknewsletter/blocknewsletter.js HTTP/1.1" 200 1195 "https://shop.forichon.com/" "Mozilla/5.0 (Windows NT 6.3; WOW64) AppleWebKit/537.36 (KHTML, like Gecko) Chrome/56.0.2924.87 Safari/537.36"
141.101.69.202 - - [21/Mar/2017:15:44:55 +0100] "GET /themes/theme_dbdb/js/autoload/10-bootstrap.min.js HTTP/1.1" 200 7583 "https://shop.forichon.com/" "Mozilla/5.0 (Windows NT 6.3; WOW64) AppleWebKit/537.36 (KHTML, like Gecko) Chrome/56.0.2924.87 Safari/537.36"
108.162.229.161 - - [21/Mar/2017:15:44:55 +0100] "GET /modules/blockfacebook/blockfacebook.js HTTP/1.1" 200 1096 "https://shop.forichon.com/" "Mozilla/5.0 (Windows NT 6.3; WOW64) AppleWebKit/537.36 (KHTML, like Gecko) Chrome/56.0.2924.87 Safari/537.36"
141.101.69.202 - - [21/Mar/2017:15:44:55 +0100] "GET /themes/theme_dbdb/js/modules/blocktopmenu/js/superfish-modified.js HTTP/1.1" 200 2650 "https://shop.forichon.com/" "Mozilla/5.0 (Windows NT 6.3; WOW64) AppleWebKit/537.36 (KHTML, like Gecko) Chrome/56.0.2924.87 Safari/537.36"
141.101.69.118 - - [21/Mar/2017:15:44:55 +0100] "GET /themes/theme_dbdb/js/modules/blocktopmenu/js/hoverIntent.js HTTP/1.1" 200 1970 "https://shop.forichon.com/" "Mozilla/5.0 (Windows NT 6.3; WOW64) AppleWebKit/537.36 (KHTML, like Gecko) Chrome/56.0.2924.87 Safari/537.36"
141.101.88.5 - - [21/Mar/2017:15:44:55 +0100] "GET /js/jquery/plugins/jquery.easing.js HTTP/1.1" 200 1514 "https://shop.forichon.com/" "Mozilla/5.0 (Windows NT 6.3; WOW64) AppleWebKit/537.36 (KHTML, like Gecko) Chrome/56.0.2924.87 Safari/537.36"
141.101.88.149 - - [21/Mar/2017:15:44:55 +0100] "GET /themes/theme_dbdb/js/modules/homeslider/js/homeslider.js HTTP/1.1" 200 1261 "https://shop.forichon.com/" "Mozilla/5.0 (Windows NT 6.3; WOW64) AppleWebKit/537.36 (KHTML, like Gecko) Chrome/56.0.2924.87 Safari/537.36"
108.162.229.95 - - [21/Mar/2017:15:44:55 +0100] "GET /js/jquery/plugins/jquery.scrollTo.js HTTP/1.1" 200 1698 "https://shop.forichon.com/" "Mozilla/5.0 (Windows NT 6.3; WOW64) AppleWebKit/537.36 (KHTML, like Gecko) Chrome/56.0.2924.87 Safari/537.36"
141.101.88.197 - - [21/Mar/2017:15:44:55 +0100] "GET /themes/theme_dbdb/js/modules/blockcart/ajax-cart.js HTTP/1.1" 200 8296 "https://shop.forichon.com/" "Mozilla/5.0 (Windows NT 6.3; WOW64) AppleWebKit/537.36 (KHTML, like Gecko) Chrome/56.0.2924.87 Safari/537.36"
108.162.229.53 - - [21/Mar/2017:15:44:55 +0100] "GET /js/jquery/jquery-1.11.0.min.js HTTP/1.1" 200 33723 "https://shop.forichon.com/" "Mozilla/5.0 (Windows NT 6.3; WOW64) AppleWebKit/537.36 (KHTML, like Gecko) Chrome/56.0.2924.87 Safari/537.36"
141.101.88.119 - - [21/Mar/2017:15:44:55 +0100] "GET /themes/theme_dbdb/css/modules/blocktopmenu/css/superfish-modified.css HTTP/1.1" 200 2584 "https://shop.forichon.com/" "Mozilla/5.0 (Windows NT 6.3; WOW64) AppleWebKit/537.36 (KHTML, like Gecko) Chrome/56.0.2924.87 Safari/537.36"
141.101.69.166 - - [21/Mar/2017:15:44:55 +0100] "GET /themes/theme_dbdb/js/modules/blocktopmenu/js/blocktopmenu.js HTTP/1.1" 200 1873 "https://shop.forichon.com/" "Mozilla/5.0 (Windows NT 6.3; WOW64) AppleWebKit/537.36 (KHTML, like Gecko) Chrome/56.0.2924.87 Safari/537.36"
141.101.69.172 - - [21/Mar/2017:15:44:55 +0100] "GET /img/logo.jpg HTTP/1.1" 200 11867 "https://shop.forichon.com/" "Mozilla/5.0 (Windows NT 6.3; WOW64) AppleWebKit/537.36 (KHTML, like Gecko) Chrome/56.0.2924.87 Safari/537.36"
141.101.88.149 - - [21/Mar/2017:15:44:55 +0100] "GET /themes/theme_dbdb/js/tools/treeManagement.js HTTP/1.1" 200 1484 "https://shop.forichon.com/" "Mozilla/5.0 (Windows NT 6.3; WOW64) AppleWebKit/537.36 (KHTML, like Gecko) Chrome/56.0.2924.87 Safari/537.36"
141.101.69.64 - - [21/Mar/2017:15:44:55 +0100] "GET /js/tools.js HTTP/1.1" 200 6610 "https://shop.forichon.com/" "Mozilla/5.0 (Windows NT 6.3; WOW64) AppleWebKit/537.36 (KHTML, like Gecko) Chrome/56.0.2924.87 Safari/537.36"
108.162.229.233 - - [21/Mar/2017:15:44:55 +0100] "GET /js/jquery/plugins/bxslider/jquery.bxslider.js HTTP/1.1" 200 5515 "https://shop.forichon.com/" "Mozilla/5.0 (Windows NT 6.3; WOW64) AppleWebKit/537.36 (KHTML, like Gecko) Chrome/56.0.2924.87 Safari/537.36"
141.101.88.179 - - [21/Mar/2017:15:44:55 +0100] "GET /js/jquery/plugins/autocomplete/jquery.autocomplete.js HTTP/1.1" 200 6812 "https://shop.forichon.com/" "Mozilla/5.0 (Windows NT 6.3; WOW64) AppleWebKit/537.36 (KHTML, like Gecko) Chrome/56.0.2924.87 Safari/537.36"
108.162.229.197 - - [21/Mar/2017:15:44:56 +0100] "GET /themes/theme_dbdb/js/index.js HTTP/1.1" 200 963 "https://shop.forichon.com/" "Mozilla/5.0 (Windows NT 6.3; WOW64) AppleWebKit/537.36 (KHTML, like Gecko) Chrome/56.0.2924.87 Safari/537.36"
141.101.69.34 - - [21/Mar/2017:15:44:56 +0100] "GET /themes/theme_dbdb/js/modules/blocksearch/blocksearch.js HTTP/1.1" 200 1851 "https://shop.forichon.com/" "Mozilla/5.0 (Windows NT 6.3; WOW64) AppleWebKit/537.36 (KHTML, like Gecko) Chrome/56.0.2924.87 Safari/537.36"
141.101.88.101 - - [21/Mar/2017:15:44:56 +0100] "GET /themes/theme_dbdb/fonts/fontawesome-webfont.woff2?v=4.3.0 HTTP/1.1" 200 57055 "https://shop.forichon.com/themes/theme_dbdb/css/global.css" "Mozilla/5.0 (Windows NT 6.3; WOW64) AppleWebKit/537.36 (KHTML, like Gecko) Chrome/56.0.2924.87 Safari/537.36"
141.101.88.197 - - [21/Mar/2017:15:44:56 +0100] "GET /img/favicon.ico?1490080128 HTTP/1.1" 200 34808 "https://shop.forichon.com/" "Mozilla/5.0 (Windows NT 6.3; WOW64) AppleWebKit/537.36 (KHTML, like Gecko) Chrome/56.0.2924.87 Safari/537.36"
141.101.88.113 - - [21/Mar/2017:15:45:00 +0100] "GET / HTTP/1.1" 200 8128 "-" "Mozilla/5.0 (Macintosh; Intel Mac OS X 10_12_0) AppleWebKit/537.36 (KHTML, like Gecko) Chrome/56.0.2924.87 Safari/537.36"
141.101.88.179 - - [21/Mar/2017:15:45:00 +0100] "GET /themes/theme_dbdb/css/product_list.css HTTP/1.1" 200 3641 "https://shop.forichon.com/" "Mozilla/5.0 (Macintosh; Intel Mac OS X 10_12_0) AppleWebKit/537.36 (KHTML, like Gecko) Chrome/56.0.2924.87 Safari/537.36"
141.101.88.221 - - [21/Mar/2017:15:45:00 +0100] "GET /themes/theme_dbdb/css/autoload/uniform.default.css HTTP/1.1" 200 2729 "https://shop.forichon.com/" "Mozilla/5.0 (Macintosh; Intel Mac OS X 10_12_0) AppleWebKit/537.36 (KHTML, like Gecko) Chrome/56.0.2924.87 Safari/537.36"
141.101.88.221 - - [21/Mar/2017:15:45:00 +0100] "GET /modules/blockcurrencies/blockcurrencies.css HTTP/1.1" 200 895 "https://shop.forichon.com/" "Mozilla/5.0 (Macintosh; Intel Mac OS X 10_12_0) AppleWebKit/537.36 (KHTML, like Gecko) Chrome/56.0.2924.87 Safari/537.36"
141.101.88.149 - - [21/Mar/2017:15:45:00 +0100] "GET /js/jquery/plugins/bxslider/jquery.bxslider.css HTTP/1.1" 200 1357 "https://shop.forichon.com/" "Mozilla/5.0 (Macintosh; Intel Mac OS X 10_12_0) AppleWebKit/537.36 (KHTML, like Gecko) Chrome/56.0.2924.87 Safari/537.36"
108.162.229.173 - - [21/Mar/2017:15:45:00 +0100] "GET /themes/theme_dbdb/css/modules/blockcart/blockcart.css HTTP/1.1" 200 3948 "https://shop.forichon.com/" "Mozilla/5.0 (Macintosh; Intel Mac OS X 10_12_0) AppleWebKit/537.36 (KHTML, like Gecko) Chrome/56.0.2924.87 Safari/537.36"
108.162.229.113 - - [21/Mar/2017:15:45:00 +0100] "GET /modules/blocklanguages/blocklanguages.css HTTP/1.1" 200 855 "https://shop.forichon.com/" "Mozilla/5.0 (Macintosh; Intel Mac OS X 10_12_0) AppleWebKit/537.36 (KHTML, like Gecko) Chrome/56.0.2924.87 Safari/537.36"
108.162.229.173 - - [21/Mar/2017:15:45:00 +0100] "GET /modules/blockmyaccountfooter/blockmyaccount.css HTTP/1.1" 200 712 "https://shop.forichon.com/" "Mozilla/5.0 (Macintosh; Intel Mac OS X 10_12_0) AppleWebKit/537.36 (KHTML, like Gecko) Chrome/56.0.2924.87 Safari/537.36"
141.101.88.215 - - [21/Mar/2017:15:45:00 +0100] "GET /themes/theme_dbdb/css/global.css HTTP/1.1" 200 36558 "https://shop.forichon.com/" "Mozilla/5.0 (Macintosh; Intel Mac OS X 10_12_0) AppleWebKit/537.36 (KHTML, like Gecko) Chrome/56.0.2924.87 Safari/537.36"
141.101.69.202 - - [21/Mar/2017:15:45:00 +0100] "GET /modules/blockcontact/blockcontact.css HTTP/1.1" 200 793 "https://shop.forichon.com/" "Mozilla/5.0 (Macintosh; Intel Mac OS X 10_12_0) AppleWebKit/537.36 (KHTML, like Gecko) Chrome/56.0.2924.87 Safari/537.36"
141.101.69.166 - - [21/Mar/2017:15:45:00 +0100] "GET /modules/blockfacebook/css/blockfacebook.css HTTP/1.1" 200 336 "https://shop.forichon.com/" "Mozilla/5.0 (Macintosh; Intel Mac OS X 10_12_0) AppleWebKit/537.36 (KHTML, like Gecko) Chrome/56.0.2924.87 Safari/537.36"
141.101.69.250 - - [21/Mar/2017:15:45:00 +0100] "GET /js/jquery/plugins/fancybox/jquery.fancybox.css HTTP/1.1" 200 1761 "https://shop.forichon.com/" "Mozilla/5.0 (Macintosh; Intel Mac OS X 10_12_0) AppleWebKit/537.36 (KHTML, like Gecko) Chrome/56.0.2924.87 Safari/537.36"
108.162.229.155 - - [21/Mar/2017:15:45:00 +0100] "GET /themes/theme_dbdb/css/modules/blocknewsletter/blocknewsletter.css HTTP/1.1" 200 1784 "https://shop.forichon.com/" "Mozilla/5.0 (Macintosh; Intel Mac OS X 10_12_0) AppleWebKit/537.36 (KHTML, like Gecko) Chrome/56.0.2924.87 Safari/537.36"
141.101.69.118 - - [21/Mar/2017:15:45:00 +0100] "GET /modules/blockuserinfo/blockuserinfo.css HTTP/1.1" 200 943 "https://shop.forichon.com/" "Mozilla/5.0 (Macintosh; Intel Mac OS X 10_12_0) AppleWebKit/537.36 (KHTML, like Gecko) Chrome/56.0.2924.87 Safari/537.36"
141.101.88.35 - - [21/Mar/2017:15:45:00 +0100] "GET /themes/theme_dbdb/css/modules/blocktags/blocktags.css HTTP/1.1" 200 635 "https://shop.forichon.com/" "Mozilla/5.0 (Macintosh; Intel Mac OS X 10_12_0) AppleWebKit/537.36 (KHTML, like Gecko) Chrome/56.0.2924.87 Safari/537.36"
141.101.88.119 - - [21/Mar/2017:15:45:00 +0100] "GET /themes/theme_dbdb/css/modules/blocktopmenu/css/superfish-modified.css HTTP/1.1" 200 2584 "https://shop.forichon.com/" "Mozilla/5.0 (Macintosh; Intel Mac OS X 10_12_0) AppleWebKit/537.36 (KHTML, like Gecko) Chrome/56.0.2924.87 Safari/537.36"
141.101.69.94 - - [21/Mar/2017:15:45:00 +0100] "GET /themes/theme_dbdb/css/modules/blocktopmenu/css/blocktopmenu.css HTTP/1.1" 200 1131 "https://shop.forichon.com/" "Mozilla/5.0 (Macintosh; Intel Mac OS X 10_12_0) AppleWebKit/537.36 (KHTML, like Gecko) Chrome/56.0.2924.87 Safari/537.36"
108.162.229.197 - - [21/Mar/2017:15:45:00 +0100] "GET /js/jquery/plugins/autocomplete/jquery.autocomplete.css HTTP/1.1" 200 788 "https://shop.forichon.com/" "Mozilla/5.0 (Macintosh; Intel Mac OS X 10_12_0) AppleWebKit/537.36 (KHTML, like Gecko) Chrome/56.0.2924.87 Safari/537.36"
141.101.88.179 - - [21/Mar/2017:15:45:00 +0100] "GET /themes/theme_dbdb/css/modules/blocksearch/blocksearch.css HTTP/1.1" 200 934 "https://shop.forichon.com/" "Mozilla/5.0 (Macintosh; Intel Mac OS X 10_12_0) AppleWebKit/537.36 (KHTML, like Gecko) Chrome/56.0.2924.87 Safari/537.36"
141.101.69.118 - - [21/Mar/2017:15:45:00 +0100] "GET /modules/themeconfigurator/css/hooks.css HTTP/1.1" 200 724 "https://shop.forichon.com/" "Mozilla/5.0 (Macintosh; Intel Mac OS X 10_12_0) AppleWebKit/537.36 (KHTML, like Gecko) Chrome/56.0.2924.87 Safari/537.36"
141.101.69.178 - - [21/Mar/2017:15:45:00 +0100] "GET /modules/blockviewed/blockviewed.css HTTP/1.1" 200 637 "https://shop.forichon.com/" "Mozilla/5.0 (Macintosh; Intel Mac OS X 10_12_0) AppleWebKit/537.36 (KHTML, like Gecko) Chrome/56.0.2924.87 Safari/537.36"
141.101.69.214 - - [21/Mar/2017:15:45:00 +0100] "GET /js/jquery/jquery-migrate-1.2.1.min.js HTTP/1.1" 200 3415 "https://shop.forichon.com/" "Mozilla/5.0 (Macintosh; Intel Mac OS X 10_12_0) AppleWebKit/537.36 (KHTML, like Gecko) Chrome/56.0.2924.87 Safari/537.36"
141.101.88.5 - - [21/Mar/2017:15:45:00 +0100] "GET /js/jquery/plugins/jquery.easing.js HTTP/1.1" 200 1514 "https://shop.forichon.com/" "Mozilla/5.0 (Macintosh; Intel Mac OS X 10_12_0) AppleWebKit/537.36 (KHTML, like Gecko) Chrome/56.0.2924.87 Safari/537.36"
108.162.229.53 - - [21/Mar/2017:15:45:00 +0100] "GET /js/jquery/jquery-1.11.0.min.js HTTP/1.1" 200 33723 "https://shop.forichon.com/" "Mozilla/5.0 (Macintosh; Intel Mac OS X 10_12_0) AppleWebKit/537.36 (KHTML, like Gecko) Chrome/56.0.2924.87 Safari/537.36"
141.101.69.64 - - [21/Mar/2017:15:45:00 +0100] "GET /js/tools.js HTTP/1.1" 200 6610 "https://shop.forichon.com/" "Mozilla/5.0 (Macintosh; Intel Mac OS X 10_12_0) AppleWebKit/537.36 (KHTML, like Gecko) Chrome/56.0.2924.87 Safari/537.36"
108.162.229.239 - - [21/Mar/2017:15:45:00 +0100] "GET /themes/theme_dbdb/js/global.js HTTP/1.1" 200 4435 "https://shop.forichon.com/" "Mozilla/5.0 (Macintosh; Intel Mac OS X 10_12_0) AppleWebKit/537.36 (KHTML, like Gecko) Chrome/56.0.2924.87 Safari/537.36"
141.101.69.82 - - [21/Mar/2017:15:45:00 +0100] "GET /themes/theme_dbdb/js/autoload/15-jquery.total-storage.min.js HTTP/1.1" 200 1389 "https://shop.forichon.com/" "Mozilla/5.0 (Macintosh; Intel Mac OS X 10_12_0) AppleWebKit/537.36 (KHTML, like Gecko) Chrome/56.0.2924.87 Safari/537.36"
141.101.88.155 - - [21/Mar/2017:15:45:00 +0100] "GET /js/jquery/plugins/fancybox/jquery.fancybox.js HTTP/1.1" 200 8986 "https://shop.forichon.com/" "Mozilla/5.0 (Macintosh; Intel Mac OS X 10_12_0) AppleWebKit/537.36 (KHTML, like Gecko) Chrome/56.0.2924.87 Safari/537.36"
141.101.69.208 - - [21/Mar/2017:15:45:00 +0100] "GET /themes/theme_dbdb/js/autoload/15-jquery.uniform-modified.js HTTP/1.1" 200 8253 "https://shop.forichon.com/" "Mozilla/5.0 (Macintosh; Intel Mac OS X 10_12_0) AppleWebKit/537.36 (KHTML, like Gecko) Chrome/56.0.2924.87 Safari/537.36"
141.101.69.202 - - [21/Mar/2017:15:45:00 +0100] "GET /themes/theme_dbdb/js/autoload/10-bootstrap.min.js HTTP/1.1" 200 7583 "https://shop.forichon.com/" "Mozilla/5.0 (Macintosh; Intel Mac OS X 10_12_0) AppleWebKit/537.36 (KHTML, like Gecko) Chrome/56.0.2924.87 Safari/537.36"
141.101.88.197 - - [21/Mar/2017:15:45:00 +0100] "GET /themes/theme_dbdb/js/modules/blockcart/ajax-cart.js HTTP/1.1" 200 8295 "https://shop.forichon.com/" "Mozilla/5.0 (Macintosh; Intel Mac OS X 10_12_0) AppleWebKit/537.36 (KHTML, like Gecko) Chrome/56.0.2924.87 Safari/537.36"
108.162.229.95 - - [21/Mar/2017:15:45:00 +0100] "GET /js/jquery/plugins/jquery.scrollTo.js HTTP/1.1" 200 1698 "https://shop.forichon.com/" "Mozilla/5.0 (Macintosh; Intel Mac OS X 10_12_0) AppleWebKit/537.36 (KHTML, like Gecko) Chrome/56.0.2924.87 Safari/537.36"
141.101.88.89 - - [21/Mar/2017:15:45:00 +0100] "GET /js/jquery/plugins/jquery.serialScroll.js HTTP/1.1" 200 1396 "https://shop.forichon.com/" "Mozilla/5.0 (Macintosh; Intel Mac OS X 10_12_0) AppleWebKit/537.36 (KHTML, like Gecko) Chrome/56.0.2924.87 Safari/537.36"
141.101.88.149 - - [21/Mar/2017:15:45:01 +0100] "GET /themes/theme_dbdb/js/tools/treeManagement.js HTTP/1.1" 200 1484 "https://shop.forichon.com/" "Mozilla/5.0 (Macintosh; Intel Mac OS X 10_12_0) AppleWebKit/537.36 (KHTML, like Gecko) Chrome/56.0.2924.87 Safari/537.36"
108.162.229.233 - - [21/Mar/2017:15:45:01 +0100] "GET /js/jquery/plugins/bxslider/jquery.bxslider.js HTTP/1.1" 200 5515 "https://shop.forichon.com/" "Mozilla/5.0 (Macintosh; Intel Mac OS X 10_12_0) AppleWebKit/537.36 (KHTML, like Gecko) Chrome/56.0.2924.87 Safari/537.36"
108.162.229.161 - - [21/Mar/2017:15:45:01 +0100] "GET /modules/blockfacebook/blockfacebook.js HTTP/1.1" 200 1096 "https://shop.forichon.com/" "Mozilla/5.0 (Macintosh; Intel Mac OS X 10_12_0) AppleWebKit/537.36 (KHTML, like Gecko) Chrome/56.0.2924.87 Safari/537.36"
141.101.88.77 - - [21/Mar/2017:15:45:01 +0100] "GET /themes/theme_dbdb/js/modules/blocknewsletter/blocknewsletter.js HTTP/1.1" 200 1195 "https://shop.forichon.com/" "Mozilla/5.0 (Macintosh; Intel Mac OS X 10_12_0) AppleWebKit/537.36 (KHTML, like Gecko) Chrome/56.0.2924.87 Safari/537.36"
141.101.88.179 - - [21/Mar/2017:15:45:02 +0100] "GET /js/jquery/plugins/autocomplete/jquery.autocomplete.js HTTP/1.1" 200 6812 "https://shop.forichon.com/" "Mozilla/5.0 (Macintosh; Intel Mac OS X 10_12_0) AppleWebKit/537.36 (KHTML, like Gecko) Chrome/56.0.2924.87 Safari/537.36"
141.101.69.34 - - [21/Mar/2017:15:45:02 +0100] "GET /themes/theme_dbdb/js/modules/blocksearch/blocksearch.js HTTP/1.1" 200 1851 "https://shop.forichon.com/" "Mozilla/5.0 (Macintosh; Intel Mac OS X 10_12_0) AppleWebKit/537.36 (KHTML, like Gecko) Chrome/56.0.2924.87 Safari/537.36"
141.101.69.202 - - [21/Mar/2017:15:45:02 +0100] "GET /themes/theme_dbdb/js/modules/blocktopmenu/js/superfish-modified.js HTTP/1.1" 200 2650 "https://shop.forichon.com/" "Mozilla/5.0 (Macintosh; Intel Mac OS X 10_12_0) AppleWebKit/537.36 (KHTML, like Gecko) Chrome/56.0.2924.87 Safari/537.36"
141.101.69.118 - - [21/Mar/2017:15:45:02 +0100] "GET /themes/theme_dbdb/js/modules/blocktopmenu/js/hoverIntent.js HTTP/1.1" 200 1970 "https://shop.forichon.com/" "Mozilla/5.0 (Macintosh; Intel Mac OS X 10_12_0) AppleWebKit/537.36 (KHTML, like Gecko) Chrome/56.0.2924.87 Safari/537.36"
141.101.69.166 - - [21/Mar/2017:15:45:02 +0100] "GET /themes/theme_dbdb/js/modules/blocktopmenu/js/blocktopmenu.js HTTP/1.1" 200 1873 "https://shop.forichon.com/" "Mozilla/5.0 (Macintosh; Intel Mac OS X 10_12_0) AppleWebKit/537.36 (KHTML, like Gecko) Chrome/56.0.2924.87 Safari/537.36"
141.101.88.149 - - [21/Mar/2017:15:45:03 +0100] "GET /themes/theme_dbdb/js/modules/homeslider/js/homeslider.js HTTP/1.1" 200 1261 "https://shop.forichon.com/" "Mozilla/5.0 (Macintosh; Intel Mac OS X 10_12_0) AppleWebKit/537.36 (KHTML, like Gecko) Chrome/56.0.2924.87 Safari/537.36"
108.162.229.197 - - [21/Mar/2017:15:45:03 +0100] "GET /themes/theme_dbdb/js/index.js HTTP/1.1" 200 963 "https://shop.forichon.com/" "Mozilla/5.0 (Macintosh; Intel Mac OS X 10_12_0) AppleWebKit/537.36 (KHTML, like Gecko) Chrome/56.0.2924.87 Safari/537.36"
108.162.229.173 - - [21/Mar/2017:15:45:03 +0100] "GET /img/p/fr-default-home_default.jpg HTTP/1.1" 200 8484 "https://shop.forichon.com/" "Mozilla/5.0 (Macintosh; Intel Mac OS X 10_12_0) AppleWebKit/537.36 (KHTML, like Gecko) Chrome/56.0.2924.87 Safari/537.36"
141.101.69.172 - - [21/Mar/2017:15:45:03 +0100] "GET /img/logo.jpg HTTP/1.1" 200 11867 "https://shop.forichon.com/" "Mozilla/5.0 (Macintosh; Intel Mac OS X 10_12_0) AppleWebKit/537.36 (KHTML, like Gecko) Chrome/56.0.2924.87 Safari/537.36"
141.101.88.101 - - [21/Mar/2017:15:45:04 +0100] "GET /themes/theme_dbdb/fonts/fontawesome-webfont.woff2?v=4.3.0 HTTP/1.1" 200 57055 "https://shop.forichon.com/themes/theme_dbdb/css/global.css" "Mozilla/5.0 (Macintosh; Intel Mac OS X 10_12_0) AppleWebKit/537.36 (KHTML, like Gecko) Chrome/56.0.2924.87 Safari/537.36"
141.101.88.197 - - [21/Mar/2017:15:45:04 +0100] "GET /img/favicon.ico?1490080128 HTTP/1.1" 200 34809 "https://shop.forichon.com/" "Mozilla/5.0 (Macintosh; Intel Mac OS X 10_12_0) AppleWebKit/537.36 (KHTML, like Gecko) Chrome/56.0.2924.87 Safari/537.36"
108.162.229.227 - - [21/Mar/2017:15:45:09 +0100] "GET /livres-trail-des-bosses-et-des-bulles/1-des-bosses-et-des-bulles-tome-1-premieres-foulees-9782954679907.html HTTP/1.1" 200 9325 "https://shop.forichon.com/" "Mozilla/5.0 (Windows NT 6.3; WOW64) AppleWebKit/537.36 (KHTML, like Gecko) Chrome/56.0.2924.87 Safari/537.36"
108.162.229.29 - - [21/Mar/2017:15:45:10 +0100] "GET /themes/theme_dbdb/css/modules/socialsharing/css/socialsharing.css HTTP/1.1" 200 645 "https://shop.forichon.com/livres-trail-des-bosses-et-des-bulles/1-des-bosses-et-des-bulles-tome-1-premieres-foulees-9782954679907.html" "Mozilla/5.0 (Windows NT 6.3; WOW64) AppleWebKit/537.36 (KHTML, like Gecko) Chrome/56.0.2924.87 Safari/537.36"
108.162.229.221 - - [21/Mar/2017:15:45:10 +0100] "GET /themes/theme_dbdb/css/product.css HTTP/1.1" 200 7072 "https://shop.forichon.com/livres-trail-des-bosses-et-des-bulles/1-des-bosses-et-des-bulles-tome-1-premieres-foulees-9782954679907.html" "Mozilla/5.0 (Windows NT 6.3; WOW64) AppleWebKit/537.36 (KHTML, like Gecko) Chrome/56.0.2924.87 Safari/537.36"
141.101.69.28 - - [21/Mar/2017:15:45:10 +0100] "GET /modules/socialsharing/js/socialsharing.js HTTP/1.1" 200 1266 "https://shop.forichon.com/livres-trail-des-bosses-et-des-bulles/1-des-bosses-et-des-bulles-tome-1-premieres-foulees-9782954679907.html" "Mozilla/5.0 (Windows NT 6.3; WOW64) AppleWebKit/537.36 (KHTML, like Gecko) Chrome/56.0.2924.87 Safari/537.36"
141.101.69.112 - - [21/Mar/2017:15:45:10 +0100] "GET /js/jquery/plugins/jquery.idTabs.js HTTP/1.1" 200 1294 "https://shop.forichon.com/livres-trail-des-bosses-et-des-bulles/1-des-bosses-et-des-bulles-tome-1-premieres-foulees-9782954679907.html" "Mozilla/5.0 (Windows NT 6.3; WOW64) AppleWebKit/537.36 (KHTML, like Gecko) Chrome/56.0.2924.87 Safari/537.36"
108.162.229.11 - - [21/Mar/2017:15:45:10 +0100] "GET /modules/productpaymentlogos/img/payment-logo.png HTTP/1.1" 200 18499 "https://shop.forichon.com/livres-trail-des-bosses-et-des-bulles/1-des-bosses-et-des-bulles-tome-1-premieres-foulees-9782954679907.html" "Mozilla/5.0 (Windows NT 6.3; WOW64) AppleWebKit/537.36 (KHTML, like Gecko) Chrome/56.0.2924.87 Safari/537.36"
141.101.69.10 - - [21/Mar/2017:15:45:10 +0100] "GET /themes/theme_dbdb/js/product.js HTTP/1.1" 200 10073 "https://shop.forichon.com/livres-trail-des-bosses-et-des-bulles/1-des-bosses-et-des-bulles-tome-1-premieres-foulees-9782954679907.html" "Mozilla/5.0 (Windows NT 6.3; WOW64) AppleWebKit/537.36 (KHTML, like Gecko) Chrome/56.0.2924.87 Safari/537.36"
141.101.69.82 - - [21/Mar/2017:15:45:10 +0100] "GET /img/p/fr-default-large_default.jpg HTTP/1.1" 200 9384 "https://shop.forichon.com/livres-trail-des-bosses-et-des-bulles/1-des-bosses-et-des-bulles-tome-1-premieres-foulees-9782954679907.html" "Mozilla/5.0 (Windows NT 6.3; WOW64) AppleWebKit/537.36 (KHTML, like Gecko) Chrome/56.0.2924.87 Safari/537.36"
141.101.88.119 - - [21/Mar/2017:15:45:10 +0100] "GET /themes/theme_dbdb/css/print.css HTTP/1.1" 200 1045 "https://shop.forichon.com/livres-trail-des-bosses-et-des-bulles/1-des-bosses-et-des-bulles-tome-1-premieres-foulees-9782954679907.html" "Mozilla/5.0 (Windows NT 6.3; WOW64) AppleWebKit/537.36 (KHTML, like Gecko) Chrome/56.0.2924.87 Safari/537.36"
108.162.229.227 - - [21/Mar/2017:15:45:19 +0100] "POST /?rand=1490107431365 HTTP/1.1" 200 1142 "https://shop.forichon.com/livres-trail-des-bosses-et-des-bulles/1-des-bosses-et-des-bulles-tome-1-premieres-foulees-9782954679907.html" "Mozilla/5.0 (Windows NT 6.3; WOW64) AppleWebKit/537.36 (KHTML, like Gecko) Chrome/56.0.2924.87 Safari/537.36"
141.101.69.94 - - [21/Mar/2017:15:45:20 +0100] "GET /img/p/fr-default-cart_default.jpg HTTP/1.1" 200 2580 "https://shop.forichon.com/livres-trail-des-bosses-et-des-bulles/1-des-bosses-et-des-bulles-tome-1-premieres-foulees-9782954679907.html" "Mozilla/5.0 (Windows NT 6.3; WOW64) AppleWebKit/537.36 (KHTML, like Gecko) Chrome/56.0.2924.87 Safari/537.36"
108.162.229.227 - - [21/Mar/2017:15:45:21 +0100] "GET /commande HTTP/1.1" 200 7547 "https://shop.forichon.com/livres-trail-des-bosses-et-des-bulles/1-des-bosses-et-des-bulles-tome-1-premieres-foulees-9782954679907.html" "Mozilla/5.0 (Windows NT 6.3; WOW64) AppleWebKit/537.36 (KHTML, like Gecko) Chrome/56.0.2924.87 Safari/537.36"
141.101.88.101 - - [21/Mar/2017:15:45:22 +0100] "GET /themes/theme_dbdb/css/addresses.css HTTP/1.1" 200 607 "https://shop.forichon.com/commande" "Mozilla/5.0 (Windows NT 6.3; WOW64) AppleWebKit/537.36 (KHTML, like Gecko) Chrome/56.0.2924.87 Safari/537.36"
141.101.88.5 - - [21/Mar/2017:15:45:22 +0100] "GET /modules/mondialrelay/views/js/common.js HTTP/1.1" 200 1823 "https://shop.forichon.com/commande" "Mozilla/5.0 (Windows NT 6.3; WOW64) AppleWebKit/537.36 (KHTML, like Gecko) Chrome/56.0.2924.87 Safari/537.36"
141.101.88.179 - - [21/Mar/2017:15:45:22 +0100] "GET /img/p/fr-default-small_default.jpg HTTP/1.1" 200 3159 "https://shop.forichon.com/commande" "Mozilla/5.0 (Windows NT 6.3; WOW64) AppleWebKit/537.36 (KHTML, like Gecko) Chrome/56.0.2924.87 Safari/537.36"
141.101.69.34 - - [21/Mar/2017:15:45:22 +0100] "GET /js/jquery/plugins/jquery.typewatch.js HTTP/1.1" 200 1344 "https://shop.forichon.com/commande" "Mozilla/5.0 (Windows NT 6.3; WOW64) AppleWebKit/537.36 (KHTML, like Gecko) Chrome/56.0.2924.87 Safari/537.36"
141.101.69.154 - - [21/Mar/2017:15:45:22 +0100] "GET /modules/mondialrelay/views/js/mondialrelay_widget.js HTTP/1.1" 200 2608 "https://shop.forichon.com/commande" "Mozilla/5.0 (Windows NT 6.3; WOW64) AppleWebKit/537.36 (KHTML, like Gecko) Chrome/56.0.2924.87 Safari/537.36"
141.101.88.17 - - [21/Mar/2017:15:45:22 +0100] "GET /themes/theme_dbdb/js/cart-summary.js HTTP/1.1" 200 7336 "https://shop.forichon.com/commande" "Mozilla/5.0 (Windows NT 6.3; WOW64) AppleWebKit/537.36 (KHTML, like Gecko) Chrome/56.0.2924.87 Safari/537.36"
108.162.229.209 - - [21/Mar/2017:15:45:22 +0100] "GET /modules/mondialrelay/views/js/jquery.plugin.mondialrelay.parcelshoppicker.2.0.0.js HTTP/1.1" 200 6344 "https://shop.forichon.com/commande" "Mozilla/5.0 (Windows NT 6.3; WOW64) AppleWebKit/537.36 (KHTML, like Gecko) Chrome/56.0.2924.87 Safari/537.36"
141.101.88.119 - - [21/Mar/2017:15:45:22 +0100] "GET /themes/theme_dbdb/img/order-step-a.png HTTP/1.1" 200 881 "https://shop.forichon.com/themes/theme_dbdb/css/global.css" "Mozilla/5.0 (Windows NT 6.3; WOW64) AppleWebKit/537.36 (KHTML, like Gecko) Chrome/56.0.2924.87 Safari/537.36"
108.162.229.11 - - [21/Mar/2017:15:45:22 +0100] "GET /themes/theme_dbdb/img/order-step-current.png HTTP/1.1" 200 640 "https://shop.forichon.com/themes/theme_dbdb/css/global.css" "Mozilla/5.0 (Windows NT 6.3; WOW64) AppleWebKit/537.36 (KHTML, like Gecko) Chrome/56.0.2924.87 Safari/537.36"
108.162.229.227 - - [21/Mar/2017:15:45:24 +0100] "GET /commande?step=1 HTTP/1.1" 302 405 "https://shop.forichon.com/commande" "Mozilla/5.0 (Windows NT 6.3; WOW64) AppleWebKit/537.36 (KHTML, like Gecko) Chrome/56.0.2924.87 Safari/537.36"
108.162.229.227 - - [21/Mar/2017:15:45:24 +0100] "GET /connexion?back=https%3A%2F%2Fshop.forichon.com%2Fcommande%3Fstep%3D1 HTTP/1.1" 200 6431 "https://shop.forichon.com/commande" "Mozilla/5.0 (Windows NT 6.3; WOW64) AppleWebKit/537.36 (KHTML, like Gecko) Chrome/56.0.2924.87 Safari/537.36"
108.162.229.5 - - [21/Mar/2017:15:45:25 +0100] "GET /themes/theme_dbdb/css/authentication.css HTTP/1.1" 200 747 "https://shop.forichon.com/connexion?back=https%3A%2F%2Fshop.forichon.com%2Fcommande%3Fstep%3D1" "Mozilla/5.0 (Windows NT 6.3; WOW64) AppleWebKit/537.36 (KHTML, like Gecko) Chrome/56.0.2924.87 Safari/537.36"
141.101.88.197 - - [21/Mar/2017:15:45:25 +0100] "GET /themes/theme_dbdb/js/tools/statesManagement.js HTTP/1.1" 200 2061 "https://shop.forichon.com/connexion?back=https%3A%2F%2Fshop.forichon.com%2Fcommande%3Fstep%3D1" "Mozilla/5.0 (Windows NT 6.3; WOW64) AppleWebKit/537.36 (KHTML, like Gecko) Chrome/56.0.2924.87 Safari/537.36"
141.101.88.227 - - [21/Mar/2017:15:45:25 +0100] "GET /themes/theme_dbdb/js/tools/vatManagement.js HTTP/1.1" 200 1331 "https://shop.forichon.com/connexion?back=https%3A%2F%2Fshop.forichon.com%2Fcommande%3Fstep%3D1" "Mozilla/5.0 (Windows NT 6.3; WOW64) AppleWebKit/537.36 (KHTML, like Gecko) Chrome/56.0.2924.87 Safari/537.36"
141.101.88.221 - - [21/Mar/2017:15:45:25 +0100] "GET /themes/theme_dbdb/js/authentication.js HTTP/1.1" 200 1733 "https://shop.forichon.com/connexion?back=https%3A%2F%2Fshop.forichon.com%2Fcommande%3Fstep%3D1" "Mozilla/5.0 (Windows NT 6.3; WOW64) AppleWebKit/537.36 (KHTML, like Gecko) Chrome/56.0.2924.87 Safari/537.36"
108.162.229.197 - - [21/Mar/2017:15:45:25 +0100] "GET /js/validate.js HTTP/1.1" 200 9462 "https://shop.forichon.com/connexion?back=https%3A%2F%2Fshop.forichon.com%2Fcommande%3Fstep%3D1" "Mozilla/5.0 (Windows NT 6.3; WOW64) AppleWebKit/537.36 (KHTML, like Gecko) Chrome/56.0.2924.87 Safari/537.36"
108.162.229.173 - - [21/Mar/2017:15:45:25 +0100] "GET /themes/theme_dbdb/img/order-step-done-last.png HTTP/1.1" 200 884 "https://shop.forichon.com/themes/theme_dbdb/css/global.css" "Mozilla/5.0 (Windows NT 6.3; WOW64) AppleWebKit/537.36 (KHTML, like Gecko) Chrome/56.0.2924.87 Safari/537.36"
108.162.229.209 - - [21/Mar/2017:15:45:42 +0100] "GET /themes/theme_dbdb/img/icon/form-error.png HTTP/1.1" 200 486 "https://shop.forichon.com/themes/theme_dbdb/css/global.css" "Mozilla/5.0 (Windows NT 6.3; WOW64) AppleWebKit/537.36 (KHTML, like Gecko) Chrome/56.0.2924.87 Safari/537.36"
108.162.229.227 - - [21/Mar/2017:15:45:42 +0100] "POST /connexion HTTP/1.1" 200 6580 "https://shop.forichon.com/connexion?back=https%3A%2F%2Fshop.forichon.com%2Fcommande%3Fstep%3D1" "Mozilla/5.0 (Windows NT 6.3; WOW64) AppleWebKit/537.36 (KHTML, like Gecko) Chrome/56.0.2924.87 Safari/537.36"
108.162.229.227 - - [21/Mar/2017:15:45:47 +0100] "GET /recuperation-mot-de-passe HTTP/1.1" 200 5986 "https://shop.forichon.com/connexion" "Mozilla/5.0 (Windows NT 6.3; WOW64) AppleWebKit/537.36 (KHTML, like Gecko) Chrome/56.0.2924.87 Safari/537.36"
108.162.229.227 - - [21/Mar/2017:15:45:52 +0100] "POST /recuperation-mot-de-passe HTTP/1.1" 200 6079 "https://shop.forichon.com/recuperation-mot-de-passe" "Mozilla/5.0 (Windows NT 6.3; WOW64) AppleWebKit/537.36 (KHTML, like Gecko) Chrome/56.0.2924.87 Safari/537.36"
108.162.229.227 - - [21/Mar/2017:15:45:58 +0100] "GET /recuperation-mot-de-passe HTTP/1.1" 200 5986 "https://shop.forichon.com/connexion" "Mozilla/5.0 (Windows NT 6.3; WOW64) AppleWebKit/537.36 (KHTML, like Gecko) Chrome/56.0.2924.87 Safari/537.36"
141.101.88.173 - - [21/Mar/2017:15:46:16 +0100] "GET /themes/theme_dbdb/img/icon/form-ok.png HTTP/1.1" 200 476 "https://shop.forichon.com/themes/theme_dbdb/css/global.css" "Mozilla/5.0 (Windows NT 6.3; WOW64) AppleWebKit/537.36 (KHTML, like Gecko) Chrome/56.0.2924.87 Safari/537.36"
108.162.229.227 - - [21/Mar/2017:15:46:16 +0100] "POST /connexion HTTP/1.1" 200 6518 "https://shop.forichon.com/connexion" "Mozilla/5.0 (Windows NT 6.3; WOW64) AppleWebKit/537.36 (KHTML, like Gecko) Chrome/56.0.2924.87 Safari/537.36"
108.162.229.227 - - [21/Mar/2017:15:46:20 +0100] "GET /recuperation-mot-de-passe HTTP/1.1" 200 5986 "https://shop.forichon.com/connexion" "Mozilla/5.0 (Windows NT 6.3; WOW64) AppleWebKit/537.36 (KHTML, like Gecko) Chrome/56.0.2924.87 Safari/537.36"
108.162.229.227 - - [21/Mar/2017:15:46:25 +0100] "POST /recuperation-mot-de-passe HTTP/1.1" 200 6075 "https://shop.forichon.com/recuperation-mot-de-passe" "Mozilla/5.0 (Windows NT 6.3; WOW64) AppleWebKit/537.36 (KHTML, like Gecko) Chrome/56.0.2924.87 Safari/537.36"
108.162.229.227 - - [21/Mar/2017:15:46:32 +0100] "POST /recuperation-mot-de-passe HTTP/1.1" 200 6079 "https://shop.forichon.com/recuperation-mot-de-passe" "Mozilla/5.0 (Windows NT 6.3; WOW64) AppleWebKit/537.36 (KHTML, like Gecko) Chrome/56.0.2924.87 Safari/537.36"
108.162.229.227 - - [21/Mar/2017:15:46:34 +0100] "GET /connexion HTTP/1.1" 200 6257 "https://shop.forichon.com/recuperation-mot-de-passe" "Mozilla/5.0 (Windows NT 6.3; WOW64) AppleWebKit/537.36 (KHTML, like Gecko) Chrome/56.0.2924.87 Safari/537.36"
108.162.229.227 - - [21/Mar/2017:15:46:41 +0100] "POST /?rand=1490107512664 HTTP/1.1" 200 2415 "https://shop.forichon.com/connexion" "Mozilla/5.0 (Windows NT 6.3; WOW64) AppleWebKit/537.36 (KHTML, like Gecko) Chrome/56.0.2924.87 Safari/537.36"
141.101.88.149 - - [21/Mar/2017:15:46:42 +0100] "GET /themes/theme_dbdb/img/jquery/uniform/sprite.png HTTP/1.1" 200 2244 "https://shop.forichon.com/themes/theme_dbdb/css/autoload/uniform.default.css" "Mozilla/5.0 (Windows NT 6.3; WOW64) AppleWebKit/537.36 (KHTML, like Gecko) Chrome/56.0.2924.87 Safari/537.36"
108.162.229.227 - - [21/Mar/2017:15:46:56 +0100] "POST /connexion HTTP/1.1" 302 904 "https://shop.forichon.com/connexion" "Mozilla/5.0 (Windows NT 6.3; WOW64) AppleWebKit/537.36 (KHTML, like Gecko) Chrome/56.0.2924.87 Safari/537.36"
108.162.229.227 - - [21/Mar/2017:15:46:57 +0100] "GET /commande HTTP/1.1" 200 8275 "https://shop.forichon.com/connexion" "Mozilla/5.0 (Windows NT 6.3; WOW64) AppleWebKit/537.36 (KHTML, like Gecko) Chrome/56.0.2924.87 Safari/537.36"
108.162.229.227 - - [21/Mar/2017:15:47:01 +0100] "GET /commande?step=1 HTTP/1.1" 302 452 "https://shop.forichon.com/commande" "Mozilla/5.0 (Windows NT 6.3; WOW64) AppleWebKit/537.36 (KHTML, like Gecko) Chrome/56.0.2924.87 Safari/537.36"
108.162.229.227 - - [21/Mar/2017:15:47:01 +0100] "GET /adresse?back=order.php%3Fstep%3D1 HTTP/1.1" 200 6913 "https://shop.forichon.com/commande" "Mozilla/5.0 (Windows NT 6.3; WOW64) AppleWebKit/537.36 (KHTML, like Gecko) Chrome/56.0.2924.87 Safari/537.36"
108.162.229.227 - - [21/Mar/2017:15:47:07 +0100] "POST /adresse HTTP/1.1" 200 7083 "https://shop.forichon.com/adresse?back=order.php%3Fstep%3D1" "Mozilla/5.0 (Windows NT 6.3; WOW64) AppleWebKit/537.36 (KHTML, like Gecko) Chrome/56.0.2924.87 Safari/537.36"
108.162.229.227 - - [21/Mar/2017:15:47:20 +0100] "POST /adresse HTTP/1.1" 302 271 "https://shop.forichon.com/adresse" "Mozilla/5.0 (Windows NT 6.3; WOW64) AppleWebKit/537.36 (KHTML, like Gecko) Chrome/56.0.2924.87 Safari/537.36"
108.162.229.227 - - [21/Mar/2017:15:47:20 +0100] "GET /commande?step=1 HTTP/1.1" 200 7358 "https://shop.forichon.com/adresse" "Mozilla/5.0 (Windows NT 6.3; WOW64) AppleWebKit/537.36 (KHTML, like Gecko) Chrome/56.0.2924.87 Safari/537.36"
141.101.88.71 - - [21/Mar/2017:15:47:21 +0100] "GET /themes/theme_dbdb/js/order-address.js HTTP/1.1" 200 2898 "https://shop.forichon.com/commande?step=1" "Mozilla/5.0 (Windows NT 6.3; WOW64) AppleWebKit/537.36 (KHTML, like Gecko) Chrome/56.0.2924.87 Safari/537.36"
141.101.69.148 - - [21/Mar/2017:15:47:21 +0100] "GET /themes/theme_dbdb/img/order-step-done.png HTTP/1.1" 200 772 "https://shop.forichon.com/themes/theme_dbdb/css/global.css" "Mozilla/5.0 (Windows NT 6.3; WOW64) AppleWebKit/537.36 (KHTML, like Gecko) Chrome/56.0.2924.87 Safari/537.36"
141.101.69.232 - - [21/Mar/2017:15:47:21 +0100] "GET /img/loader.gif HTTP/1.1" 200 4015 "https://shop.forichon.com/themes/theme_dbdb/css/global.css" "Mozilla/5.0 (Windows NT 6.3; WOW64) AppleWebKit/537.36 (KHTML, like Gecko) Chrome/56.0.2924.87 Safari/537.36"
108.162.229.227 - - [21/Mar/2017:15:47:23 +0100] "POST /commande HTTP/1.1" 200 9267 "https://shop.forichon.com/commande?step=1" "Mozilla/5.0 (Windows NT 6.3; WOW64) AppleWebKit/537.36 (KHTML, like Gecko) Chrome/56.0.2924.87 Safari/537.36"
141.101.88.221 - - [21/Mar/2017:15:47:24 +0100] "GET /themes/theme_dbdb/js/order-carrier.js HTTP/1.1" 200 1414 "https://shop.forichon.com/commande" "Mozilla/5.0 (Windows NT 6.3; WOW64) AppleWebKit/537.36 (KHTML, like Gecko) Chrome/56.0.2924.87 Safari/537.36"
108.162.229.101 - - [21/Mar/2017:15:47:24 +0100] "GET /img/s/2.jpg HTTP/1.1" 200 1488 "https://shop.forichon.com/commande" "Mozilla/5.0 (Windows NT 6.3; WOW64) AppleWebKit/537.36 (KHTML, like Gecko) Chrome/56.0.2924.87 Safari/537.36"
108.162.229.227 - - [21/Mar/2017:15:47:29 +0100] "POST /commande HTTP/1.1" 200 8482 "https://shop.forichon.com/commande" "Mozilla/5.0 (Windows NT 6.3; WOW64) AppleWebKit/537.36 (KHTML, like Gecko) Chrome/56.0.2924.87 Safari/537.36"
141.101.88.161 - - [21/Mar/2017:15:47:30 +0100] "GET /modules/cmcic/images/cmcic-cb.gif HTTP/1.1" 200 2952 "https://shop.forichon.com/commande" "Mozilla/5.0 (Windows NT 6.3; WOW64) AppleWebKit/537.36 (KHTML, like Gecko) Chrome/56.0.2924.87 Safari/537.36"
108.162.229.35 - - [21/Mar/2017:15:47:30 +0100] "GET /themes/theme_dbdb/img/bankwire.png HTTP/1.1" 200 1144 "https://shop.forichon.com/themes/theme_dbdb/css/global.css" "Mozilla/5.0 (Windows NT 6.3; WOW64) AppleWebKit/537.36 (KHTML, like Gecko) Chrome/56.0.2924.87 Safari/537.36"
108.162.229.227 - - [21/Mar/2017:15:47:54 +0100] "GET /modules/cmcic/submit.php?id_cart=10 HTTP/1.1" 302 975 "-" "Mozilla/5.0 (Windows NT 6.3; WOW64) AppleWebKit/537.36 (KHTML, like Gecko) Chrome/56.0.2924.87 Safari/537.36"
108.162.229.227 - - [21/Mar/2017:15:47:54 +0100] "GET /confirmation-commande?id_cart=10&id_module=67&id_order=8&key=27e6e184489c5c7c0dff372988767195 HTTP/1.1" 200 5731 "-" "Mozilla/5.0 (Windows NT 6.3; WOW64) AppleWebKit/537.36 (KHTML, like Gecko) Chrome/56.0.2924.87 Safari/537.36"
108.162.229.227 - - [21/Mar/2017:15:51:58 +0100] "GET /mon-compte HTTP/1.1" 200 5543 "https://shop.forichon.com/confirmation-commande?id_cart=10&id_module=67&id_order=8&key=27e6e184489c5c7c0dff372988767195" "Mozilla/5.0 (Windows NT 6.3; WOW64) AppleWebKit/537.36 (KHTML, like Gecko) Chrome/56.0.2924.87 Safari/537.36"
141.101.88.227 - - [21/Mar/2017:15:51:58 +0100] "GET /themes/theme_dbdb/css/my-account.css HTTP/1.1" 200 812 "https://shop.forichon.com/mon-compte" "Mozilla/5.0 (Windows NT 6.3; WOW64) AppleWebKit/537.36 (KHTML, like Gecko) Chrome/56.0.2924.87 Safari/537.36"
108.162.229.227 - - [21/Mar/2017:15:52:00 +0100] "GET /historique-commandes HTTP/1.1" 200 6146 "https://shop.forichon.com/mon-compte" "Mozilla/5.0 (Windows NT 6.3; WOW64) AppleWebKit/537.36 (KHTML, like Gecko) Chrome/56.0.2924.87 Safari/537.36"
141.101.88.95 - - [21/Mar/2017:15:52:01 +0100] "GET /themes/theme_dbdb/css/history.css HTTP/1.1" 200 815 "https://shop.forichon.com/historique-commandes" "Mozilla/5.0 (Windows NT 6.3; WOW64) AppleWebKit/537.36 (KHTML, like Gecko) Chrome/56.0.2924.87 Safari/537.36"
108.162.229.71 - - [21/Mar/2017:15:52:01 +0100] "GET /themes/theme_dbdb/js/history.js HTTP/1.1" 200 2066 "https://shop.forichon.com/historique-commandes" "Mozilla/5.0 (Windows NT 6.3; WOW64) AppleWebKit/537.36 (KHTML, like Gecko) Chrome/56.0.2924.87 Safari/537.36"
141.101.88.197 - - [21/Mar/2017:15:52:01 +0100] "GET /js/jquery/plugins/footable/jquery.footable.css HTTP/1.1" 200 878 "https://shop.forichon.com/historique-commandes" "Mozilla/5.0 (Windows NT 6.3; WOW64) AppleWebKit/537.36 (KHTML, like Gecko) Chrome/56.0.2924.87 Safari/537.36"
141.101.88.77 - - [21/Mar/2017:15:52:01 +0100] "GET /js/jquery/plugins/footable-sort/jquery.footable-sort.js HTTP/1.1" 200 2143 "https://shop.forichon.com/historique-commandes" "Mozilla/5.0 (Windows NT 6.3; WOW64) AppleWebKit/537.36 (KHTML, like Gecko) Chrome/56.0.2924.87 Safari/537.36"
108.162.229.149 - - [21/Mar/2017:15:52:01 +0100] "GET /js/jquery/plugins/footable/jquery.footable.js HTTP/1.1" 200 8761 "https://shop.forichon.com/historique-commandes" "Mozilla/5.0 (Windows NT 6.3; WOW64) AppleWebKit/537.36 (KHTML, like Gecko) Chrome/56.0.2924.87 Safari/537.36"
108.162.229.227 - - [21/Mar/2017:15:52:03 +0100] "GET /index.php?controller=order-detail&id_order=8&id_order=8&ajax=true HTTP/1.1" 200 2243 "https://shop.forichon.com/historique-commandes" "Mozilla/5.0 (Windows NT 6.3; WOW64) AppleWebKit/537.36 (KHTML, like Gecko) Chrome/56.0.2924.87 Safari/537.36"
141.101.88.113 - - [21/Mar/2017:15:54:41 +0100] "GET / HTTP/1.1" 200 7875 "-" "Mozilla/5.0 (Macintosh; Intel Mac OS X 10_12_0) AppleWebKit/537.36 (KHTML, like Gecko) Chrome/56.0.2924.87 Safari/537.36"
141.101.69.250 - - [21/Mar/2017:15:54:42 +0100] "GET /js/jquery/plugins/fancybox/jquery.fancybox.css HTTP/1.1" 200 1761 "https://shop.forichon.com/" "Mozilla/5.0 (Macintosh; Intel Mac OS X 10_12_0) AppleWebKit/537.36 (KHTML, like Gecko) Chrome/56.0.2924.87 Safari/537.36"
141.101.88.149 - - [21/Mar/2017:15:54:42 +0100] "GET /js/jquery/plugins/bxslider/jquery.bxslider.css HTTP/1.1" 200 1357 "https://shop.forichon.com/" "Mozilla/5.0 (Macintosh; Intel Mac OS X 10_12_0) AppleWebKit/537.36 (KHTML, like Gecko) Chrome/56.0.2924.87 Safari/537.36"
141.101.88.179 - - [21/Mar/2017:15:54:42 +0100] "GET /themes/theme_dbdb/css/product_list.css HTTP/1.1" 200 3642 "https://shop.forichon.com/" "Mozilla/5.0 (Macintosh; Intel Mac OS X 10_12_0) AppleWebKit/537.36 (KHTML, like Gecko) Chrome/56.0.2924.87 Safari/537.36"
141.101.69.166 - - [21/Mar/2017:15:54:42 +0100] "GET /modules/blockfacebook/css/blockfacebook.css HTTP/1.1" 304 192 "https://shop.forichon.com/" "Mozilla/5.0 (Macintosh; Intel Mac OS X 10_12_0) AppleWebKit/537.36 (KHTML, like Gecko) Chrome/56.0.2924.87 Safari/537.36"
141.101.88.221 - - [21/Mar/2017:15:54:42 +0100] "GET /themes/theme_dbdb/css/autoload/uniform.default.css HTTP/1.1" 200 2729 "https://shop.forichon.com/" "Mozilla/5.0 (Macintosh; Intel Mac OS X 10_12_0) AppleWebKit/537.36 (KHTML, like Gecko) Chrome/56.0.2924.87 Safari/537.36"
108.162.229.173 - - [21/Mar/2017:15:54:42 +0100] "GET /themes/theme_dbdb/css/modules/blockcart/blockcart.css HTTP/1.1" 200 3948 "https://shop.forichon.com/" "Mozilla/5.0 (Macintosh; Intel Mac OS X 10_12_0) AppleWebKit/537.36 (KHTML, like Gecko) Chrome/56.0.2924.87 Safari/537.36"
141.101.88.221 - - [21/Mar/2017:15:54:42 +0100] "GET /modules/blockcurrencies/blockcurrencies.css HTTP/1.1" 200 895 "https://shop.forichon.com/" "Mozilla/5.0 (Macintosh; Intel Mac OS X 10_12_0) AppleWebKit/537.36 (KHTML, like Gecko) Chrome/56.0.2924.87 Safari/537.36"
108.162.229.113 - - [21/Mar/2017:15:54:42 +0100] "GET /modules/blocklanguages/blocklanguages.css HTTP/1.1" 200 855 "https://shop.forichon.com/" "Mozilla/5.0 (Macintosh; Intel Mac OS X 10_12_0) AppleWebKit/537.36 (KHTML, like Gecko) Chrome/56.0.2924.87 Safari/537.36"
141.101.88.215 - - [21/Mar/2017:15:54:42 +0100] "GET /themes/theme_dbdb/css/global.css HTTP/1.1" 200 36558 "https://shop.forichon.com/" "Mozilla/5.0 (Macintosh; Intel Mac OS X 10_12_0) AppleWebKit/537.36 (KHTML, like Gecko) Chrome/56.0.2924.87 Safari/537.36"
141.101.88.149 - - [21/Mar/2017:15:54:42 +0100] "GET /themes/theme_dbdb/js/modules/homeslider/js/homeslider.js HTTP/1.1" 200 1260 "https://shop.forichon.com/" "Mozilla/5.0 (Macintosh; Intel Mac OS X 10_12_0) AppleWebKit/537.36 (KHTML, like Gecko) Chrome/56.0.2924.87 Safari/537.36"
108.162.229.173 - - [21/Mar/2017:15:54:42 +0100] "GET /modules/blockmyaccountfooter/blockmyaccount.css HTTP/1.1" 200 712 "https://shop.forichon.com/" "Mozilla/5.0 (Macintosh; Intel Mac OS X 10_12_0) AppleWebKit/537.36 (KHTML, like Gecko) Chrome/56.0.2924.87 Safari/537.36"
141.101.69.202 - - [21/Mar/2017:15:54:43 +0100] "GET /modules/blockcontact/blockcontact.css HTTP/1.1" 200 793 "https://shop.forichon.com/" "Mozilla/5.0 (Macintosh; Intel Mac OS X 10_12_0) AppleWebKit/537.36 (KHTML, like Gecko) Chrome/56.0.2924.87 Safari/537.36"
141.101.69.118 - - [21/Mar/2017:15:54:43 +0100] "GET /modules/blockuserinfo/blockuserinfo.css HTTP/1.1" 200 943 "https://shop.forichon.com/" "Mozilla/5.0 (Macintosh; Intel Mac OS X 10_12_0) AppleWebKit/537.36 (KHTML, like Gecko) Chrome/56.0.2924.87 Safari/537.36"
141.101.88.119 - - [21/Mar/2017:15:54:44 +0100] "GET /themes/theme_dbdb/css/modules/blocktopmenu/css/superfish-modified.css HTTP/1.1" 200 2584 "https://shop.forichon.com/" "Mozilla/5.0 (Macintosh; Intel Mac OS X 10_12_0) AppleWebKit/537.36 (KHTML, like Gecko) Chrome/56.0.2924.87 Safari/537.36"
141.101.69.178 - - [21/Mar/2017:15:54:44 +0100] "GET /modules/blockviewed/blockviewed.css HTTP/1.1" 200 637 "https://shop.forichon.com/" "Mozilla/5.0 (Macintosh; Intel Mac OS X 10_12_0) AppleWebKit/537.36 (KHTML, like Gecko) Chrome/56.0.2924.87 Safari/537.36"
141.101.88.35 - - [21/Mar/2017:15:54:44 +0100] "GET /themes/theme_dbdb/css/modules/blocktags/blocktags.css HTTP/1.1" 200 635 "https://shop.forichon.com/" "Mozilla/5.0 (Macintosh; Intel Mac OS X 10_12_0) AppleWebKit/537.36 (KHTML, like Gecko) Chrome/56.0.2924.87 Safari/537.36"
141.101.88.179 - - [21/Mar/2017:15:54:44 +0100] "GET /themes/theme_dbdb/css/modules/blocksearch/blocksearch.css HTTP/1.1" 200 934 "https://shop.forichon.com/" "Mozilla/5.0 (Macintosh; Intel Mac OS X 10_12_0) AppleWebKit/537.36 (KHTML, like Gecko) Chrome/56.0.2924.87 Safari/537.36"
