108.162.229.125 - - [23/Nov/2017:11:17:16 +0100] "GET /modules/newsletterpro/views/js/front/my_account.js HTTP/1.1" 200 1099 "https://shop.forichon.com/?live_configurator_token=7828ae952992687aba5a061dc20118d3&id_employee=4&id_shop=3" "Mozilla/5.0 (Windows NT 10.0; Win64; x64) AppleWebKit/537.36 (KHTML, like Gecko) Chrome/62.0.3202.94 Safari/537.36"
141.101.69.10 - - [23/Nov/2017:11:17:16 +0100] "GET /modules/themeconfigurator/img/83928e65f7e6eebb1d3b6861d8b490ae1d265e66_baspageforichon01.jpg HTTP/1.1" 200 8592 "https://shop.forichon.com/?live_configurator_token=7828ae952992687aba5a061dc20118d3&id_employee=4&id_shop=3" "Mozilla/5.0 (Windows NT 10.0; Win64; x64) AppleWebKit/537.36 (KHTML, like Gecko) Chrome/62.0.3202.94 Safari/537.36"
141.101.69.10 - - [23/Nov/2017:11:17:16 +0100] "GET /modules/blockfacebook/blockfacebook.js HTTP/1.1" 200 1096 "https://shop.forichon.com/?live_configurator_token=7828ae952992687aba5a061dc20118d3&id_employee=4&id_shop=3" "Mozilla/5.0 (Windows NT 10.0; Win64; x64) AppleWebKit/537.36 (KHTML, like Gecko) Chrome/62.0.3202.94 Safari/537.36"
141.101.88.5 - - [23/Nov/2017:11:17:16 +0100] "GET /modules/themeconfigurator/img/5be83511de69dbebc55240d63f4137e19ad9d2bf_baspageforichon02.jpg HTTP/1.1" 200 8414 "https://shop.forichon.com/?live_configurator_token=7828ae952992687aba5a061dc20118d3&id_employee=4&id_shop=3" "Mozilla/5.0 (Windows NT 10.0; Win64; x64) AppleWebKit/537.36 (KHTML, like Gecko) Chrome/62.0.3202.94 Safari/537.36"
141.101.88.197 - - [23/Nov/2017:11:17:16 +0100] "GET /themes/theme_forichon/js/modules/blocktopmenu/js/hoverIntent.js HTTP/1.1" 200 1970 "https://shop.forichon.com/?live_configurator_token=7828ae952992687aba5a061dc20118d3&id_employee=4&id_shop=3" "Mozilla/5.0 (Windows NT 10.0; Win64; x64) AppleWebKit/537.36 (KHTML, like Gecko) Chrome/62.0.3202.94 Safari/537.36"
141.101.88.197 - - [23/Nov/2017:11:17:16 +0100] "GET /modules/themeconfigurator/img/78745d1750095f5e08c0cd1638cb2d6d37e8e7ee_baspageforichon03.jpg HTTP/1.1" 200 10714 "https://shop.forichon.com/?live_configurator_token=7828ae952992687aba5a061dc20118d3&id_employee=4&id_shop=3" "Mozilla/5.0 (Windows NT 10.0; Win64; x64) AppleWebKit/537.36 (KHTML, like Gecko) Chrome/62.0.3202.94 Safari/537.36"
141.101.88.197 - - [23/Nov/2017:11:17:16 +0100] "GET /modules/productcomments/productcomments.css HTTP/1.1" 200 1711 "https://shop.forichon.com/?live_configurator_token=7828ae952992687aba5a061dc20118d3&id_employee=4&id_shop=3" "Mozilla/5.0 (Windows NT 10.0; Win64; x64) AppleWebKit/537.36 (KHTML, like Gecko) Chrome/62.0.3202.94 Safari/537.36"
108.162.229.197 - - [23/Nov/2017:11:17:16 +0100] "GET /modules/newsletterpro/views/js/init.js HTTP/1.1" 200 4257 "https://shop.forichon.com/?live_configurator_token=7828ae952992687aba5a061dc20118d3&id_employee=4&id_shop=3" "Mozilla/5.0 (Windows NT 10.0; Win64; x64) AppleWebKit/537.36 (KHTML, like Gecko) Chrome/62.0.3202.94 Safari/537.36"
141.101.69.166 - - [23/Nov/2017:11:17:17 +0100] "GET /themes/theme_forichon/css/modules/blocklanguages/blocklanguages.css HTTP/1.1" 200 951 "https://shop.forichon.com/?live_configurator_token=7828ae952992687aba5a061dc20118d3&id_employee=4&id_shop=3" "Mozilla/5.0 (Windows NT 10.0; Win64; x64) AppleWebKit/537.36 (KHTML, like Gecko) Chrome/62.0.3202.94 Safari/537.36"
108.162.229.17 - - [23/Nov/2017:11:17:17 +0100] "GET /themes/theme_forichon/fonts/fontawesome-webfont.woff2?v=4.3.0 HTTP/1.1" 200 57055 "https://shop.forichon.com/themes/theme_forichon/css/global.css" "Mozilla/5.0 (Windows NT 10.0; Win64; x64) AppleWebKit/537.36 (KHTML, like Gecko) Chrome/62.0.3202.94 Safari/537.36"
141.101.88.143 - - [23/Nov/2017:11:17:18 +0100] "GET /img/favicon-3.ico?1495552294 HTTP/1.1" 200 1114 "https://shop.forichon.com/?live_configurator_token=7828ae952992687aba5a061dc20118d3&id_employee=4&id_shop=3" "Mozilla/5.0 (Windows NT 10.0; Win64; x64) AppleWebKit/537.36 (KHTML, like Gecko) Chrome/62.0.3202.94 Safari/537.36"
141.101.88.119 - - [23/Nov/2017:11:32:49 +0100] "GET /?live_configurator_token=7828ae952992687aba5a061dc20118d3&id_employee=4&id_shop=3 HTTP/1.1" 200 8242 "https://shop.desbossesetdesbulles.com/adminrc2017/index.php?controller=AdminMaintenance&token=5261541a566420915d17cf77d0d9a05f" "Mozilla/5.0 (Windows NT 10.0; Win64; x64) AppleWebKit/537.36 (KHTML, like Gecko) Chrome/62.0.3202.94 Safari/537.36"
141.101.88.143 - - [23/Nov/2017:11:32:54 +0100] "GET /img/favicon-3.ico?1495552294 HTTP/1.1" 200 1114 "https://shop.forichon.com/?live_configurator_token=7828ae952992687aba5a061dc20118d3&id_employee=4&id_shop=3" "Mozilla/5.0 (Windows NT 10.0; Win64; x64) AppleWebKit/537.36 (KHTML, like Gecko) Chrome/62.0.3202.94 Safari/537.36"
141.101.88.119 - - [23/Nov/2017:11:33:28 +0100] "GET /?live_configurator_token=7828ae952992687aba5a061dc20118d3&id_employee=4&id_shop=3 HTTP/1.1" 200 8250 "https://shop.desbossesetdesbulles.com/adminrc2017/index.php?controller=AdminMaintenance&token=5261541a566420915d17cf77d0d9a05f" "Mozilla/5.0 (Windows NT 10.0; Win64; x64) AppleWebKit/537.36 (KHTML, like Gecko) Chrome/62.0.3202.94 Safari/537.36"
141.101.69.100 - - [23/Nov/2017:11:33:28 +0100] "GET /259-home_default/mes-teddy.jpg HTTP/1.1" 200 14306 "https://shop.forichon.com/?live_configurator_token=7828ae952992687aba5a061dc20118d3&id_employee=4&id_shop=3" "Mozilla/5.0 (Windows NT 10.0; Win64; x64) AppleWebKit/537.36 (KHTML, like Gecko) Chrome/62.0.3202.94 Safari/537.36"
141.101.88.143 - - [23/Nov/2017:11:33:28 +0100] "GET /img/favicon-3.ico?1495552294 HTTP/1.1" 200 1114 "https://shop.forichon.com/?live_configurator_token=7828ae952992687aba5a061dc20118d3&id_employee=4&id_shop=3" "Mozilla/5.0 (Windows NT 10.0; Win64; x64) AppleWebKit/537.36 (KHTML, like Gecko) Chrome/62.0.3202.94 Safari/537.36" [Thu Nov 23 11:34:35.962008 2017] [:error] [pid 20603] [client 141.101.88.119:15999] PHP Notice: Undefined index: reduction_type in /var/www/boutique/cache/smarty/compile/80/e6/08/80e608a7c1489e5fbaf855fafed95a0e746c0b7e.file.product-list.tpl.php on line 171, referer: https://shop.desbossesetdesbulles.com/adminrc2017/index.php?controller=AdminMaintenance&token=5261541a566420915d17cf77d0d9a05f [Thu Nov 23 11:34:35.964778 2017] [:error] [pid 20603] [client 141.101.88.119:15999] PHP Notice: Undefined index: reduction_type in /var/www/boutique/cache/smarty/compile/80/e6/08/80e608a7c1489e5fbaf855fafed95a0e746c0b7e.file.product-list.tpl.php on line 171, referer: https://shop.desbossesetdesbulles.com/adminrc2017/index.php?controller=AdminMaintenance&token=5261541a566420915d17cf77d0d9a05f
141.101.88.119 - - [23/Nov/2017:11:34:35 +0100] "GET /?live_configurator_token=7828ae952992687aba5a061dc20118d3&id_employee=4&id_shop=3 HTTP/1.1" 200 8336 "https://shop.desbossesetdesbulles.com/adminrc2017/index.php?controller=AdminMaintenance&token=5261541a566420915d17cf77d0d9a05f" "Mozilla/5.0 (Windows NT 10.0; Win64; x64) AppleWebKit/537.36 (KHTML, like Gecko) Chrome/62.0.3202.94 Safari/537.36"
141.101.69.100 - - [23/Nov/2017:11:34:36 +0100] "GET /259-home_default/mes-teddy.jpg HTTP/1.1" 304 194 "https://shop.forichon.com/?live_configurator_token=7828ae952992687aba5a061dc20118d3&id_employee=4&id_shop=3" "Mozilla/5.0 (Windows NT 10.0; Win64; x64) AppleWebKit/537.36 (KHTML, like Gecko) Chrome/62.0.3202.94 Safari/537.36"
141.101.88.143 - - [23/Nov/2017:11:34:36 +0100] "GET /img/favicon-3.ico?1495552294 HTTP/1.1" 200 1114 "https://shop.forichon.com/?live_configurator_token=7828ae952992687aba5a061dc20118d3&id_employee=4&id_shop=3" "Mozilla/5.0 (Windows NT 10.0; Win64; x64) AppleWebKit/537.36 (KHTML, like Gecko) Chrome/62.0.3202.94 Safari/537.36" [Thu Nov 23 11:34:38.406698 2017] [:error] [pid 20537] [client 141.101.88.119:29033] PHP Notice: Undefined index: reduction_type in /var/www/boutique/cache/smarty/compile/80/e6/08/80e608a7c1489e5fbaf855fafed95a0e746c0b7e.file.product-list.tpl.php on line 171, referer: https://shop.forichon.com/?live_configurator_token=7828ae952992687aba5a061dc20118d3&id_employee=4&id_shop=3
141.101.88.119 - - [23/Nov/2017:11:34:37 +0100] "GET /30-impressions HTTP/1.1" 200 7544 "https://shop.forichon.com/?live_configurator_token=7828ae952992687aba5a061dc20118d3&id_employee=4&id_shop=3" "Mozilla/5.0 (Windows NT 10.0; Win64; x64) AppleWebKit/537.36 (KHTML, like Gecko) Chrome/62.0.3202.94 Safari/537.36"
141.101.69.100 - - [23/Nov/2017:11:34:38 +0100] "GET /259-home_default/mes-teddy.jpg HTTP/1.1" 304 194 "https://shop.forichon.com/30-impressions" "Mozilla/5.0 (Windows NT 10.0; Win64; x64) AppleWebKit/537.36 (KHTML, like Gecko) Chrome/62.0.3202.94 Safari/537.36"
108.162.229.137 - - [23/Nov/2017:11:34:38 +0100] "GET /themes/theme_forichon/css/category.css HTTP/1.1" 200 1180 "https://shop.forichon.com/30-impressions" "Mozilla/5.0 (Windows NT 10.0; Win64; x64) AppleWebKit/537.36 (KHTML, like Gecko) Chrome/62.0.3202.94 Safari/537.36"
108.162.229.215 - - [23/Nov/2017:11:34:38 +0100] "GET /themes/theme_forichon/css/scenes.css HTTP/1.1" 200 1041 "https://shop.forichon.com/30-impressions" "Mozilla/5.0 (Windows NT 10.0; Win64; x64) AppleWebKit/537.36 (KHTML, like Gecko) Chrome/62.0.3202.94 Safari/537.36"
141.101.88.53 - - [23/Nov/2017:11:34:38 +0100] "GET /themes/theme_forichon/js/category.js HTTP/1.1" 200 1235 "https://shop.forichon.com/30-impressions" "Mozilla/5.0 (Windows NT 10.0; Win64; x64) AppleWebKit/537.36 (KHTML, like Gecko) Chrome/62.0.3202.94 Safari/537.36"
141.101.88.119 - - [23/Nov/2017:11:35:14 +0100] "GET /30-impressions HTTP/1.1" 200 7139 "https://shop.forichon.com/?live_configurator_token=7828ae952992687aba5a061dc20118d3&id_employee=4&id_shop=3" "Mozilla/5.0 (Windows NT 10.0; Win64; x64) AppleWebKit/537.36 (KHTML, like Gecko) Chrome/62.0.3202.94 Safari/537.36"
141.101.69.100 - - [23/Nov/2017:11:35:19 +0100] "GET /259-home_default/mes-teddy.jpg HTTP/1.1" 304 194 "https://shop.forichon.com/30-impressions" "Mozilla/5.0 (Windows NT 10.0; Win64; x64) AppleWebKit/537.36 (KHTML, like Gecko) Chrome/62.0.3202.94 Safari/537.36"
141.101.88.143 - - [23/Nov/2017:11:35:19 +0100] "GET /img/favicon-3.ico?1495552294 HTTP/1.1" 200 1114 "https://shop.forichon.com/30-impressions" "Mozilla/5.0 (Windows NT 10.0; Win64; x64) AppleWebKit/537.36 (KHTML, like Gecko) Chrome/62.0.3202.94 Safari/537.36"
141.101.88.119 - - [23/Nov/2017:11:48:26 +0100] "GET /30-impressions HTTP/1.1" 200 7139 "https://shop.forichon.com/30-impressions" "Mozilla/5.0 (Windows NT 10.0; Win64; x64) AppleWebKit/537.36 (KHTML, like Gecko) Chrome/62.0.3202.94 Safari/537.36"
141.101.69.100 - - [23/Nov/2017:11:48:27 +0100] "GET /259-home_default/mes-teddy.jpg HTTP/1.1" 304 194 "https://shop.forichon.com/30-impressions" "Mozilla/5.0 (Windows NT 10.0; Win64; x64) AppleWebKit/537.36 (KHTML, like Gecko) Chrome/62.0.3202.94 Safari/537.36" [Thu Nov 23 11:49:03.719875 2017] [:error] [pid 21086] [client 141.101.88.119:36899] PHP Notice: Undefined index: reduction_type in /var/www/boutique/cache/smarty/compile/80/e6/08/80e608a7c1489e5fbaf855fafed95a0e746c0b7e.file.product-list.tpl.php on line 171, referer: https://shop.forichon.com/30-impressions [Thu Nov 23 11:49:03.720544 2017] [:error] [pid 21086] [client 141.101.88.119:36899] PHP Notice: Undefined index: id_belvg_preorder_product in /var/www/boutique/modules/belvg_preorderproducts/classes/ProductPreorder.php on line 89, referer: https://shop.forichon.com/30-impressions
141.101.88.119 - - [23/Nov/2017:11:49:03 +0100] "GET /30-impressions HTTP/1.1" 200 7137 "https://shop.forichon.com/30-impressions" "Mozilla/5.0 (Windows NT 10.0; Win64; x64) AppleWebKit/537.36 (KHTML, like Gecko) Chrome/62.0.3202.94 Safari/537.36"
141.101.69.100 - - [23/Nov/2017:11:49:03 +0100] "GET /259-home_default/mes-teddy.jpg HTTP/1.1" 304 194 "https://shop.forichon.com/30-impressions" "Mozilla/5.0 (Windows NT 10.0; Win64; x64) AppleWebKit/537.36 (KHTML, like Gecko) Chrome/62.0.3202.94 Safari/537.36"
141.101.88.143 - - [23/Nov/2017:11:49:03 +0100] "GET /img/favicon-3.ico?1495552294 HTTP/1.1" 200 1114 "https://shop.forichon.com/30-impressions" "Mozilla/5.0 (Windows NT 10.0; Win64; x64) AppleWebKit/537.36 (KHTML, like Gecko) Chrome/62.0.3202.94 Safari/537.36" [Thu Nov 23 11:50:30.435783 2017] [:error] [pid 21610] [client 141.101.88.119:14351] PHP Notice: Undefined index: reduction_type in /var/www/boutique/cache/smarty/compile/80/e6/08/80e608a7c1489e5fbaf855fafed95a0e746c0b7e.file.product-list.tpl.php on line 171, referer: https://shop.forichon.com/30-impressions [Thu Nov 23 11:50:30.436444 2017] [:error] [pid 21610] [client 141.101.88.119:14351] PHP Notice: Undefined index: id_belvg_preorder_product in /var/www/boutique/modules/belvg_preorderproducts/classes/ProductPreorder.php on line 89, referer: https://shop.forichon.com/30-impressions
141.101.88.119 - - [23/Nov/2017:11:50:30 +0100] "GET /30-impressions HTTP/1.1" 200 7139 "https://shop.forichon.com/30-impressions" "Mozilla/5.0 (Windows NT 10.0; Win64; x64) AppleWebKit/537.36 (KHTML, like Gecko) Chrome/62.0.3202.94 Safari/537.36"
141.101.69.100 - - [23/Nov/2017:11:50:30 +0100] "GET /259-home_default/mes-teddy.jpg HTTP/1.1" 304 194 "https://shop.forichon.com/30-impressions" "Mozilla/5.0 (Windows NT 10.0; Win64; x64) AppleWebKit/537.36 (KHTML, like Gecko) Chrome/62.0.3202.94 Safari/537.36"
141.101.88.143 - - [23/Nov/2017:11:50:30 +0100] "GET /img/favicon-3.ico?1495552294 HTTP/1.1" 200 1114 "https://shop.forichon.com/30-impressions" "Mozilla/5.0 (Windows NT 10.0; Win64; x64) AppleWebKit/537.36 (KHTML, like Gecko) Chrome/62.0.3202.94 Safari/537.36" [Thu Nov 23 11:50:35.657383 2017] [:error] [pid 21610] [client 141.101.88.119:14351] PHP Notice: Undefined index: reduction_type in /var/www/boutique/cache/smarty/compile/80/e6/08/80e608a7c1489e5fbaf855fafed95a0e746c0b7e.file.product-list.tpl.php on line 171, referer: https://shop.forichon.com/30-impressions [Thu Nov 23 11:50:35.672472 2017] [:error] [pid 21610] [client 141.101.88.119:14351] PHP Notice: Undefined index: reduction_type in /var/www/boutique/cache/smarty/compile/80/e6/08/80e608a7c1489e5fbaf855fafed95a0e746c0b7e.file.product-list.tpl.php on line 171, referer: https://shop.forichon.com/30-impressions
141.101.88.119 - - [23/Nov/2017:11:50:35 +0100] "GET / HTTP/1.1" 200 7940 "https://shop.forichon.com/30-impressions" "Mozilla/5.0 (Windows NT 10.0; Win64; x64) AppleWebKit/537.36 (KHTML, like Gecko) Chrome/62.0.3202.94 Safari/537.36"
141.101.88.35 - - [23/Nov/2017:11:50:35 +0100] "GET /modules/homeslider/images/0c391f055c05352f2aed13140ff8b2f6cfbee7bc__SHOP_Image_Caroussel_1.jpg HTTP/1.1" 200 255865 "https://shop.forichon.com/" "Mozilla/5.0 (Windows NT 10.0; Win64; x64) AppleWebKit/537.36 (KHTML, like Gecko) Chrome/62.0.3202.94 Safari/537.36"
141.101.69.100 - - [23/Nov/2017:11:50:35 +0100] "GET /259-home_default/mes-teddy.jpg HTTP/1.1" 304 194 "https://shop.forichon.com/" "Mozilla/5.0 (Windows NT 10.0; Win64; x64) AppleWebKit/537.36 (KHTML, like Gecko) Chrome/62.0.3202.94 Safari/537.36"
141.101.69.70 - - [23/Nov/2017:11:50:36 +0100] "GET /js/jquery/plugins/bxslider/images/bx_loader.gif HTTP/1.1" 200 8868 "https://shop.forichon.com/js/jquery/plugins/bxslider/jquery.bxslider.css" "Mozilla/5.0 (Windows NT 10.0; Win64; x64) AppleWebKit/537.36 (KHTML, like Gecko) Chrome/62.0.3202.94 Safari/537.36" [Thu Nov 23 11:56:53.709340 2017] [:error] [pid 22166] [client 141.101.88.119:19369] PHP Notice: Undefined index: reduction_type in /var/www/boutique/cache/smarty/compile/80/e6/08/80e608a7c1489e5fbaf855fafed95a0e746c0b7e.file.product-list.tpl.php on line 171, referer: https://shop.forichon.com/30-impressions [Thu Nov 23 11:56:53.712730 2017] [:error] [pid 22166] [client 141.101.88.119:19369] PHP Notice: Undefined index: reduction_type in /var/www/boutique/cache/smarty/compile/80/e6/08/80e608a7c1489e5fbaf855fafed95a0e746c0b7e.file.product-list.tpl.php on line 171, referer: https://shop.forichon.com/30-impressions
141.101.88.119 - - [23/Nov/2017:11:56:53 +0100] "GET / HTTP/1.1" 200 8115 "https://shop.forichon.com/30-impressions" "Mozilla/5.0 (Windows NT 10.0; Win64; x64) AppleWebKit/537.36 (KHTML, like Gecko) Chrome/62.0.3202.94 Safari/537.36"
141.101.88.35 - - [23/Nov/2017:11:56:53 +0100] "GET /modules/homeslider/images/0c391f055c05352f2aed13140ff8b2f6cfbee7bc__SHOP_Image_Caroussel_1.jpg HTTP/1.1" 304 195 "https://shop.forichon.com/" "Mozilla/5.0 (Windows NT 10.0; Win64; x64) AppleWebKit/537.36 (KHTML, like Gecko) Chrome/62.0.3202.94 Safari/537.36"
141.101.69.100 - - [23/Nov/2017:11:56:53 +0100] "GET /259-home_default/mes-teddy.jpg HTTP/1.1" 304 194 "https://shop.forichon.com/" "Mozilla/5.0 (Windows NT 10.0; Win64; x64) AppleWebKit/537.36 (KHTML, like Gecko) Chrome/62.0.3202.94 Safari/537.36"
141.101.88.89 - - [23/Nov/2017:11:56:53 +0100] "GET /266-home_default/tuileries.jpg HTTP/1.1" 200 13228 "https://shop.forichon.com/" "Mozilla/5.0 (Windows NT 10.0; Win64; x64) AppleWebKit/537.36 (KHTML, like Gecko) Chrome/62.0.3202.94 Safari/537.36"
141.101.88.143 - - [23/Nov/2017:11:56:54 +0100] "GET /img/favicon-3.ico?1495552294 HTTP/1.1" 200 1114 "https://shop.forichon.com/" "Mozilla/5.0 (Windows NT 10.0; Win64; x64) AppleWebKit/537.36 (KHTML, like Gecko) Chrome/62.0.3202.94 Safari/537.36"
141.101.88.119 - - [23/Nov/2017:11:57:21 +0100] "GET /content/8-a-propos-de-la-boutique-forichon HTTP/1.1" 200 6259 "https://shop.forichon.com/" "Mozilla/5.0 (Windows NT 10.0; Win64; x64) AppleWebKit/537.36 (KHTML, like Gecko) Chrome/62.0.3202.94 Safari/537.36"
108.162.229.149 - - [23/Nov/2017:11:57:22 +0100] "GET /themes/theme_forichon/css/cms.css HTTP/1.1" 200 1600 "https://shop.forichon.com/content/8-a-propos-de-la-boutique-forichon" "Mozilla/5.0 (Windows NT 10.0; Win64; x64) AppleWebKit/537.36 (KHTML, like Gecko) Chrome/62.0.3202.94 Safari/537.36"
141.101.88.89 - - [23/Nov/2017:11:57:22 +0100] "GET /themes/theme_forichon/js/cms.js HTTP/1.1" 200 1249 "https://shop.forichon.com/content/8-a-propos-de-la-boutique-forichon" "Mozilla/5.0 (Windows NT 10.0; Win64; x64) AppleWebKit/537.36 (KHTML, like Gecko) Chrome/62.0.3202.94 Safari/537.36" [Thu Nov 23 11:58:23.313981 2017] [:error] [pid 22364] [client 141.101.88.119:35537] PHP Notice: Undefined index: reduction_type in /var/www/boutique/cache/smarty/compile/80/e6/08/80e608a7c1489e5fbaf855fafed95a0e746c0b7e.file.product-list.tpl.php on line 171, referer: https://shop.forichon.com/30-impressions [Thu Nov 23 11:58:23.318839 2017] [:error] [pid 22364] [client 141.101.88.119:35537] PHP Notice: Undefined index: reduction_type in /var/www/boutique/cache/smarty/compile/80/e6/08/80e608a7c1489e5fbaf855fafed95a0e746c0b7e.file.product-list.tpl.php on line 171, referer: https://shop.forichon.com/30-impressions
141.101.88.119 - - [23/Nov/2017:11:58:22 +0100] "GET / HTTP/1.1" 200 8007 "https://shop.forichon.com/30-impressions" "Mozilla/5.0 (Windows NT 10.0; Win64; x64) AppleWebKit/537.36 (KHTML, like Gecko) Chrome/62.0.3202.94 Safari/537.36"
141.101.88.35 - - [23/Nov/2017:11:58:23 +0100] "GET /modules/homeslider/images/0c391f055c05352f2aed13140ff8b2f6cfbee7bc__SHOP_Image_Caroussel_1.jpg HTTP/1.1" 304 195 "https://shop.forichon.com/" "Mozilla/5.0 (Windows NT 10.0; Win64; x64) AppleWebKit/537.36 (KHTML, like Gecko) Chrome/62.0.3202.94 Safari/537.36"
141.101.69.100 - - [23/Nov/2017:11:58:23 +0100] "GET /259-home_default/mes-teddy.jpg HTTP/1.1" 304 194 "https://shop.forichon.com/" "Mozilla/5.0 (Windows NT 10.0; Win64; x64) AppleWebKit/537.36 (KHTML, like Gecko) Chrome/62.0.3202.94 Safari/537.36"
141.101.88.89 - - [23/Nov/2017:11:58:23 +0100] "GET /266-home_default/tuileries.jpg HTTP/1.1" 304 194 "https://shop.forichon.com/" "Mozilla/5.0 (Windows NT 10.0; Win64; x64) AppleWebKit/537.36 (KHTML, like Gecko) Chrome/62.0.3202.94 Safari/537.36"
141.101.88.143 - - [23/Nov/2017:11:58:23 +0100] "GET /img/favicon-3.ico?1495552294 HTTP/1.1" 200 1114 "https://shop.forichon.com/" "Mozilla/5.0 (Windows NT 10.0; Win64; x64) AppleWebKit/537.36 (KHTML, like Gecko) Chrome/62.0.3202.94 Safari/537.36"
141.101.88.119 - - [23/Nov/2017:12:00:57 +0100] "GET /content/8-a-propos-de-la-boutique-forichon HTTP/1.1" 200 6144 "https://shop.forichon.com/" "Mozilla/5.0 (Windows NT 10.0; Win64; x64) AppleWebKit/537.36 (KHTML, like Gecko) Chrome/62.0.3202.94 Safari/537.36" [Thu Nov 23 12:01:58.372074 2017] [:error] [pid 22242] [client 141.101.88.119:33211] PHP Notice: Undefined index: reduction_type in /var/www/boutique/cache/smarty/compile/80/e6/08/80e608a7c1489e5fbaf855fafed95a0e746c0b7e.file.product-list.tpl.php on line 171, referer: https://shop.forichon.com/content/8-a-propos-de-la-boutique-forichon [Thu Nov 23 12:01:58.373905 2017] [:error] [pid 22242] [client 141.101.88.119:33211] PHP Notice: Undefined index: reduction_type in /var/www/boutique/cache/smarty/compile/80/e6/08/80e608a7c1489e5fbaf855fafed95a0e746c0b7e.file.product-list.tpl.php on line 171, referer: https://shop.forichon.com/content/8-a-propos-de-la-boutique-forichon [Thu Nov 23 12:01:58.376813 2017] [:error] [pid 22242] [client 141.101.88.119:33211] PHP Notice: Undefined index: reduction_type in /var/www/boutique/cache/smarty/compile/80/e6/08/80e608a7c1489e5fbaf855fafed95a0e746c0b7e.file.product-list.tpl.php on line 171, referer: https://shop.forichon.com/content/8-a-propos-de-la-boutique-forichon [Thu Nov 23 12:01:58.378484 2017] [:error] [pid 22242] [client 141.101.88.119:33211] PHP Notice: Undefined index: reduction_type in /var/www/boutique/cache/smarty/compile/80/e6/08/80e608a7c1489e5fbaf855fafed95a0e746c0b7e.file.product-list.tpl.php on line 171, referer: https://shop.forichon.com/content/8-a-propos-de-la-boutique-forichon
141.101.88.119 - - [23/Nov/2017:12:01:58 +0100] "GET / HTTP/1.1" 200 7963 "https://shop.forichon.com/content/8-a-propos-de-la-boutique-forichon" "Mozilla/5.0 (Windows NT 10.0; Win64; x64) AppleWebKit/537.36 (KHTML, like Gecko) Chrome/62.0.3202.94 Safari/537.36"
141.101.88.89 - - [23/Nov/2017:12:01:58 +0100] "GET /266-home_default/tuileries.jpg HTTP/1.1" 304 194 "https://shop.forichon.com/" "Mozilla/5.0 (Windows NT 10.0; Win64; x64) AppleWebKit/537.36 (KHTML, like Gecko) Chrome/62.0.3202.94 Safari/537.36"
141.101.69.100 - - [23/Nov/2017:12:01:58 +0100] "GET /259-home_default/mes-teddy.jpg HTTP/1.1" 304 194 "https://shop.forichon.com/" "Mozilla/5.0 (Windows NT 10.0; Win64; x64) AppleWebKit/537.36 (KHTML, like Gecko) Chrome/62.0.3202.94 Safari/537.36"
141.101.88.35 - - [23/Nov/2017:12:01:58 +0100] "GET /modules/homeslider/images/0c391f055c05352f2aed13140ff8b2f6cfbee7bc__SHOP_Image_Caroussel_1.jpg HTTP/1.1" 304 195 "https://shop.forichon.com/" "Mozilla/5.0 (Windows NT 10.0; Win64; x64) AppleWebKit/537.36 (KHTML, like Gecko) Chrome/62.0.3202.94 Safari/537.36" [Thu Nov 23 12:02:00.759702 2017] [:error] [pid 22542] [client 141.101.88.119:35751] PHP Notice: Undefined index: link_rewrite in /var/www/boutique/modules/blockcms/BlockCMSModel.php on line 280, referer: https://shop.forichon.com/ [Thu Nov 23 12:02:00.760582 2017] [:error] [pid 22542] [client 141.101.88.119:35751] PHP Notice: Undefined index: meta_title in /var/www/boutique/modules/blockcms/BlockCMSModel.php on line 281, referer: https://shop.forichon.com/
141.101.88.119 - - [23/Nov/2017:12:02:00 +0100] "GET /content/6-livraison-boutique-forichon HTTP/1.1" 200 5995 "https://shop.forichon.com/" "Mozilla/5.0 (Windows NT 10.0; Win64; x64) AppleWebKit/537.36 (KHTML, like Gecko) Chrome/62.0.3202.94 Safari/537.36" [Thu Nov 23 12:02:52.595183 2017] [:error] [pid 22588] [client 141.101.88.119:17101] PHP Notice: Undefined index: reduction_type in /var/www/boutique/cache/smarty/compile/80/e6/08/80e608a7c1489e5fbaf855fafed95a0e746c0b7e.file.product-list.tpl.php on line 171, referer: https://shop.forichon.com/content/6-livraison-boutique-forichon [Thu Nov 23 12:02:52.597056 2017] [:error] [pid 22588] [client 141.101.88.119:17101] PHP Notice: Undefined index: reduction_type in /var/www/boutique/cache/smarty/compile/80/e6/08/80e608a7c1489e5fbaf855fafed95a0e746c0b7e.file.product-list.tpl.php on line 171, referer: https://shop.forichon.com/content/6-livraison-boutique-forichon [Thu Nov 23 12:02:52.600043 2017] [:error] [pid 22588] [client 141.101.88.119:17101] PHP Notice: Undefined index: reduction_type in /var/www/boutique/cache/smarty/compile/80/e6/08/80e608a7c1489e5fbaf855fafed95a0e746c0b7e.file.product-list.tpl.php on line 171, referer: https://shop.forichon.com/content/6-livraison-boutique-forichon [Thu Nov 23 12:02:52.601726 2017] [:error] [pid 22588] [client 141.101.88.119:17101] PHP Notice: Undefined index: reduction_type in /var/www/boutique/cache/smarty/compile/80/e6/08/80e608a7c1489e5fbaf855fafed95a0e746c0b7e.file.product-list.tpl.php on line 171, referer: https://shop.forichon.com/content/6-livraison-boutique-forichon
141.101.88.119 - - [23/Nov/2017:12:02:52 +0100] "GET / HTTP/1.1" 200 7963 "https://shop.forichon.com/content/6-livraison-boutique-forichon" "Mozilla/5.0 (Windows NT 10.0; Win64; x64) AppleWebKit/537.36 (KHTML, like Gecko) Chrome/62.0.3202.94 Safari/537.36"
141.101.88.35 - - [23/Nov/2017:12:02:52 +0100] "GET /modules/homeslider/images/0c391f055c05352f2aed13140ff8b2f6cfbee7bc__SHOP_Image_Caroussel_1.jpg HTTP/1.1" 304 195 "https://shop.forichon.com/" "Mozilla/5.0 (Windows NT 10.0; Win64; x64) AppleWebKit/537.36 (KHTML, like Gecko) Chrome/62.0.3202.94 Safari/537.36"
141.101.69.100 - - [23/Nov/2017:12:02:52 +0100] "GET /259-home_default/mes-teddy.jpg HTTP/1.1" 304 194 "https://shop.forichon.com/" "Mozilla/5.0 (Windows NT 10.0; Win64; x64) AppleWebKit/537.36 (KHTML, like Gecko) Chrome/62.0.3202.94 Safari/537.36"
141.101.88.89 - - [23/Nov/2017:12:02:52 +0100] "GET /266-home_default/tuileries.jpg HTTP/1.1" 304 194 "https://shop.forichon.com/" "Mozilla/5.0 (Windows NT 10.0; Win64; x64) AppleWebKit/537.36 (KHTML, like Gecko) Chrome/62.0.3202.94 Safari/537.36"
141.101.88.119 - - [23/Nov/2017:12:08:36 +0100] "GET /content/9-paiement-securise-boutique-forichon HTTP/1.1" 200 6330 "https://shop.forichon.com/" "Mozilla/5.0 (Windows NT 10.0; Win64; x64) AppleWebKit/537.36 (KHTML, like Gecko) Chrome/62.0.3202.94 Safari/537.36" [Thu Nov 23 12:11:03.619640 2017] [:error] [pid 22703] [client 141.101.88.119:9481] PHP Notice: Undefined index: link_rewrite in /var/www/boutique/modules/blockcms/BlockCMSModel.php on line 280, referer: https://shop.forichon.com/ [Thu Nov 23 12:11:03.620526 2017] [:error] [pid 22703] [client 141.101.88.119:9481] PHP Notice: Undefined index: meta_title in /var/www/boutique/modules/blockcms/BlockCMSModel.php on line 281, referer: https://shop.forichon.com/
141.101.88.119 - - [23/Nov/2017:12:11:03 +0100] "GET /content/9-paiement-securise-boutique-forichon HTTP/1.1" 200 6330 "https://shop.forichon.com/" "Mozilla/5.0 (Windows NT 10.0; Win64; x64) AppleWebKit/537.36 (KHTML, like Gecko) Chrome/62.0.3202.94 Safari/537.36" [Thu Nov 23 12:11:07.602815 2017] [:error] [pid 22715] [client 141.101.88.119:11479] PHP Notice: Undefined index: link_rewrite in /var/www/boutique/modules/blockcms/BlockCMSModel.php on line 280, referer: https://shop.forichon.com/ [Thu Nov 23 12:11:07.603690 2017] [:error] [pid 22715] [client 141.101.88.119:11479] PHP Notice: Undefined index: meta_title in /var/www/boutique/modules/blockcms/BlockCMSModel.php on line 281, referer: https://shop.forichon.com/
141.101.88.119 - - [23/Nov/2017:12:11:07 +0100] "GET /content/8-a-propos-de-la-boutique-forichon HTTP/1.1" 200 6100 "https://shop.forichon.com/" "Mozilla/5.0 (Windows NT 10.0; Win64; x64) AppleWebKit/537.36 (KHTML, like Gecko) Chrome/62.0.3202.94 Safari/537.36" [Thu Nov 23 12:11:12.533165 2017] [:error] [pid 22715] [client 141.101.88.119:11479] PHP Notice: Undefined index: link_rewrite in /var/www/boutique/modules/blockcms/BlockCMSModel.php on line 280, referer: https://shop.forichon.com/ [Thu Nov 23 12:11:12.534107 2017] [:error] [pid 22715] [client 141.101.88.119:11479] PHP Notice: Undefined index: meta_title in /var/www/boutique/modules/blockcms/BlockCMSModel.php on line 281, referer: https://shop.forichon.com/
141.101.88.119 - - [23/Nov/2017:12:11:12 +0100] "GET /content/6-livraison-boutique-forichon HTTP/1.1" 200 5992 "https://shop.forichon.com/" "Mozilla/5.0 (Windows NT 10.0; Win64; x64) AppleWebKit/537.36 (KHTML, like Gecko) Chrome/62.0.3202.94 Safari/537.36" [Thu Nov 23 12:16:24.698113 2017] [:error] [pid 23325] [client 141.101.88.119:17691] PHP Notice: Undefined index: reduction_type in /var/www/boutique/cache/smarty/compile/80/e6/08/80e608a7c1489e5fbaf855fafed95a0e746c0b7e.file.product-list.tpl.php on line 171, referer: https://shop.forichon.com/content/6-livraison-boutique-forichon [Thu Nov 23 12:16:24.702920 2017] [:error] [pid 23325] [client 141.101.88.119:17691] PHP Notice: Undefined index: reduction_type in /var/www/boutique/cache/smarty/compile/80/e6/08/80e608a7c1489e5fbaf855fafed95a0e746c0b7e.file.product-list.tpl.php on line 171, referer: https://shop.forichon.com/content/6-livraison-boutique-forichon
141.101.88.119 - - [23/Nov/2017:12:16:24 +0100] "GET / HTTP/1.1" 200 7926 "https://shop.forichon.com/content/6-livraison-boutique-forichon" "Mozilla/5.0 (Windows NT 10.0; Win64; x64) AppleWebKit/537.36 (KHTML, like Gecko) Chrome/62.0.3202.94 Safari/537.36"
141.101.88.35 - - [23/Nov/2017:12:16:25 +0100] "GET /modules/homeslider/images/0c391f055c05352f2aed13140ff8b2f6cfbee7bc__SHOP_Image_Caroussel_1.jpg HTTP/1.1" 304 195 "https://shop.forichon.com/" "Mozilla/5.0 (Windows NT 10.0; Win64; x64) AppleWebKit/537.36 (KHTML, like Gecko) Chrome/62.0.3202.94 Safari/537.36"
141.101.88.89 - - [23/Nov/2017:12:16:25 +0100] "GET /266-home_default/tuileries.jpg HTTP/1.1" 304 194 "https://shop.forichon.com/" "Mozilla/5.0 (Windows NT 10.0; Win64; x64) AppleWebKit/537.36 (KHTML, like Gecko) Chrome/62.0.3202.94 Safari/537.36"
141.101.69.100 - - [23/Nov/2017:12:16:25 +0100] "GET /259-home_default/mes-teddy.jpg HTTP/1.1" 304 194 "https://shop.forichon.com/" "Mozilla/5.0 (Windows NT 10.0; Win64; x64) AppleWebKit/537.36 (KHTML, like Gecko) Chrome/62.0.3202.94 Safari/537.36" [Thu Nov 23 12:16:49.397828 2017] [:error] [pid 23392] [client 141.101.88.119:23821] PHP Notice: Undefined index: link_rewrite in /var/www/boutique/modules/blockcms/BlockCMSModel.php on line 280 [Thu Nov 23 12:16:49.398925 2017] [:error] [pid 23392] [client 141.101.88.119:23821] PHP Notice: Undefined index: meta_title in /var/www/boutique/modules/blockcms/BlockCMSModel.php on line 281
141.101.88.119 - - [23/Nov/2017:12:16:49 +0100] "GET /fr/?live_edit=1&ad=adminrc2017&liveToken=2b398bf82c5ff6c40cc886711fe6a237&id_employee=4&id_shop=3 HTTP/1.1" 404 29096 "-" "Mozilla/5.0 (Windows NT 10.0; Win64; x64) AppleWebKit/537.36 (KHTML, like Gecko) Chrome/62.0.3202.94 Safari/537.36"
141.101.69.82 - - [23/Nov/2017:12:16:49 +0100] "GET /js/jquery/ui/themes/base/jquery.ui.core.css HTTP/1.1" 200 995 "https://shop.forichon.com/fr/?live_edit=1&ad=adminrc2017&liveToken=2b398bf82c5ff6c40cc886711fe6a237&id_employee=4&id_shop=3" "Mozilla/5.0 (Windows NT 10.0; Win64; x64) AppleWebKit/537.36 (KHTML, like Gecko) Chrome/62.0.3202.94 Safari/537.36"
141.101.88.197 - - [23/Nov/2017:12:16:49 +0100] "GET /js/jquery/ui/themes/base/jquery.ui.theme.css HTTP/1.1" 200 3283 "https://shop.forichon.com/fr/?live_edit=1&ad=adminrc2017&liveToken=2b398bf82c5ff6c40cc886711fe6a237&id_employee=4&id_shop=3" "Mozilla/5.0 (Windows NT 10.0; Win64; x64) AppleWebKit/537.36 (KHTML, like Gecko) Chrome/62.0.3202.94 Safari/537.36"
141.101.88.101 - - [23/Nov/2017:12:16:49 +0100] "GET /js/jquery/ui/jquery.ui.core.min.js HTTP/1.1" 200 2249 "https://shop.forichon.com/fr/?live_edit=1&ad=adminrc2017&liveToken=2b398bf82c5ff6c40cc886711fe6a237&id_employee=4&id_shop=3" "Mozilla/5.0 (Windows NT 10.0; Win64; x64) AppleWebKit/537.36 (KHTML, like Gecko) Chrome/62.0.3202.94 Safari/537.36"
108.162.229.221 - - [23/Nov/2017:12:16:49 +0100] "GET /js/jquery/ui/jquery.ui.sortable.min.js HTTP/1.1" 200 6663 "https://shop.forichon.com/fr/?live_edit=1&ad=adminrc2017&liveToken=2b398bf82c5ff6c40cc886711fe6a237&id_employee=4&id_shop=3" "Mozilla/5.0 (Windows NT 10.0; Win64; x64) AppleWebKit/537.36 (KHTML, like Gecko) Chrome/62.0.3202.94 Safari/537.36"
108.162.229.173 - - [23/Nov/2017:12:16:49 +0100] "GET /js/jquery/ui/jquery.ui.widget.min.js HTTP/1.1" 200 2820 "https://shop.forichon.com/fr/?live_edit=1&ad=adminrc2017&liveToken=2b398bf82c5ff6c40cc886711fe6a237&id_employee=4&id_shop=3" "Mozilla/5.0 (Windows NT 10.0; Win64; x64) AppleWebKit/537.36 (KHTML, like Gecko) Chrome/62.0.3202.94 Safari/537.36"
141.101.88.35 - - [23/Nov/2017:12:16:50 +0100] "GET /js/jquery/ui/jquery.ui.mouse.min.js HTTP/1.1" 200 1277 "https://shop.forichon.com/fr/?live_edit=1&ad=adminrc2017&liveToken=2b398bf82c5ff6c40cc886711fe6a237&id_employee=4&id_shop=3" "Mozilla/5.0 (Windows NT 10.0; Win64; x64) AppleWebKit/537.36 (KHTML, like Gecko) Chrome/62.0.3202.94 Safari/537.36"
108.162.229.167 - - [23/Nov/2017:12:16:50 +0100] "GET /modules/homeslider/logo.gif HTTP/1.1" 200 1437 "https://shop.forichon.com/fr/?live_edit=1&ad=adminrc2017&liveToken=2b398bf82c5ff6c40cc886711fe6a237&id_employee=4&id_shop=3" "Mozilla/5.0 (Windows NT 10.0; Win64; x64) AppleWebKit/537.36 (KHTML, like Gecko) Chrome/62.0.3202.94 Safari/537.36"
141.101.88.125 - - [23/Nov/2017:12:16:51 +0100] "GET /js/hookLiveEdit.js HTTP/1.1" 200 3203 "https://shop.forichon.com/fr/?live_edit=1&ad=adminrc2017&liveToken=2b398bf82c5ff6c40cc886711fe6a237&id_employee=4&id_shop=3" "Mozilla/5.0 (Windows NT 10.0; Win64; x64) AppleWebKit/537.36 (KHTML, like Gecko) Chrome/62.0.3202.94 Safari/537.36"
141.101.69.52 - - [23/Nov/2017:12:16:51 +0100] "GET /modules/blocksearch/logo.gif HTTP/1.1" 200 912 "https://shop.forichon.com/fr/?live_edit=1&ad=adminrc2017&liveToken=2b398bf82c5ff6c40cc886711fe6a237&id_employee=4&id_shop=3" "Mozilla/5.0 (Windows NT 10.0; Win64; x64) AppleWebKit/537.36 (KHTML, like Gecko) Chrome/62.0.3202.94 Safari/537.36"
141.101.88.227 - - [23/Nov/2017:12:16:51 +0100] "GET /img/admin/arrow_out.png HTTP/1.1" 200 800 "https://shop.forichon.com/fr/?live_edit=1&ad=adminrc2017&liveToken=2b398bf82c5ff6c40cc886711fe6a237&id_employee=4&id_shop=3" "Mozilla/5.0 (Windows NT 10.0; Win64; x64) AppleWebKit/537.36 (KHTML, like Gecko) Chrome/62.0.3202.94 Safari/537.36"
108.162.229.149 - - [23/Nov/2017:12:16:51 +0100] "GET /img/admin/delete.gif HTTP/1.1" 200 868 "https://shop.forichon.com/fr/?live_edit=1&ad=adminrc2017&liveToken=2b398bf82c5ff6c40cc886711fe6a237&id_employee=4&id_shop=3" "Mozilla/5.0 (Windows NT 10.0; Win64; x64) AppleWebKit/537.36 (KHTML, like Gecko) Chrome/62.0.3202.94 Safari/537.36"
108.162.229.101 - - [23/Nov/2017:12:16:51 +0100] "GET /modules/blockuserinfo/logo.gif HTTP/1.1" 200 897 "https://shop.forichon.com/fr/?live_edit=1&ad=adminrc2017&liveToken=2b398bf82c5ff6c40cc886711fe6a237&id_employee=4&id_shop=3" "Mozilla/5.0 (Windows NT 10.0; Win64; x64) AppleWebKit/537.36 (KHTML, like Gecko) Chrome/62.0.3202.94 Safari/537.36"
141.101.88.119 - - [23/Nov/2017:12:16:52 +0100] "POST /adminrc2017/index.php HTTP/1.1" 302 710 "https://shop.forichon.com/fr/?live_edit=1&ad=adminrc2017&liveToken=2b398bf82c5ff6c40cc886711fe6a237&id_employee=4&id_shop=3" "Mozilla/5.0 (Windows NT 10.0; Win64; x64) AppleWebKit/537.36 (KHTML, like Gecko) Chrome/62.0.3202.94 Safari/537.36"
141.101.88.119 - - [23/Nov/2017:12:16:52 +0100] "GET /adminrc2017/index.php?controller=AdminLogin&token=70419da0bfcaa8f60827505278c23ebe&redirect=AdminModulesPositions HTTP/1.1" 200 2757 "https://shop.forichon.com/fr/?live_edit=1&ad=adminrc2017&liveToken=2b398bf82c5ff6c40cc886711fe6a237&id_employee=4&id_shop=3" "Mozilla/5.0 (Windows NT 10.0; Win64; x64) AppleWebKit/537.36 (KHTML, like Gecko) Chrome/62.0.3202.94 Safari/537.36"
141.101.88.35 - - [23/Nov/2017:12:16:52 +0100] "GET /img/admin/error.png HTTP/1.1" 200 716 "https://shop.forichon.com/fr/?live_edit=1&ad=adminrc2017&liveToken=2b398bf82c5ff6c40cc886711fe6a237&id_employee=4&id_shop=3" "Mozilla/5.0 (Windows NT 10.0; Win64; x64) AppleWebKit/537.36 (KHTML, like Gecko) Chrome/62.0.3202.94 Safari/537.36"
108.162.229.197 - - [23/Nov/2017:12:16:52 +0100] "GET /js/jquery/plugins/fancybox/fancybox_overlay.png HTTP/1.1" 200 361 "https://shop.forichon.com/js/jquery/plugins/fancybox/jquery.fancybox.css" "Mozilla/5.0 (Windows NT 10.0; Win64; x64) AppleWebKit/537.36 (KHTML, like Gecko) Chrome/62.0.3202.94 Safari/537.36" [Thu Nov 23 12:18:35.317070 2017] [:error] [pid 23662] [client 141.101.88.119:14837] PHP Notice: Undefined index: reduction_type in /var/www/boutique/cache/smarty/compile/80/e6/08/80e608a7c1489e5fbaf855fafed95a0e746c0b7e.file.product-list.tpl.php on line 171, referer: https://shop.forichon.com/content/6-livraison-boutique-forichon [Thu Nov 23 12:18:35.320195 2017] [:error] [pid 23662] [client 141.101.88.119:14837] PHP Notice: Undefined index: reduction_type in /var/www/boutique/cache/smarty/compile/80/e6/08/80e608a7c1489e5fbaf855fafed95a0e746c0b7e.file.product-list.tpl.php on line 171, referer: https://shop.forichon.com/content/6-livraison-boutique-forichon
141.101.88.119 - - [23/Nov/2017:12:18:34 +0100] "GET / HTTP/1.1" 200 7904 "https://shop.forichon.com/content/6-livraison-boutique-forichon" "Mozilla/5.0 (Windows NT 10.0; Win64; x64) AppleWebKit/537.36 (KHTML, like Gecko) Chrome/62.0.3202.94 Safari/537.36"
141.101.88.35 - - [23/Nov/2017:12:18:35 +0100] "GET /modules/homeslider/images/0c391f055c05352f2aed13140ff8b2f6cfbee7bc__SHOP_Image_Caroussel_1.jpg HTTP/1.1" 304 195 "https://shop.forichon.com/" "Mozilla/5.0 (Windows NT 10.0; Win64; x64) AppleWebKit/537.36 (KHTML, like Gecko) Chrome/62.0.3202.94 Safari/537.36"
141.101.88.89 - - [23/Nov/2017:12:18:35 +0100] "GET /266-home_default/tuileries.jpg HTTP/1.1" 304 194 "https://shop.forichon.com/" "Mozilla/5.0 (Windows NT 10.0; Win64; x64) AppleWebKit/537.36 (KHTML, like Gecko) Chrome/62.0.3202.94 Safari/537.36"
141.101.69.100 - - [23/Nov/2017:12:18:35 +0100] "GET /259-home_default/mes-teddy.jpg HTTP/1.1" 304 194 "https://shop.forichon.com/" "Mozilla/5.0 (Windows NT 10.0; Win64; x64) AppleWebKit/537.36 (KHTML, like Gecko) Chrome/62.0.3202.94 Safari/537.36" [Thu Nov 23 12:19:30.557596 2017] [:error] [pid 23543] [client 141.101.88.119:24833] PHP Notice: Undefined index: reduction_type in /var/www/boutique/cache/smarty/compile/80/e6/08/80e608a7c1489e5fbaf855fafed95a0e746c0b7e.file.product-list.tpl.php on line 171, referer: https://shop.forichon.com/content/6-livraison-boutique-forichon [Thu Nov 23 12:19:30.559430 2017] [:error] [pid 23543] [client 141.101.88.119:24833] PHP Notice: Undefined index: reduction_type in /var/www/boutique/cache/smarty/compile/80/e6/08/80e608a7c1489e5fbaf855fafed95a0e746c0b7e.file.product-list.tpl.php on line 171, referer: https://shop.forichon.com/content/6-livraison-boutique-forichon [Thu Nov 23 12:19:30.562398 2017] [:error] [pid 23543] [client 141.101.88.119:24833] PHP Notice: Undefined index: reduction_type in /var/www/boutique/cache/smarty/compile/80/e6/08/80e608a7c1489e5fbaf855fafed95a0e746c0b7e.file.product-list.tpl.php on line 171, referer: https://shop.forichon.com/content/6-livraison-boutique-forichon [Thu Nov 23 12:19:30.564071 2017] [:error] [pid 23543] [client 141.101.88.119:24833] PHP Notice: Undefined index: reduction_type in /var/www/boutique/cache/smarty/compile/80/e6/08/80e608a7c1489e5fbaf855fafed95a0e746c0b7e.file.product-list.tpl.php on line 171, referer: https://shop.forichon.com/content/6-livraison-boutique-forichon [Thu Nov 23 12:19:30.572597 2017] [:error] [pid 23543] [client 141.101.88.119:24833] PHP Notice: Undefined index: link_rewrite in /var/www/boutique/modules/blockcms/BlockCMSModel.php on line 280, referer: https://shop.forichon.com/content/6-livraison-boutique-forichon [Thu Nov 23 12:19:30.573665 2017] [:error] [pid 23543] [client 141.101.88.119:24833] PHP Notice: Undefined index: meta_title in /var/www/boutique/modules/blockcms/BlockCMSModel.php on line 281, referer: https://shop.forichon.com/content/6-livraison-boutique-forichon
141.101.88.119 - - [23/Nov/2017:12:19:30 +0100] "GET / HTTP/1.1" 200 7916 "https://shop.forichon.com/content/6-livraison-boutique-forichon" "Mozilla/5.0 (Windows NT 10.0; Win64; x64) AppleWebKit/537.36 (KHTML, like Gecko) Chrome/62.0.3202.94 Safari/537.36"
141.101.88.35 - - [23/Nov/2017:12:19:30 +0100] "GET /modules/homeslider/images/0c391f055c05352f2aed13140ff8b2f6cfbee7bc__SHOP_Image_Caroussel_1.jpg HTTP/1.1" 304 195 "https://shop.forichon.com/" "Mozilla/5.0 (Windows NT 10.0; Win64; x64) AppleWebKit/537.36 (KHTML, like Gecko) Chrome/62.0.3202.94 Safari/537.36"
141.101.88.89 - - [23/Nov/2017:12:19:30 +0100] "GET /266-home_default/tuileries.jpg HTTP/1.1" 304 194 "https://shop.forichon.com/" "Mozilla/5.0 (Windows NT 10.0; Win64; x64) AppleWebKit/537.36 (KHTML, like Gecko) Chrome/62.0.3202.94 Safari/537.36"
141.101.88.143 - - [23/Nov/2017:12:19:30 +0100] "GET /img/favicon-3.ico?1495552294 HTTP/1.1" 200 1114 "https://shop.forichon.com/" "Mozilla/5.0 (Windows NT 10.0; Win64; x64) AppleWebKit/537.36 (KHTML, like Gecko) Chrome/62.0.3202.94 Safari/537.36" [Thu Nov 23 12:19:43.433373 2017] [:error] [pid 23486] [client 141.101.88.119:12865] PHP Notice: Undefined index: link_rewrite in /var/www/boutique/modules/blockcms/BlockCMSModel.php on line 280, referer: https://shop.forichon.com/ [Thu Nov 23 12:19:43.434522 2017] [:error] [pid 23486] [client 141.101.88.119:12865] PHP Notice: Undefined index: meta_title in /var/www/boutique/modules/blockcms/BlockCMSModel.php on line 281, referer: https://shop.forichon.com/
141.101.88.119 - - [23/Nov/2017:12:19:42 +0100] "GET /home/129-mes-teddy.html HTTP/1.1" 200 10134 "https://shop.forichon.com/" "Mozilla/5.0 (Windows NT 10.0; Win64; x64) AppleWebKit/537.36 (KHTML, like Gecko) Chrome/62.0.3202.94 Safari/537.36"
141.101.69.226 - - [23/Nov/2017:12:19:44 +0100] "GET /themes/theme_forichon/css/product.css HTTP/1.1" 200 7042 "https://shop.forichon.com/home/129-mes-teddy.html" "Mozilla/5.0 (Windows NT 10.0; Win64; x64) AppleWebKit/537.36 (KHTML, like Gecko) Chrome/62.0.3202.94 Safari/537.36"
141.101.88.29 - - [23/Nov/2017:12:19:44 +0100] "GET /themes/theme_forichon/css/modules/socialsharing/css/socialsharing.css HTTP/1.1" 200 609 "https://shop.forichon.com/home/129-mes-teddy.html" "Mozilla/5.0 (Windows NT 10.0; Win64; x64) AppleWebKit/537.36 (KHTML, like Gecko) Chrome/62.0.3202.94 Safari/537.36"
141.101.69.226 - - [23/Nov/2017:12:19:44 +0100] "GET /259-large_default/mes-teddy.jpg HTTP/1.1" 200 37624 "https://shop.forichon.com/home/129-mes-teddy.html" "Mozilla/5.0 (Windows NT 10.0; Win64; x64) AppleWebKit/537.36 (KHTML, like Gecko) Chrome/62.0.3202.94 Safari/537.36"
108.162.229.149 - - [23/Nov/2017:12:19:44 +0100] "GET /js/jquery/plugins/jquery.idTabs.js HTTP/1.1" 200 1294 "https://shop.forichon.com/home/129-mes-teddy.html" "Mozilla/5.0 (Windows NT 10.0; Win64; x64) AppleWebKit/537.36 (KHTML, like Gecko) Chrome/62.0.3202.94 Safari/537.36"
141.101.88.101 - - [23/Nov/2017:12:19:44 +0100] "GET /themes/theme_forichon/js/product.js HTTP/1.1" 200 10073 "https://shop.forichon.com/home/129-mes-teddy.html" "Mozilla/5.0 (Windows NT 10.0; Win64; x64) AppleWebKit/537.36 (KHTML, like Gecko) Chrome/62.0.3202.94 Safari/537.36"
141.101.88.113 - - [23/Nov/2017:12:19:44 +0100] "GET /modules/productpaymentlogos/img/payment-logo.png HTTP/1.1" 200 18499 "https://shop.forichon.com/home/129-mes-teddy.html" "Mozilla/5.0 (Windows NT 10.0; Win64; x64) AppleWebKit/537.36 (KHTML, like Gecko) Chrome/62.0.3202.94 Safari/537.36"
141.101.88.221 - - [23/Nov/2017:12:19:44 +0100] "GET /259-medium_default/mes-teddy.jpg HTTP/1.1" 200 5028 "https://shop.forichon.com/home/129-mes-teddy.html" "Mozilla/5.0 (Windows NT 10.0; Win64; x64) AppleWebKit/537.36 (KHTML, like Gecko) Chrome/62.0.3202.94 Safari/537.36"
141.101.88.191 - - [23/Nov/2017:12:19:44 +0100] "GET /259-cart_default/mes-teddy.jpg HTTP/1.1" 200 2872 "https://shop.forichon.com/home/129-mes-teddy.html" "Mozilla/5.0 (Windows NT 10.0; Win64; x64) AppleWebKit/537.36 (KHTML, like Gecko) Chrome/62.0.3202.94 Safari/537.36"
141.101.88.197 - - [23/Nov/2017:12:19:44 +0100] "GET /themes/theme_forichon/js/modules/productcomments/js/productcomments.js HTTP/1.1" 200 1890 "https://shop.forichon.com/home/129-mes-teddy.html" "Mozilla/5.0 (Windows NT 10.0; Win64; x64) AppleWebKit/537.36 (KHTML, like Gecko) Chrome/62.0.3202.94 Safari/537.36"
108.162.229.41 - - [23/Nov/2017:12:19:44 +0100] "GET /modules/socialsharing/js/socialsharing.js HTTP/1.1" 200 1266 "https://shop.forichon.com/home/129-mes-teddy.html" "Mozilla/5.0 (Windows NT 10.0; Win64; x64) AppleWebKit/537.36 (KHTML, like Gecko) Chrome/62.0.3202.94 Safari/537.36"
108.162.229.155 - - [23/Nov/2017:12:19:44 +0100] "GET /modules/productcomments/js/jquery.rating.pack.js HTTP/1.1" 200 1602 "https://shop.forichon.com/home/129-mes-teddy.html" "Mozilla/5.0 (Windows NT 10.0; Win64; x64) AppleWebKit/537.36 (KHTML, like Gecko) Chrome/62.0.3202.94 Safari/537.36"
141.101.69.166 - - [23/Nov/2017:12:19:44 +0100] "GET /modules/productcomments/js/jquery.textareaCounter.plugin.js HTTP/1.1" 200 2016 "https://shop.forichon.com/home/129-mes-teddy.html" "Mozilla/5.0 (Windows NT 10.0; Win64; x64) AppleWebKit/537.36 (KHTML, like Gecko) Chrome/62.0.3202.94 Safari/537.36"
141.101.88.119 - - [23/Nov/2017:12:19:47 +0100] "POST /?rand=1511434533229 HTTP/1.1" 200 1118 "https://shop.forichon.com/home/129-mes-teddy.html" "Mozilla/5.0 (Windows NT 10.0; Win64; x64) AppleWebKit/537.36 (KHTML, like Gecko) Chrome/62.0.3202.94 Safari/537.36" [Thu Nov 23 12:19:50.320244 2017] [:error] [pid 23631] [client 141.101.88.119:21691] PHP Notice: Undefined index: link_rewrite in /var/www/boutique/modules/blockcms/BlockCMSModel.php on line 280, referer: https://shop.forichon.com/home/129-mes-teddy.html [Thu Nov 23 12:19:50.321375 2017] [:error] [pid 23631] [client 141.101.88.119:21691] PHP Notice: Undefined index: meta_title in /var/www/boutique/modules/blockcms/BlockCMSModel.php on line 281, referer: https://shop.forichon.com/home/129-mes-teddy.html
141.101.88.119 - - [23/Nov/2017:12:19:50 +0100] "GET /commande HTTP/1.1" 200 8046 "https://shop.forichon.com/home/129-mes-teddy.html" "Mozilla/5.0 (Windows NT 10.0; Win64; x64) AppleWebKit/537.36 (KHTML, like Gecko) Chrome/62.0.3202.94 Safari/537.36"
108.162.229.5 - - [23/Nov/2017:12:19:51 +0100] "GET /js/jquery/plugins/jquery.typewatch.js HTTP/1.1" 200 1344 "https://shop.forichon.com/commande" "Mozilla/5.0 (Windows NT 10.0; Win64; x64) AppleWebKit/537.36 (KHTML, like Gecko) Chrome/62.0.3202.94 Safari/537.36"
141.101.69.82 - - [23/Nov/2017:12:19:51 +0100] "GET /modules/mondialrelay/views/js/jquery.plugin.mondialrelay.parcelshoppicker.2.0.0.js HTTP/1.1" 200 6344 "https://shop.forichon.com/commande" "Mozilla/5.0 (Windows NT 10.0; Win64; x64) AppleWebKit/537.36 (KHTML, like Gecko) Chrome/62.0.3202.94 Safari/537.36"
141.101.69.190 - - [23/Nov/2017:12:19:51 +0100] "GET /modules/mondialrelay/views/js/common.js HTTP/1.1" 200 1823 "https://shop.forichon.com/commande" "Mozilla/5.0 (Windows NT 10.0; Win64; x64) AppleWebKit/537.36 (KHTML, like Gecko) Chrome/62.0.3202.94 Safari/537.36"
141.101.88.17 - - [23/Nov/2017:12:19:51 +0100] "GET /modules/mondialrelay/views/js/mondialrelay_widget.js HTTP/1.1" 200 2608 "https://shop.forichon.com/commande" "Mozilla/5.0 (Windows NT 10.0; Win64; x64) AppleWebKit/537.36 (KHTML, like Gecko) Chrome/62.0.3202.94 Safari/537.36"
108.162.229.137 - - [23/Nov/2017:12:19:51 +0100] "GET /259-small_default/mes-teddy.jpg HTTP/1.1" 200 3600 "https://shop.forichon.com/commande" "Mozilla/5.0 (Windows NT 10.0; Win64; x64) AppleWebKit/537.36 (KHTML, like Gecko) Chrome/62.0.3202.94 Safari/537.36"
108.162.229.53 - - [23/Nov/2017:12:19:51 +0100] "GET /themes/theme_forichon/js/cart-summary.js HTTP/1.1" 200 7336 "https://shop.forichon.com/commande" "Mozilla/5.0 (Windows NT 10.0; Win64; x64) AppleWebKit/537.36 (KHTML, like Gecko) Chrome/62.0.3202.94 Safari/537.36"
108.162.229.71 - - [23/Nov/2017:12:19:51 +0100] "GET /themes/theme_forichon/css/addresses.css HTTP/1.1" 200 578 "https://shop.forichon.com/commande" "Mozilla/5.0 (Windows NT 10.0; Win64; x64) AppleWebKit/537.36 (KHTML, like Gecko) Chrome/62.0.3202.94 Safari/537.36"
141.101.88.119 - - [23/Nov/2017:12:19:55 +0100] "GET /commande?step=1 HTTP/1.1" 302 405 "https://shop.forichon.com/commande" "Mozilla/5.0 (Windows NT 10.0; Win64; x64) AppleWebKit/537.36 (KHTML, like Gecko) Chrome/62.0.3202.94 Safari/537.36" [Thu Nov 23 12:19:56.014720 2017] [:error] [pid 23589] [client 141.101.88.119:32071] PHP Notice: Undefined index: link_rewrite in /var/www/boutique/modules/blockcms/BlockCMSModel.php on line 280, referer: https://shop.forichon.com/commande [Thu Nov 23 12:19:56.015828 2017] [:error] [pid 23589] [client 141.101.88.119:32071] PHP Notice: Undefined index: meta_title in /var/www/boutique/modules/blockcms/BlockCMSModel.php on line 281, referer: https://shop.forichon.com/commande
141.101.88.119 - - [23/Nov/2017:12:19:55 +0100] "GET /connexion?back=https%3A%2F%2Fshop.forichon.com%2Fcommande%3Fstep%3D1 HTTP/1.1" 200 10296 "https://shop.forichon.com/commande" "Mozilla/5.0 (Windows NT 10.0; Win64; x64) AppleWebKit/537.36 (KHTML, like Gecko) Chrome/62.0.3202.94 Safari/537.36"
108.162.229.161 - - [23/Nov/2017:12:19:56 +0100] "GET /js/validate.js HTTP/1.1" 200 9462 "https://shop.forichon.com/connexion?back=https%3A%2F%2Fshop.forichon.com%2Fcommande%3Fstep%3D1" "Mozilla/5.0 (Windows NT 10.0; Win64; x64) AppleWebKit/537.36 (KHTML, like Gecko) Chrome/62.0.3202.94 Safari/537.36"
108.162.229.173 - - [23/Nov/2017:12:19:56 +0100] "GET /themes/theme_forichon/js/authentication.js HTTP/1.1" 200 1733 "https://shop.forichon.com/connexion?back=https%3A%2F%2Fshop.forichon.com%2Fcommande%3Fstep%3D1" "Mozilla/5.0 (Windows NT 10.0; Win64; x64) AppleWebKit/537.36 (KHTML, like Gecko) Chrome/62.0.3202.94 Safari/537.36"
108.162.229.149 - - [23/Nov/2017:12:19:56 +0100] "GET /themes/theme_forichon/js/tools/vatManagement.js HTTP/1.1" 200 1331 "https://shop.forichon.com/connexion?back=https%3A%2F%2Fshop.forichon.com%2Fcommande%3Fstep%3D1" "Mozilla/5.0 (Windows NT 10.0; Win64; x64) AppleWebKit/537.36 (KHTML, like Gecko) Chrome/62.0.3202.94 Safari/537.36"
