108.162.229.209 - - [05/Apr/2017:10:49:24 +0200] "GET /themes/theme_forichon/css/modules/blockcontact/blockcontact.css HTTP/1.1" 200 911 "https://shop.forichon.com/commande?step=1" "Mozilla/5.0 (Windows NT 6.2; Win64; x64) AppleWebKit/537.36 (KHTML, like Gecko) Chrome/57.0.2987.133 Safari/537.36"
108.162.229.41 - - [05/Apr/2017:10:54:35 +0200] "GET /commande?step=1 HTTP/1.1" 200 7385 "https://shop.forichon.com/commande" "Mozilla/5.0 (Windows NT 6.2; Win64; x64) AppleWebKit/537.36 (KHTML, like Gecko) Chrome/57.0.2987.133 Safari/537.36"
108.162.229.173 - - [05/Apr/2017:10:54:36 +0200] "GET /themes/theme_forichon/css/addresses.css HTTP/1.1" 200 578 "https://shop.forichon.com/commande?step=1" "Mozilla/5.0 (Windows NT 6.2; Win64; x64) AppleWebKit/537.36 (KHTML, like Gecko) Chrome/57.0.2987.133 Safari/537.36"
108.162.229.209 - - [05/Apr/2017:10:54:36 +0200] "GET /themes/theme_forichon/css/modules/blockcart/blockcart.css HTTP/1.1" 200 3911 "https://shop.forichon.com/commande?step=1" "Mozilla/5.0 (Windows NT 6.2; Win64; x64) AppleWebKit/537.36 (KHTML, like Gecko) Chrome/57.0.2987.133 Safari/537.36"
108.162.229.29 - - [05/Apr/2017:10:54:36 +0200] "GET /themes/theme_forichon/css/global.css HTTP/1.1" 200 36494 "https://shop.forichon.com/commande?step=1" "Mozilla/5.0 (Windows NT 6.2; Win64; x64) AppleWebKit/537.36 (KHTML, like Gecko) Chrome/57.0.2987.133 Safari/537.36"
108.162.229.125 - - [05/Apr/2017:10:54:36 +0200] "GET /themes/theme_forichon/css/modules/blockcurrencies/blockcurrencies.css HTTP/1.1" 200 970 "https://shop.forichon.com/commande?step=1" "Mozilla/5.0 (Windows NT 6.2; Win64; x64) AppleWebKit/537.36 (KHTML, like Gecko) Chrome/57.0.2987.133 Safari/537.36"
108.162.229.215 - - [05/Apr/2017:10:54:36 +0200] "GET /themes/theme_forichon/css/modules/blockuserinfo/blockuserinfo.css HTTP/1.1" 200 628 "https://shop.forichon.com/commande?step=1" "Mozilla/5.0 (Windows NT 6.2; Win64; x64) AppleWebKit/537.36 (KHTML, like Gecko) Chrome/57.0.2987.133 Safari/537.36"
108.162.229.209 - - [05/Apr/2017:10:54:36 +0200] "GET /themes/theme_forichon/css/modules/blockcontact/blockcontact.css HTTP/1.1" 200 912 "https://shop.forichon.com/commande?step=1" "Mozilla/5.0 (Windows NT 6.2; Win64; x64) AppleWebKit/537.36 (KHTML, like Gecko) Chrome/57.0.2987.133 Safari/537.36"
141.101.69.100 - - [05/Apr/2017:10:54:37 +0200] "GET /themes/theme_forichon/css/modules/blocklanguages/blocklanguages.css HTTP/1.1" 200 951 "https://shop.forichon.com/commande?step=1" "Mozilla/5.0 (Windows NT 6.2; Win64; x64) AppleWebKit/537.36 (KHTML, like Gecko) Chrome/57.0.2987.133 Safari/537.36"
108.162.229.221 - - [05/Apr/2017:10:54:37 +0200] "GET /themes/theme_forichon/css/modules/blocksearch/blocksearch.css HTTP/1.1" 200 934 "https://shop.forichon.com/commande?step=1" "Mozilla/5.0 (Windows NT 6.2; Win64; x64) AppleWebKit/537.36 (KHTML, like Gecko) Chrome/57.0.2987.133 Safari/537.36"
141.101.88.221 - - [05/Apr/2017:10:54:37 +0200] "GET /themes/theme_forichon/css/modules/blocktopmenu/css/superfish-modified.css HTTP/1.1" 200 2593 "https://shop.forichon.com/commande?step=1" "Mozilla/5.0 (Windows NT 6.2; Win64; x64) AppleWebKit/537.36 (KHTML, like Gecko) Chrome/57.0.2987.133 Safari/537.36"
108.162.229.17 - - [05/Apr/2017:10:54:38 +0200] "GET /themes/theme_forichon/css/modules/blocknewsletter/blocknewsletter.css HTTP/1.1" 200 1755 "https://shop.forichon.com/commande?step=1" "Mozilla/5.0 (Windows NT 6.2; Win64; x64) AppleWebKit/537.36 (KHTML, like Gecko) Chrome/57.0.2987.133 Safari/537.36"
141.101.69.64 - - [05/Apr/2017:10:54:38 +0200] "GET /themes/theme_forichon/css/modules/blockcategories/blockcategories.css HTTP/1.1" 200 1132 "https://shop.forichon.com/commande?step=1" "Mozilla/5.0 (Windows NT 6.2; Win64; x64) AppleWebKit/537.36 (KHTML, like Gecko) Chrome/57.0.2987.133 Safari/537.36"
108.162.229.41 - - [05/Apr/2017:10:55:54 +0200] "GET /commande?step=1 HTTP/1.1" 200 7386 "https://shop.forichon.com/commande" "Mozilla/5.0 (Windows NT 6.2; Win64; x64) AppleWebKit/537.36 (KHTML, like Gecko) Chrome/57.0.2987.133 Safari/537.36"
141.101.69.64 - - [05/Apr/2017:10:55:54 +0200] "GET /themes/theme_forichon/css/modules/blockcategories/blockcategories.css HTTP/1.1" 200 1132 "https://shop.forichon.com/commande?step=1" "Mozilla/5.0 (Windows NT 6.2; Win64; x64) AppleWebKit/537.36 (KHTML, like Gecko) Chrome/57.0.2987.133 Safari/537.36"
108.162.229.209 - - [05/Apr/2017:10:55:54 +0200] "GET /themes/theme_forichon/css/modules/blockcart/blockcart.css HTTP/1.1" 200 3911 "https://shop.forichon.com/commande?step=1" "Mozilla/5.0 (Windows NT 6.2; Win64; x64) AppleWebKit/537.36 (KHTML, like Gecko) Chrome/57.0.2987.133 Safari/537.36"
108.162.229.29 - - [05/Apr/2017:10:55:54 +0200] "GET /themes/theme_forichon/css/global.css HTTP/1.1" 200 36494 "https://shop.forichon.com/commande?step=1" "Mozilla/5.0 (Windows NT 6.2; Win64; x64) AppleWebKit/537.36 (KHTML, like Gecko) Chrome/57.0.2987.133 Safari/537.36"
108.162.229.173 - - [05/Apr/2017:10:55:55 +0200] "GET /themes/theme_forichon/css/addresses.css HTTP/1.1" 200 578 "https://shop.forichon.com/commande?step=1" "Mozilla/5.0 (Windows NT 6.2; Win64; x64) AppleWebKit/537.36 (KHTML, like Gecko) Chrome/57.0.2987.133 Safari/537.36"
108.162.229.209 - - [05/Apr/2017:10:55:55 +0200] "GET /themes/theme_forichon/css/modules/blockcontact/blockcontact.css HTTP/1.1" 200 912 "https://shop.forichon.com/commande?step=1" "Mozilla/5.0 (Windows NT 6.2; Win64; x64) AppleWebKit/537.36 (KHTML, like Gecko) Chrome/57.0.2987.133 Safari/537.36"
108.162.229.125 - - [05/Apr/2017:10:55:55 +0200] "GET /themes/theme_forichon/css/modules/blockcurrencies/blockcurrencies.css HTTP/1.1" 200 970 "https://shop.forichon.com/commande?step=1" "Mozilla/5.0 (Windows NT 6.2; Win64; x64) AppleWebKit/537.36 (KHTML, like Gecko) Chrome/57.0.2987.133 Safari/537.36"
108.162.229.17 - - [05/Apr/2017:10:55:55 +0200] "GET /themes/theme_forichon/css/modules/blocknewsletter/blocknewsletter.css HTTP/1.1" 200 1755 "https://shop.forichon.com/commande?step=1" "Mozilla/5.0 (Windows NT 6.2; Win64; x64) AppleWebKit/537.36 (KHTML, like Gecko) Chrome/57.0.2987.133 Safari/537.36"
141.101.69.100 - - [05/Apr/2017:10:55:55 +0200] "GET /themes/theme_forichon/css/modules/blocklanguages/blocklanguages.css HTTP/1.1" 200 951 "https://shop.forichon.com/commande?step=1" "Mozilla/5.0 (Windows NT 6.2; Win64; x64) AppleWebKit/537.36 (KHTML, like Gecko) Chrome/57.0.2987.133 Safari/537.36"
108.162.229.215 - - [05/Apr/2017:10:55:55 +0200] "GET /themes/theme_forichon/css/modules/blockuserinfo/blockuserinfo.css HTTP/1.1" 200 628 "https://shop.forichon.com/commande?step=1" "Mozilla/5.0 (Windows NT 6.2; Win64; x64) AppleWebKit/537.36 (KHTML, like Gecko) Chrome/57.0.2987.133 Safari/537.36"
141.101.88.221 - - [05/Apr/2017:10:55:55 +0200] "GET /themes/theme_forichon/css/modules/blocktopmenu/css/superfish-modified.css HTTP/1.1" 200 2593 "https://shop.forichon.com/commande?step=1" "Mozilla/5.0 (Windows NT 6.2; Win64; x64) AppleWebKit/537.36 (KHTML, like Gecko) Chrome/57.0.2987.133 Safari/537.36"
108.162.229.221 - - [05/Apr/2017:10:55:55 +0200] "GET /themes/theme_forichon/css/modules/blocksearch/blocksearch.css HTTP/1.1" 200 934 "https://shop.forichon.com/commande?step=1" "Mozilla/5.0 (Windows NT 6.2; Win64; x64) AppleWebKit/537.36 (KHTML, like Gecko) Chrome/57.0.2987.133 Safari/537.36"
108.162.229.41 - - [05/Apr/2017:10:55:58 +0200] "GET /commande?step=1 HTTP/1.1" 200 7386 "https://shop.forichon.com/commande" "Mozilla/5.0 (Windows NT 6.2; Win64; x64) AppleWebKit/537.36 (KHTML, like Gecko) Chrome/57.0.2987.133 Safari/537.36"
108.162.229.209 - - [05/Apr/2017:10:55:58 +0200] "GET /themes/theme_forichon/css/modules/blockcart/blockcart.css HTTP/1.1" 200 3910 "https://shop.forichon.com/commande?step=1" "Mozilla/5.0 (Windows NT 6.2; Win64; x64) AppleWebKit/537.36 (KHTML, like Gecko) Chrome/57.0.2987.133 Safari/537.36"
108.162.229.173 - - [05/Apr/2017:10:55:58 +0200] "GET /themes/theme_forichon/css/addresses.css HTTP/1.1" 200 577 "https://shop.forichon.com/commande?step=1" "Mozilla/5.0 (Windows NT 6.2; Win64; x64) AppleWebKit/537.36 (KHTML, like Gecko) Chrome/57.0.2987.133 Safari/537.36"
108.162.229.209 - - [05/Apr/2017:10:55:58 +0200] "GET /themes/theme_forichon/css/modules/blockcontact/blockcontact.css HTTP/1.1" 200 911 "https://shop.forichon.com/commande?step=1" "Mozilla/5.0 (Windows NT 6.2; Win64; x64) AppleWebKit/537.36 (KHTML, like Gecko) Chrome/57.0.2987.133 Safari/537.36"
141.101.69.64 - - [05/Apr/2017:10:55:58 +0200] "GET /themes/theme_forichon/css/modules/blockcategories/blockcategories.css HTTP/1.1" 200 1132 "https://shop.forichon.com/commande?step=1" "Mozilla/5.0 (Windows NT 6.2; Win64; x64) AppleWebKit/537.36 (KHTML, like Gecko) Chrome/57.0.2987.133 Safari/537.36"
108.162.229.125 - - [05/Apr/2017:10:55:58 +0200] "GET /themes/theme_forichon/css/modules/blockcurrencies/blockcurrencies.css HTTP/1.1" 200 970 "https://shop.forichon.com/commande?step=1" "Mozilla/5.0 (Windows NT 6.2; Win64; x64) AppleWebKit/537.36 (KHTML, like Gecko) Chrome/57.0.2987.133 Safari/537.36"
141.101.69.100 - - [05/Apr/2017:10:55:58 +0200] "GET /themes/theme_forichon/css/modules/blocklanguages/blocklanguages.css HTTP/1.1" 200 951 "https://shop.forichon.com/commande?step=1" "Mozilla/5.0 (Windows NT 6.2; Win64; x64) AppleWebKit/537.36 (KHTML, like Gecko) Chrome/57.0.2987.133 Safari/537.36"
108.162.229.17 - - [05/Apr/2017:10:55:58 +0200] "GET /themes/theme_forichon/css/modules/blocknewsletter/blocknewsletter.css HTTP/1.1" 200 1755 "https://shop.forichon.com/commande?step=1" "Mozilla/5.0 (Windows NT 6.2; Win64; x64) AppleWebKit/537.36 (KHTML, like Gecko) Chrome/57.0.2987.133 Safari/537.36"
108.162.229.215 - - [05/Apr/2017:10:55:58 +0200] "GET /themes/theme_forichon/css/modules/blockuserinfo/blockuserinfo.css HTTP/1.1" 200 628 "https://shop.forichon.com/commande?step=1" "Mozilla/5.0 (Windows NT 6.2; Win64; x64) AppleWebKit/537.36 (KHTML, like Gecko) Chrome/57.0.2987.133 Safari/537.36"
108.162.229.221 - - [05/Apr/2017:10:55:58 +0200] "GET /themes/theme_forichon/css/modules/blocksearch/blocksearch.css HTTP/1.1" 200 934 "https://shop.forichon.com/commande?step=1" "Mozilla/5.0 (Windows NT 6.2; Win64; x64) AppleWebKit/537.36 (KHTML, like Gecko) Chrome/57.0.2987.133 Safari/537.36"
141.101.88.221 - - [05/Apr/2017:10:55:58 +0200] "GET /themes/theme_forichon/css/modules/blocktopmenu/css/superfish-modified.css HTTP/1.1" 200 2593 "https://shop.forichon.com/commande?step=1" "Mozilla/5.0 (Windows NT 6.2; Win64; x64) AppleWebKit/537.36 (KHTML, like Gecko) Chrome/57.0.2987.133 Safari/537.36"
108.162.229.29 - - [05/Apr/2017:10:55:58 +0200] "GET /themes/theme_forichon/css/global.css HTTP/1.1" 200 36494 "https://shop.forichon.com/commande?step=1" "Mozilla/5.0 (Windows NT 6.2; Win64; x64) AppleWebKit/537.36 (KHTML, like Gecko) Chrome/57.0.2987.133 Safari/537.36"
141.101.69.64 - - [05/Apr/2017:10:55:59 +0200] "GET /img/favicon-3.ico?1490947578 HTTP/1.1" 200 1113 "https://shop.forichon.com/commande?step=1" "Mozilla/5.0 (Windows NT 6.2; Win64; x64) AppleWebKit/537.36 (KHTML, like Gecko) Chrome/57.0.2987.133 Safari/537.36"
108.162.229.41 - - [05/Apr/2017:10:59:00 +0200] "GET /commande?step=1 HTTP/1.1" 200 7384 "https://shop.forichon.com/commande" "Mozilla/5.0 (Windows NT 6.2; Win64; x64) AppleWebKit/537.36 (KHTML, like Gecko) Chrome/57.0.2987.133 Safari/537.36"
108.162.229.209 - - [05/Apr/2017:10:59:01 +0200] "GET /themes/theme_forichon/css/modules/blockcart/blockcart.css HTTP/1.1" 200 3911 "https://shop.forichon.com/commande?step=1" "Mozilla/5.0 (Windows NT 6.2; Win64; x64) AppleWebKit/537.36 (KHTML, like Gecko) Chrome/57.0.2987.133 Safari/537.36"
108.162.229.29 - - [05/Apr/2017:10:59:01 +0200] "GET /themes/theme_forichon/css/global.css HTTP/1.1" 200 36494 "https://shop.forichon.com/commande?step=1" "Mozilla/5.0 (Windows NT 6.2; Win64; x64) AppleWebKit/537.36 (KHTML, like Gecko) Chrome/57.0.2987.133 Safari/537.36"
108.162.229.173 - - [05/Apr/2017:10:59:01 +0200] "GET /themes/theme_forichon/css/addresses.css HTTP/1.1" 200 578 "https://shop.forichon.com/commande?step=1" "Mozilla/5.0 (Windows NT 6.2; Win64; x64) AppleWebKit/537.36 (KHTML, like Gecko) Chrome/57.0.2987.133 Safari/537.36"
141.101.88.221 - - [05/Apr/2017:10:59:01 +0200] "GET /themes/theme_forichon/css/modules/blocktopmenu/css/superfish-modified.css HTTP/1.1" 200 2593 "https://shop.forichon.com/commande?step=1" "Mozilla/5.0 (Windows NT 6.2; Win64; x64) AppleWebKit/537.36 (KHTML, like Gecko) Chrome/57.0.2987.133 Safari/537.36"
108.162.229.125 - - [05/Apr/2017:10:59:02 +0200] "GET /themes/theme_forichon/css/modules/blockcurrencies/blockcurrencies.css HTTP/1.1" 200 970 "https://shop.forichon.com/commande?step=1" "Mozilla/5.0 (Windows NT 6.2; Win64; x64) AppleWebKit/537.36 (KHTML, like Gecko) Chrome/57.0.2987.133 Safari/537.36"
108.162.229.17 - - [05/Apr/2017:10:59:02 +0200] "GET /themes/theme_forichon/css/modules/blocknewsletter/blocknewsletter.css HTTP/1.1" 200 1755 "https://shop.forichon.com/commande?step=1" "Mozilla/5.0 (Windows NT 6.2; Win64; x64) AppleWebKit/537.36 (KHTML, like Gecko) Chrome/57.0.2987.133 Safari/537.36"
108.162.229.215 - - [05/Apr/2017:10:59:02 +0200] "GET /themes/theme_forichon/css/modules/blockuserinfo/blockuserinfo.css HTTP/1.1" 200 628 "https://shop.forichon.com/commande?step=1" "Mozilla/5.0 (Windows NT 6.2; Win64; x64) AppleWebKit/537.36 (KHTML, like Gecko) Chrome/57.0.2987.133 Safari/537.36"
108.162.229.221 - - [05/Apr/2017:10:59:03 +0200] "GET /themes/theme_forichon/css/modules/blocksearch/blocksearch.css HTTP/1.1" 200 934 "https://shop.forichon.com/commande?step=1" "Mozilla/5.0 (Windows NT 6.2; Win64; x64) AppleWebKit/537.36 (KHTML, like Gecko) Chrome/57.0.2987.133 Safari/537.36"
108.162.229.209 - - [05/Apr/2017:10:59:03 +0200] "GET /themes/theme_forichon/css/modules/blockcontact/blockcontact.css HTTP/1.1" 200 912 "https://shop.forichon.com/commande?step=1" "Mozilla/5.0 (Windows NT 6.2; Win64; x64) AppleWebKit/537.36 (KHTML, like Gecko) Chrome/57.0.2987.133 Safari/537.36"
141.101.69.100 - - [05/Apr/2017:10:59:03 +0200] "GET /themes/theme_forichon/css/modules/blocklanguages/blocklanguages.css HTTP/1.1" 200 951 "https://shop.forichon.com/commande?step=1" "Mozilla/5.0 (Windows NT 6.2; Win64; x64) AppleWebKit/537.36 (KHTML, like Gecko) Chrome/57.0.2987.133 Safari/537.36"
141.101.69.64 - - [05/Apr/2017:10:59:03 +0200] "GET /themes/theme_forichon/css/modules/blockcategories/blockcategories.css HTTP/1.1" 200 1132 "https://shop.forichon.com/commande?step=1" "Mozilla/5.0 (Windows NT 6.2; Win64; x64) AppleWebKit/537.36 (KHTML, like Gecko) Chrome/57.0.2987.133 Safari/537.36"
108.162.229.41 - - [05/Apr/2017:11:01:55 +0200] "GET /commande?step=1 HTTP/1.1" 200 7385 "https://shop.forichon.com/commande" "Mozilla/5.0 (Windows NT 6.2; Win64; x64) AppleWebKit/537.36 (KHTML, like Gecko) Chrome/57.0.2987.133 Safari/537.36"
108.162.229.29 - - [05/Apr/2017:11:01:55 +0200] "GET /themes/theme_forichon/css/global.css HTTP/1.1" 200 36494 "https://shop.forichon.com/commande?step=1" "Mozilla/5.0 (Windows NT 6.2; Win64; x64) AppleWebKit/537.36 (KHTML, like Gecko) Chrome/57.0.2987.133 Safari/537.36"
108.162.229.173 - - [05/Apr/2017:11:01:55 +0200] "GET /themes/theme_forichon/css/addresses.css HTTP/1.1" 200 578 "https://shop.forichon.com/commande?step=1" "Mozilla/5.0 (Windows NT 6.2; Win64; x64) AppleWebKit/537.36 (KHTML, like Gecko) Chrome/57.0.2987.133 Safari/537.36"
108.162.229.125 - - [05/Apr/2017:11:01:55 +0200] "GET /themes/theme_forichon/css/modules/blockcurrencies/blockcurrencies.css HTTP/1.1" 200 970 "https://shop.forichon.com/commande?step=1" "Mozilla/5.0 (Windows NT 6.2; Win64; x64) AppleWebKit/537.36 (KHTML, like Gecko) Chrome/57.0.2987.133 Safari/537.36"
141.101.69.100 - - [05/Apr/2017:11:01:55 +0200] "GET /themes/theme_forichon/css/modules/blocklanguages/blocklanguages.css HTTP/1.1" 200 951 "https://shop.forichon.com/commande?step=1" "Mozilla/5.0 (Windows NT 6.2; Win64; x64) AppleWebKit/537.36 (KHTML, like Gecko) Chrome/57.0.2987.133 Safari/537.36"
108.162.229.209 - - [05/Apr/2017:11:01:55 +0200] "GET /themes/theme_forichon/css/modules/blockcart/blockcart.css HTTP/1.1" 200 3911 "https://shop.forichon.com/commande?step=1" "Mozilla/5.0 (Windows NT 6.2; Win64; x64) AppleWebKit/537.36 (KHTML, like Gecko) Chrome/57.0.2987.133 Safari/537.36"
141.101.69.64 - - [05/Apr/2017:11:01:55 +0200] "GET /themes/theme_forichon/css/modules/blockcategories/blockcategories.css HTTP/1.1" 200 1132 "https://shop.forichon.com/commande?step=1" "Mozilla/5.0 (Windows NT 6.2; Win64; x64) AppleWebKit/537.36 (KHTML, like Gecko) Chrome/57.0.2987.133 Safari/537.36"
108.162.229.209 - - [05/Apr/2017:11:01:55 +0200] "GET /themes/theme_forichon/css/modules/blockcontact/blockcontact.css HTTP/1.1" 200 912 "https://shop.forichon.com/commande?step=1" "Mozilla/5.0 (Windows NT 6.2; Win64; x64) AppleWebKit/537.36 (KHTML, like Gecko) Chrome/57.0.2987.133 Safari/537.36"
108.162.229.221 - - [05/Apr/2017:11:01:55 +0200] "GET /themes/theme_forichon/css/modules/blocksearch/blocksearch.css HTTP/1.1" 200 934 "https://shop.forichon.com/commande?step=1" "Mozilla/5.0 (Windows NT 6.2; Win64; x64) AppleWebKit/537.36 (KHTML, like Gecko) Chrome/57.0.2987.133 Safari/537.36"
108.162.229.215 - - [05/Apr/2017:11:01:55 +0200] "GET /themes/theme_forichon/css/modules/blockuserinfo/blockuserinfo.css HTTP/1.1" 200 628 "https://shop.forichon.com/commande?step=1" "Mozilla/5.0 (Windows NT 6.2; Win64; x64) AppleWebKit/537.36 (KHTML, like Gecko) Chrome/57.0.2987.133 Safari/537.36"
141.101.88.221 - - [05/Apr/2017:11:01:55 +0200] "GET /themes/theme_forichon/css/modules/blocktopmenu/css/superfish-modified.css HTTP/1.1" 200 2593 "https://shop.forichon.com/commande?step=1" "Mozilla/5.0 (Windows NT 6.2; Win64; x64) AppleWebKit/537.36 (KHTML, like Gecko) Chrome/57.0.2987.133 Safari/537.36"
141.101.88.125 - - [05/Apr/2017:11:01:56 +0200] "GET /themes/theme_forichon/css/modules/blockviewed/blockviewed.css HTTP/1.1" 200 469 "https://shop.forichon.com/commande?step=1" "Mozilla/5.0 (Windows NT 6.2; Win64; x64) AppleWebKit/537.36 (KHTML, like Gecko) Chrome/57.0.2987.133 Safari/537.36"
108.162.229.17 - - [05/Apr/2017:11:01:56 +0200] "GET /themes/theme_forichon/css/modules/blocknewsletter/blocknewsletter.css HTTP/1.1" 200 1755 "https://shop.forichon.com/commande?step=1" "Mozilla/5.0 (Windows NT 6.2; Win64; x64) AppleWebKit/537.36 (KHTML, like Gecko) Chrome/57.0.2987.133 Safari/537.36"
108.162.229.41 - - [05/Apr/2017:11:02:56 +0200] "GET /commande?step=1 HTTP/1.1" 200 7394 "https://shop.forichon.com/commande" "Mozilla/5.0 (Windows NT 6.2; Win64; x64) AppleWebKit/537.36 (KHTML, like Gecko) Chrome/57.0.2987.133 Safari/537.36"
141.101.88.143 - - [05/Apr/2017:11:02:56 +0200] "GET /themes/theme_forichon/css/autoload/uniform.default.css HTTP/1.1" 200 2700 "https://shop.forichon.com/commande?step=1" "Mozilla/5.0 (Windows NT 6.2; Win64; x64) AppleWebKit/537.36 (KHTML, like Gecko) Chrome/57.0.2987.133 Safari/537.36"
108.162.229.173 - - [05/Apr/2017:11:02:56 +0200] "GET /themes/theme_forichon/css/addresses.css HTTP/1.1" 200 578 "https://shop.forichon.com/commande?step=1" "Mozilla/5.0 (Windows NT 6.2; Win64; x64) AppleWebKit/537.36 (KHTML, like Gecko) Chrome/57.0.2987.133 Safari/537.36"
108.162.229.29 - - [05/Apr/2017:11:02:56 +0200] "GET /themes/theme_forichon/css/global.css HTTP/1.1" 200 36494 "https://shop.forichon.com/commande?step=1" "Mozilla/5.0 (Windows NT 6.2; Win64; x64) AppleWebKit/537.36 (KHTML, like Gecko) Chrome/57.0.2987.133 Safari/537.36"
141.101.69.100 - - [05/Apr/2017:11:02:56 +0200] "GET /themes/theme_forichon/css/modules/blocklanguages/blocklanguages.css HTTP/1.1" 200 951 "https://shop.forichon.com/commande?step=1" "Mozilla/5.0 (Windows NT 6.2; Win64; x64) AppleWebKit/537.36 (KHTML, like Gecko) Chrome/57.0.2987.133 Safari/537.36"
108.162.229.209 - - [05/Apr/2017:11:02:56 +0200] "GET /themes/theme_forichon/css/modules/blockcontact/blockcontact.css HTTP/1.1" 200 912 "https://shop.forichon.com/commande?step=1" "Mozilla/5.0 (Windows NT 6.2; Win64; x64) AppleWebKit/537.36 (KHTML, like Gecko) Chrome/57.0.2987.133 Safari/537.36"
108.162.229.209 - - [05/Apr/2017:11:02:56 +0200] "GET /themes/theme_forichon/css/modules/blockcart/blockcart.css HTTP/1.1" 200 3911 "https://shop.forichon.com/commande?step=1" "Mozilla/5.0 (Windows NT 6.2; Win64; x64) AppleWebKit/537.36 (KHTML, like Gecko) Chrome/57.0.2987.133 Safari/537.36"
141.101.69.64 - - [05/Apr/2017:11:02:56 +0200] "GET /themes/theme_forichon/css/modules/blockcategories/blockcategories.css HTTP/1.1" 200 1132 "https://shop.forichon.com/commande?step=1" "Mozilla/5.0 (Windows NT 6.2; Win64; x64) AppleWebKit/537.36 (KHTML, like Gecko) Chrome/57.0.2987.133 Safari/537.36"
108.162.229.125 - - [05/Apr/2017:11:02:56 +0200] "GET /themes/theme_forichon/css/modules/blockcurrencies/blockcurrencies.css HTTP/1.1" 200 970 "https://shop.forichon.com/commande?step=1" "Mozilla/5.0 (Windows NT 6.2; Win64; x64) AppleWebKit/537.36 (KHTML, like Gecko) Chrome/57.0.2987.133 Safari/537.36"
108.162.229.17 - - [05/Apr/2017:11:02:56 +0200] "GET /themes/theme_forichon/css/modules/blocknewsletter/blocknewsletter.css HTTP/1.1" 200 1755 "https://shop.forichon.com/commande?step=1" "Mozilla/5.0 (Windows NT 6.2; Win64; x64) AppleWebKit/537.36 (KHTML, like Gecko) Chrome/57.0.2987.133 Safari/537.36"
141.101.88.125 - - [05/Apr/2017:11:02:56 +0200] "GET /themes/theme_forichon/css/modules/blockviewed/blockviewed.css HTTP/1.1" 200 469 "https://shop.forichon.com/commande?step=1" "Mozilla/5.0 (Windows NT 6.2; Win64; x64) AppleWebKit/537.36 (KHTML, like Gecko) Chrome/57.0.2987.133 Safari/537.36"
141.101.88.221 - - [05/Apr/2017:11:02:56 +0200] "GET /themes/theme_forichon/css/modules/blocktopmenu/css/superfish-modified.css HTTP/1.1" 200 2593 "https://shop.forichon.com/commande?step=1" "Mozilla/5.0 (Windows NT 6.2; Win64; x64) AppleWebKit/537.36 (KHTML, like Gecko) Chrome/57.0.2987.133 Safari/537.36"
108.162.229.221 - - [05/Apr/2017:11:02:56 +0200] "GET /themes/theme_forichon/css/modules/blocksearch/blocksearch.css HTTP/1.1" 200 934 "https://shop.forichon.com/commande?step=1" "Mozilla/5.0 (Windows NT 6.2; Win64; x64) AppleWebKit/537.36 (KHTML, like Gecko) Chrome/57.0.2987.133 Safari/537.36"
108.162.229.215 - - [05/Apr/2017:11:02:56 +0200] "GET /themes/theme_forichon/css/modules/blockuserinfo/blockuserinfo.css HTTP/1.1" 200 628 "https://shop.forichon.com/commande?step=1" "Mozilla/5.0 (Windows NT 6.2; Win64; x64) AppleWebKit/537.36 (KHTML, like Gecko) Chrome/57.0.2987.133 Safari/537.36"
141.101.69.64 - - [05/Apr/2017:11:02:57 +0200] "GET /themes/theme_forichon/img/jquery/uniform/sprite.png HTTP/1.1" 200 2244 "https://shop.forichon.com/themes/theme_forichon/css/autoload/uniform.default.css" "Mozilla/5.0 (Windows NT 6.2; Win64; x64) AppleWebKit/537.36 (KHTML, like Gecko) Chrome/57.0.2987.133 Safari/537.36"
108.162.229.41 - - [05/Apr/2017:11:06:07 +0200] "GET /commande?step=1 HTTP/1.1" 200 7394 "https://shop.forichon.com/commande" "Mozilla/5.0 (Windows NT 6.2; Win64; x64) AppleWebKit/537.36 (KHTML, like Gecko) Chrome/57.0.2987.133 Safari/537.36"
108.162.229.125 - - [05/Apr/2017:11:06:07 +0200] "GET /themes/theme_forichon/css/modules/blockcurrencies/blockcurrencies.css HTTP/1.1" 200 970 "https://shop.forichon.com/commande?step=1" "Mozilla/5.0 (Windows NT 6.2; Win64; x64) AppleWebKit/537.36 (KHTML, like Gecko) Chrome/57.0.2987.133 Safari/537.36"
108.162.229.17 - - [05/Apr/2017:11:06:07 +0200] "GET /themes/theme_forichon/css/modules/blocknewsletter/blocknewsletter.css HTTP/1.1" 200 1755 "https://shop.forichon.com/commande?step=1" "Mozilla/5.0 (Windows NT 6.2; Win64; x64) AppleWebKit/537.36 (KHTML, like Gecko) Chrome/57.0.2987.133 Safari/537.36"
108.162.229.221 - - [05/Apr/2017:11:06:07 +0200] "GET /themes/theme_forichon/css/modules/blocksearch/blocksearch.css HTTP/1.1" 200 934 "https://shop.forichon.com/commande?step=1" "Mozilla/5.0 (Windows NT 6.2; Win64; x64) AppleWebKit/537.36 (KHTML, like Gecko) Chrome/57.0.2987.133 Safari/537.36"
108.162.229.209 - - [05/Apr/2017:11:06:07 +0200] "GET /themes/theme_forichon/css/modules/blockcart/blockcart.css HTTP/1.1" 200 3911 "https://shop.forichon.com/commande?step=1" "Mozilla/5.0 (Windows NT 6.2; Win64; x64) AppleWebKit/537.36 (KHTML, like Gecko) Chrome/57.0.2987.133 Safari/537.36"
141.101.69.64 - - [05/Apr/2017:11:06:07 +0200] "GET /themes/theme_forichon/css/modules/blockcategories/blockcategories.css HTTP/1.1" 200 1132 "https://shop.forichon.com/commande?step=1" "Mozilla/5.0 (Windows NT 6.2; Win64; x64) AppleWebKit/537.36 (KHTML, like Gecko) Chrome/57.0.2987.133 Safari/537.36"
108.162.229.173 - - [05/Apr/2017:11:06:07 +0200] "GET /themes/theme_forichon/css/addresses.css HTTP/1.1" 200 578 "https://shop.forichon.com/commande?step=1" "Mozilla/5.0 (Windows NT 6.2; Win64; x64) AppleWebKit/537.36 (KHTML, like Gecko) Chrome/57.0.2987.133 Safari/537.36"
141.101.69.100 - - [05/Apr/2017:11:06:07 +0200] "GET /themes/theme_forichon/css/modules/blocklanguages/blocklanguages.css HTTP/1.1" 200 951 "https://shop.forichon.com/commande?step=1" "Mozilla/5.0 (Windows NT 6.2; Win64; x64) AppleWebKit/537.36 (KHTML, like Gecko) Chrome/57.0.2987.133 Safari/537.36"
108.162.229.215 - - [05/Apr/2017:11:06:08 +0200] "GET /themes/theme_forichon/css/modules/blockuserinfo/blockuserinfo.css HTTP/1.1" 200 628 "https://shop.forichon.com/commande?step=1" "Mozilla/5.0 (Windows NT 6.2; Win64; x64) AppleWebKit/537.36 (KHTML, like Gecko) Chrome/57.0.2987.133 Safari/537.36"
141.101.88.221 - - [05/Apr/2017:11:06:08 +0200] "GET /themes/theme_forichon/css/modules/blocktopmenu/css/superfish-modified.css HTTP/1.1" 200 2593 "https://shop.forichon.com/commande?step=1" "Mozilla/5.0 (Windows NT 6.2; Win64; x64) AppleWebKit/537.36 (KHTML, like Gecko) Chrome/57.0.2987.133 Safari/537.36"
141.101.88.125 - - [05/Apr/2017:11:06:08 +0200] "GET /themes/theme_forichon/css/modules/blockviewed/blockviewed.css HTTP/1.1" 200 469 "https://shop.forichon.com/commande?step=1" "Mozilla/5.0 (Windows NT 6.2; Win64; x64) AppleWebKit/537.36 (KHTML, like Gecko) Chrome/57.0.2987.133 Safari/537.36"
141.101.88.143 - - [05/Apr/2017:11:06:09 +0200] "GET /themes/theme_forichon/css/autoload/uniform.default.css HTTP/1.1" 200 2700 "https://shop.forichon.com/commande?step=1" "Mozilla/5.0 (Windows NT 6.2; Win64; x64) AppleWebKit/537.36 (KHTML, like Gecko) Chrome/57.0.2987.133 Safari/537.36"
108.162.229.29 - - [05/Apr/2017:11:06:09 +0200] "GET /themes/theme_forichon/css/global.css HTTP/1.1" 200 36537 "https://shop.forichon.com/commande?step=1" "Mozilla/5.0 (Windows NT 6.2; Win64; x64) AppleWebKit/537.36 (KHTML, like Gecko) Chrome/57.0.2987.133 Safari/537.36"
108.162.229.209 - - [05/Apr/2017:11:06:10 +0200] "GET /themes/theme_forichon/css/modules/blockcontact/blockcontact.css HTTP/1.1" 200 912 "https://shop.forichon.com/commande?step=1" "Mozilla/5.0 (Windows NT 6.2; Win64; x64) AppleWebKit/537.36 (KHTML, like Gecko) Chrome/57.0.2987.133 Safari/537.36"
108.162.229.41 - - [05/Apr/2017:11:07:06 +0200] "GET /commande?step=1 HTTP/1.1" 200 7394 "https://shop.forichon.com/commande" "Mozilla/5.0 (Windows NT 6.2; Win64; x64) AppleWebKit/537.36 (KHTML, like Gecko) Chrome/57.0.2987.133 Safari/537.36"
108.162.229.29 - - [05/Apr/2017:11:07:07 +0200] "GET /themes/theme_forichon/css/global.css HTTP/1.1" 200 36547 "https://shop.forichon.com/commande?step=1" "Mozilla/5.0 (Windows NT 6.2; Win64; x64) AppleWebKit/537.36 (KHTML, like Gecko) Chrome/57.0.2987.133 Safari/537.36"
141.101.69.64 - - [05/Apr/2017:11:07:07 +0200] "GET /themes/theme_forichon/css/modules/blockcategories/blockcategories.css HTTP/1.1" 200 1132 "https://shop.forichon.com/commande?step=1" "Mozilla/5.0 (Windows NT 6.2; Win64; x64) AppleWebKit/537.36 (KHTML, like Gecko) Chrome/57.0.2987.133 Safari/537.36"
108.162.229.125 - - [05/Apr/2017:11:07:08 +0200] "GET /themes/theme_forichon/css/modules/blockcurrencies/blockcurrencies.css HTTP/1.1" 200 970 "https://shop.forichon.com/commande?step=1" "Mozilla/5.0 (Windows NT 6.2; Win64; x64) AppleWebKit/537.36 (KHTML, like Gecko) Chrome/57.0.2987.133 Safari/537.36"
141.101.69.100 - - [05/Apr/2017:11:07:09 +0200] "GET /themes/theme_forichon/css/modules/blocklanguages/blocklanguages.css HTTP/1.1" 200 951 "https://shop.forichon.com/commande?step=1" "Mozilla/5.0 (Windows NT 6.2; Win64; x64) AppleWebKit/537.36 (KHTML, like Gecko) Chrome/57.0.2987.133 Safari/537.36"
108.162.229.209 - - [05/Apr/2017:11:07:09 +0200] "GET /themes/theme_forichon/css/modules/blockcontact/blockcontact.css HTTP/1.1" 200 912 "https://shop.forichon.com/commande?step=1" "Mozilla/5.0 (Windows NT 6.2; Win64; x64) AppleWebKit/537.36 (KHTML, like Gecko) Chrome/57.0.2987.133 Safari/537.36"
108.162.229.215 - - [05/Apr/2017:11:07:10 +0200] "GET /themes/theme_forichon/css/modules/blockuserinfo/blockuserinfo.css HTTP/1.1" 200 628 "https://shop.forichon.com/commande?step=1" "Mozilla/5.0 (Windows NT 6.2; Win64; x64) AppleWebKit/537.36 (KHTML, like Gecko) Chrome/57.0.2987.133 Safari/537.36"
141.101.88.143 - - [05/Apr/2017:11:07:10 +0200] "GET /themes/theme_forichon/css/autoload/uniform.default.css HTTP/1.1" 200 2700 "https://shop.forichon.com/commande?step=1" "Mozilla/5.0 (Windows NT 6.2; Win64; x64) AppleWebKit/537.36 (KHTML, like Gecko) Chrome/57.0.2987.133 Safari/537.36"
108.162.229.17 - - [05/Apr/2017:11:07:10 +0200] "GET /themes/theme_forichon/css/modules/blocknewsletter/blocknewsletter.css HTTP/1.1" 200 1755 "https://shop.forichon.com/commande?step=1" "Mozilla/5.0 (Windows NT 6.2; Win64; x64) AppleWebKit/537.36 (KHTML, like Gecko) Chrome/57.0.2987.133 Safari/537.36"
141.101.88.125 - - [05/Apr/2017:11:07:10 +0200] "GET /themes/theme_forichon/css/modules/blockviewed/blockviewed.css HTTP/1.1" 200 469 "https://shop.forichon.com/commande?step=1" "Mozilla/5.0 (Windows NT 6.2; Win64; x64) AppleWebKit/537.36 (KHTML, like Gecko) Chrome/57.0.2987.133 Safari/537.36"
108.162.229.173 - - [05/Apr/2017:11:07:10 +0200] "GET /themes/theme_forichon/css/addresses.css HTTP/1.1" 200 578 "https://shop.forichon.com/commande?step=1" "Mozilla/5.0 (Windows NT 6.2; Win64; x64) AppleWebKit/537.36 (KHTML, like Gecko) Chrome/57.0.2987.133 Safari/537.36"
108.162.229.221 - - [05/Apr/2017:11:07:11 +0200] "GET /themes/theme_forichon/css/modules/blocksearch/blocksearch.css HTTP/1.1" 200 934 "https://shop.forichon.com/commande?step=1" "Mozilla/5.0 (Windows NT 6.2; Win64; x64) AppleWebKit/537.36 (KHTML, like Gecko) Chrome/57.0.2987.133 Safari/537.36"
108.162.229.209 - - [05/Apr/2017:11:07:11 +0200] "GET /themes/theme_forichon/css/modules/blockcart/blockcart.css HTTP/1.1" 200 3911 "https://shop.forichon.com/commande?step=1" "Mozilla/5.0 (Windows NT 6.2; Win64; x64) AppleWebKit/537.36 (KHTML, like Gecko) Chrome/57.0.2987.133 Safari/537.36"
141.101.88.221 - - [05/Apr/2017:11:07:11 +0200] "GET /themes/theme_forichon/css/modules/blocktopmenu/css/superfish-modified.css HTTP/1.1" 200 2593 "https://shop.forichon.com/commande?step=1" "Mozilla/5.0 (Windows NT 6.2; Win64; x64) AppleWebKit/537.36 (KHTML, like Gecko) Chrome/57.0.2987.133 Safari/537.36"
108.162.229.41 - - [05/Apr/2017:11:07:40 +0200] "GET /commande?step=1 HTTP/1.1" 200 7394 "https://shop.forichon.com/commande" "Mozilla/5.0 (Windows NT 6.2; Win64; x64) AppleWebKit/537.36 (KHTML, like Gecko) Chrome/57.0.2987.133 Safari/537.36"
141.101.88.143 - - [05/Apr/2017:11:07:40 +0200] "GET /themes/theme_forichon/css/autoload/uniform.default.css HTTP/1.1" 200 2700 "https://shop.forichon.com/commande?step=1" "Mozilla/5.0 (Windows NT 6.2; Win64; x64) AppleWebKit/537.36 (KHTML, like Gecko) Chrome/57.0.2987.133 Safari/537.36"
108.162.229.29 - - [05/Apr/2017:11:07:40 +0200] "GET /themes/theme_forichon/css/global.css HTTP/1.1" 200 36545 "https://shop.forichon.com/commande?step=1" "Mozilla/5.0 (Windows NT 6.2; Win64; x64) AppleWebKit/537.36 (KHTML, like Gecko) Chrome/57.0.2987.133 Safari/537.36"
108.162.229.125 - - [05/Apr/2017:11:07:40 +0200] "GET /themes/theme_forichon/css/modules/blockcurrencies/blockcurrencies.css HTTP/1.1" 200 970 "https://shop.forichon.com/commande?step=1" "Mozilla/5.0 (Windows NT 6.2; Win64; x64) AppleWebKit/537.36 (KHTML, like Gecko) Chrome/57.0.2987.133 Safari/537.36"
108.162.229.209 - - [05/Apr/2017:11:07:40 +0200] "GET /themes/theme_forichon/css/modules/blockcart/blockcart.css HTTP/1.1" 200 3911 "https://shop.forichon.com/commande?step=1" "Mozilla/5.0 (Windows NT 6.2; Win64; x64) AppleWebKit/537.36 (KHTML, like Gecko) Chrome/57.0.2987.133 Safari/537.36"
108.162.229.173 - - [05/Apr/2017:11:07:41 +0200] "GET /themes/theme_forichon/css/addresses.css HTTP/1.1" 200 578 "https://shop.forichon.com/commande?step=1" "Mozilla/5.0 (Windows NT 6.2; Win64; x64) AppleWebKit/537.36 (KHTML, like Gecko) Chrome/57.0.2987.133 Safari/537.36"
108.162.229.209 - - [05/Apr/2017:11:07:41 +0200] "GET /themes/theme_forichon/css/modules/blockcontact/blockcontact.css HTTP/1.1" 200 912 "https://shop.forichon.com/commande?step=1" "Mozilla/5.0 (Windows NT 6.2; Win64; x64) AppleWebKit/537.36 (KHTML, like Gecko) Chrome/57.0.2987.133 Safari/537.36"
108.162.229.17 - - [05/Apr/2017:11:07:41 +0200] "GET /themes/theme_forichon/css/modules/blocknewsletter/blocknewsletter.css HTTP/1.1" 200 1755 "https://shop.forichon.com/commande?step=1" "Mozilla/5.0 (Windows NT 6.2; Win64; x64) AppleWebKit/537.36 (KHTML, like Gecko) Chrome/57.0.2987.133 Safari/537.36"
108.162.229.221 - - [05/Apr/2017:11:07:41 +0200] "GET /themes/theme_forichon/css/modules/blocksearch/blocksearch.css HTTP/1.1" 200 934 "https://shop.forichon.com/commande?step=1" "Mozilla/5.0 (Windows NT 6.2; Win64; x64) AppleWebKit/537.36 (KHTML, like Gecko) Chrome/57.0.2987.133 Safari/537.36"
141.101.88.221 - - [05/Apr/2017:11:07:41 +0200] "GET /themes/theme_forichon/css/modules/blocktopmenu/css/superfish-modified.css HTTP/1.1" 200 2593 "https://shop.forichon.com/commande?step=1" "Mozilla/5.0 (Windows NT 6.2; Win64; x64) AppleWebKit/537.36 (KHTML, like Gecko) Chrome/57.0.2987.133 Safari/537.36"
141.101.69.64 - - [05/Apr/2017:11:07:41 +0200] "GET /themes/theme_forichon/css/modules/blockcategories/blockcategories.css HTTP/1.1" 200 1132 "https://shop.forichon.com/commande?step=1" "Mozilla/5.0 (Windows NT 6.2; Win64; x64) AppleWebKit/537.36 (KHTML, like Gecko) Chrome/57.0.2987.133 Safari/537.36"
141.101.69.100 - - [05/Apr/2017:11:07:41 +0200] "GET /themes/theme_forichon/css/modules/blocklanguages/blocklanguages.css HTTP/1.1" 200 951 "https://shop.forichon.com/commande?step=1" "Mozilla/5.0 (Windows NT 6.2; Win64; x64) AppleWebKit/537.36 (KHTML, like Gecko) Chrome/57.0.2987.133 Safari/537.36"
108.162.229.215 - - [05/Apr/2017:11:07:42 +0200] "GET /themes/theme_forichon/css/modules/blockuserinfo/blockuserinfo.css HTTP/1.1" 200 628 "https://shop.forichon.com/commande?step=1" "Mozilla/5.0 (Windows NT 6.2; Win64; x64) AppleWebKit/537.36 (KHTML, like Gecko) Chrome/57.0.2987.133 Safari/537.36"
141.101.88.125 - - [05/Apr/2017:11:07:42 +0200] "GET /themes/theme_forichon/css/modules/blockviewed/blockviewed.css HTTP/1.1" 200 469 "https://shop.forichon.com/commande?step=1" "Mozilla/5.0 (Windows NT 6.2; Win64; x64) AppleWebKit/537.36 (KHTML, like Gecko) Chrome/57.0.2987.133 Safari/537.36"
108.162.229.41 - - [05/Apr/2017:11:10:52 +0200] "GET /commande?step=1 HTTP/1.1" 200 7394 "https://shop.forichon.com/commande" "Mozilla/5.0 (Windows NT 6.2; Win64; x64) AppleWebKit/537.36 (KHTML, like Gecko) Chrome/57.0.2987.133 Safari/537.36"
141.101.88.143 - - [05/Apr/2017:11:10:53 +0200] "GET /themes/theme_forichon/css/autoload/uniform.default.css HTTP/1.1" 200 2700 "https://shop.forichon.com/commande?step=1" "Mozilla/5.0 (Windows NT 6.2; Win64; x64) AppleWebKit/537.36 (KHTML, like Gecko) Chrome/57.0.2987.133 Safari/537.36"
108.162.229.29 - - [05/Apr/2017:11:10:53 +0200] "GET /themes/theme_forichon/css/global.css HTTP/1.1" 200 36585 "https://shop.forichon.com/commande?step=1" "Mozilla/5.0 (Windows NT 6.2; Win64; x64) AppleWebKit/537.36 (KHTML, like Gecko) Chrome/57.0.2987.133 Safari/537.36"
108.162.229.173 - - [05/Apr/2017:11:10:53 +0200] "GET /themes/theme_forichon/css/addresses.css HTTP/1.1" 200 578 "https://shop.forichon.com/commande?step=1" "Mozilla/5.0 (Windows NT 6.2; Win64; x64) AppleWebKit/537.36 (KHTML, like Gecko) Chrome/57.0.2987.133 Safari/537.36"
141.101.69.100 - - [05/Apr/2017:11:10:53 +0200] "GET /themes/theme_forichon/css/modules/blocklanguages/blocklanguages.css HTTP/1.1" 200 951 "https://shop.forichon.com/commande?step=1" "Mozilla/5.0 (Windows NT 6.2; Win64; x64) AppleWebKit/537.36 (KHTML, like Gecko) Chrome/57.0.2987.133 Safari/537.36"
108.162.229.209 - - [05/Apr/2017:11:10:53 +0200] "GET /themes/theme_forichon/css/modules/blockcart/blockcart.css HTTP/1.1" 200 3911 "https://shop.forichon.com/commande?step=1" "Mozilla/5.0 (Windows NT 6.2; Win64; x64) AppleWebKit/537.36 (KHTML, like Gecko) Chrome/57.0.2987.133 Safari/537.36"
108.162.229.125 - - [05/Apr/2017:11:10:53 +0200] "GET /themes/theme_forichon/css/modules/blockcurrencies/blockcurrencies.css HTTP/1.1" 200 970 "https://shop.forichon.com/commande?step=1" "Mozilla/5.0 (Windows NT 6.2; Win64; x64) AppleWebKit/537.36 (KHTML, like Gecko) Chrome/57.0.2987.133 Safari/537.36"
108.162.229.17 - - [05/Apr/2017:11:10:53 +0200] "GET /themes/theme_forichon/css/modules/blocknewsletter/blocknewsletter.css HTTP/1.1" 200 1755 "https://shop.forichon.com/commande?step=1" "Mozilla/5.0 (Windows NT 6.2; Win64; x64) AppleWebKit/537.36 (KHTML, like Gecko) Chrome/57.0.2987.133 Safari/537.36"
108.162.229.209 - - [05/Apr/2017:11:10:53 +0200] "GET /themes/theme_forichon/css/modules/blockcontact/blockcontact.css HTTP/1.1" 200 912 "https://shop.forichon.com/commande?step=1" "Mozilla/5.0 (Windows NT 6.2; Win64; x64) AppleWebKit/537.36 (KHTML, like Gecko) Chrome/57.0.2987.133 Safari/537.36"
108.162.229.221 - - [05/Apr/2017:11:10:53 +0200] "GET /themes/theme_forichon/css/modules/blocksearch/blocksearch.css HTTP/1.1" 200 934 "https://shop.forichon.com/commande?step=1" "Mozilla/5.0 (Windows NT 6.2; Win64; x64) AppleWebKit/537.36 (KHTML, like Gecko) Chrome/57.0.2987.133 Safari/537.36"
141.101.69.64 - - [05/Apr/2017:11:10:53 +0200] "GET /themes/theme_forichon/css/modules/blockcategories/blockcategories.css HTTP/1.1" 200 1132 "https://shop.forichon.com/commande?step=1" "Mozilla/5.0 (Windows NT 6.2; Win64; x64) AppleWebKit/537.36 (KHTML, like Gecko) Chrome/57.0.2987.133 Safari/537.36"
108.162.229.215 - - [05/Apr/2017:11:10:53 +0200] "GET /themes/theme_forichon/css/modules/blockuserinfo/blockuserinfo.css HTTP/1.1" 200 628 "https://shop.forichon.com/commande?step=1" "Mozilla/5.0 (Windows NT 6.2; Win64; x64) AppleWebKit/537.36 (KHTML, like Gecko) Chrome/57.0.2987.133 Safari/537.36"
141.101.88.221 - - [05/Apr/2017:11:10:53 +0200] "GET /themes/theme_forichon/css/modules/blocktopmenu/css/superfish-modified.css HTTP/1.1" 200 2593 "https://shop.forichon.com/commande?step=1" "Mozilla/5.0 (Windows NT 6.2; Win64; x64) AppleWebKit/537.36 (KHTML, like Gecko) Chrome/57.0.2987.133 Safari/537.36"
141.101.88.125 - - [05/Apr/2017:11:10:53 +0200] "GET /themes/theme_forichon/css/modules/blockviewed/blockviewed.css HTTP/1.1" 200 469 "https://shop.forichon.com/commande?step=1" "Mozilla/5.0 (Windows NT 6.2; Win64; x64) AppleWebKit/537.36 (KHTML, like Gecko) Chrome/57.0.2987.133 Safari/537.36"
108.162.229.41 - - [05/Apr/2017:11:12:46 +0200] "GET /mon-compte HTTP/1.1" 200 5898 "https://shop.forichon.com/commande?step=1" "Mozilla/5.0 (Windows NT 6.2; Win64; x64) AppleWebKit/537.36 (KHTML, like Gecko) Chrome/57.0.2987.133 Safari/537.36"
141.101.88.143 - - [05/Apr/2017:11:12:46 +0200] "GET /themes/theme_forichon/css/autoload/uniform.default.css HTTP/1.1" 200 2700 "https://shop.forichon.com/mon-compte" "Mozilla/5.0 (Windows NT 6.2; Win64; x64) AppleWebKit/537.36 (KHTML, like Gecko) Chrome/57.0.2987.133 Safari/537.36"
141.101.69.202 - - [05/Apr/2017:11:12:46 +0200] "GET /themes/theme_forichon/css/my-account.css HTTP/1.1" 200 781 "https://shop.forichon.com/mon-compte" "Mozilla/5.0 (Windows NT 6.2; Win64; x64) AppleWebKit/537.36 (KHTML, like Gecko) Chrome/57.0.2987.133 Safari/537.36"
108.162.229.209 - - [05/Apr/2017:11:12:46 +0200] "GET /themes/theme_forichon/css/modules/blockcart/blockcart.css HTTP/1.1" 200 3911 "https://shop.forichon.com/mon-compte" "Mozilla/5.0 (Windows NT 6.2; Win64; x64) AppleWebKit/537.36 (KHTML, like Gecko) Chrome/57.0.2987.133 Safari/537.36"
108.162.229.125 - - [05/Apr/2017:11:12:46 +0200] "GET /themes/theme_forichon/css/modules/blockcurrencies/blockcurrencies.css HTTP/1.1" 200 970 "https://shop.forichon.com/mon-compte" "Mozilla/5.0 (Windows NT 6.2; Win64; x64) AppleWebKit/537.36 (KHTML, like Gecko) Chrome/57.0.2987.133 Safari/537.36"
108.162.229.29 - - [05/Apr/2017:11:12:46 +0200] "GET /themes/theme_forichon/css/global.css HTTP/1.1" 200 36585 "https://shop.forichon.com/mon-compte" "Mozilla/5.0 (Windows NT 6.2; Win64; x64) AppleWebKit/537.36 (KHTML, like Gecko) Chrome/57.0.2987.133 Safari/537.36"
108.162.229.209 - - [05/Apr/2017:11:12:46 +0200] "GET /themes/theme_forichon/css/modules/blockcontact/blockcontact.css HTTP/1.1" 200 912 "https://shop.forichon.com/mon-compte" "Mozilla/5.0 (Windows NT 6.2; Win64; x64) AppleWebKit/537.36 (KHTML, like Gecko) Chrome/57.0.2987.133 Safari/537.36"
141.101.69.100 - - [05/Apr/2017:11:12:46 +0200] "GET /themes/theme_forichon/css/modules/blocklanguages/blocklanguages.css HTTP/1.1" 200 951 "https://shop.forichon.com/mon-compte" "Mozilla/5.0 (Windows NT 6.2; Win64; x64) AppleWebKit/537.36 (KHTML, like Gecko) Chrome/57.0.2987.133 Safari/537.36"
141.101.69.64 - - [05/Apr/2017:11:12:46 +0200] "GET /themes/theme_forichon/css/modules/blockcategories/blockcategories.css HTTP/1.1" 200 1132 "https://shop.forichon.com/mon-compte" "Mozilla/5.0 (Windows NT 6.2; Win64; x64) AppleWebKit/537.36 (KHTML, like Gecko) Chrome/57.0.2987.133 Safari/537.36"
108.162.229.215 - - [05/Apr/2017:11:12:46 +0200] "GET /themes/theme_forichon/css/modules/blockuserinfo/blockuserinfo.css HTTP/1.1" 200 628 "https://shop.forichon.com/mon-compte" "Mozilla/5.0 (Windows NT 6.2; Win64; x64) AppleWebKit/537.36 (KHTML, like Gecko) Chrome/57.0.2987.133 Safari/537.36"
141.101.88.125 - - [05/Apr/2017:11:12:46 +0200] "GET /themes/theme_forichon/css/modules/blockviewed/blockviewed.css HTTP/1.1" 200 469 "https://shop.forichon.com/mon-compte" "Mozilla/5.0 (Windows NT 6.2; Win64; x64) AppleWebKit/537.36 (KHTML, like Gecko) Chrome/57.0.2987.133 Safari/537.36"
108.162.229.17 - - [05/Apr/2017:11:12:46 +0200] "GET /themes/theme_forichon/css/modules/blocknewsletter/blocknewsletter.css HTTP/1.1" 200 1755 "https://shop.forichon.com/mon-compte" "Mozilla/5.0 (Windows NT 6.2; Win64; x64) AppleWebKit/537.36 (KHTML, like Gecko) Chrome/57.0.2987.133 Safari/537.36"
141.101.88.221 - - [05/Apr/2017:11:12:46 +0200] "GET /themes/theme_forichon/css/modules/blocktopmenu/css/superfish-modified.css HTTP/1.1" 200 2593 "https://shop.forichon.com/mon-compte" "Mozilla/5.0 (Windows NT 6.2; Win64; x64) AppleWebKit/537.36 (KHTML, like Gecko) Chrome/57.0.2987.133 Safari/537.36"
108.162.229.221 - - [05/Apr/2017:11:12:46 +0200] "GET /themes/theme_forichon/css/modules/blocksearch/blocksearch.css HTTP/1.1" 200 934 "https://shop.forichon.com/mon-compte" "Mozilla/5.0 (Windows NT 6.2; Win64; x64) AppleWebKit/537.36 (KHTML, like Gecko) Chrome/57.0.2987.133 Safari/537.36"
108.162.229.41 - - [05/Apr/2017:11:14:15 +0200] "GET /mon-compte HTTP/1.1" 200 5898 "https://shop.forichon.com/commande?step=1" "Mozilla/5.0 (Windows NT 6.2; Win64; x64) AppleWebKit/537.36 (KHTML, like Gecko) Chrome/57.0.2987.133 Safari/537.36"
141.101.88.143 - - [05/Apr/2017:11:14:15 +0200] "GET /themes/theme_forichon/css/autoload/uniform.default.css HTTP/1.1" 200 2700 "https://shop.forichon.com/mon-compte" "Mozilla/5.0 (Windows NT 6.2; Win64; x64) AppleWebKit/537.36 (KHTML, like Gecko) Chrome/57.0.2987.133 Safari/537.36"
108.162.229.29 - - [05/Apr/2017:11:14:15 +0200] "GET /themes/theme_forichon/css/global.css HTTP/1.1" 200 36585 "https://shop.forichon.com/mon-compte" "Mozilla/5.0 (Windows NT 6.2; Win64; x64) AppleWebKit/537.36 (KHTML, like Gecko) Chrome/57.0.2987.133 Safari/537.36"
141.101.69.64 - - [05/Apr/2017:11:14:15 +0200] "GET /themes/theme_forichon/css/modules/blockcategories/blockcategories.css HTTP/1.1" 200 1132 "https://shop.forichon.com/mon-compte" "Mozilla/5.0 (Windows NT 6.2; Win64; x64) AppleWebKit/537.36 (KHTML, like Gecko) Chrome/57.0.2987.133 Safari/537.36"
108.162.229.209 - - [05/Apr/2017:11:14:15 +0200] "GET /themes/theme_forichon/css/modules/blockcart/blockcart.css HTTP/1.1" 200 3911 "https://shop.forichon.com/mon-compte" "Mozilla/5.0 (Windows NT 6.2; Win64; x64) AppleWebKit/537.36 (KHTML, like Gecko) Chrome/57.0.2987.133 Safari/537.36"
108.162.229.125 - - [05/Apr/2017:11:14:15 +0200] "GET /themes/theme_forichon/css/modules/blockcurrencies/blockcurrencies.css HTTP/1.1" 200 970 "https://shop.forichon.com/mon-compte" "Mozilla/5.0 (Windows NT 6.2; Win64; x64) AppleWebKit/537.36 (KHTML, like Gecko) Chrome/57.0.2987.133 Safari/537.36"
141.101.69.202 - - [05/Apr/2017:11:14:15 +0200] "GET /themes/theme_forichon/css/my-account.css HTTP/1.1" 200 778 "https://shop.forichon.com/mon-compte" "Mozilla/5.0 (Windows NT 6.2; Win64; x64) AppleWebKit/537.36 (KHTML, like Gecko) Chrome/57.0.2987.133 Safari/537.36"
141.101.88.221 - - [05/Apr/2017:11:14:15 +0200] "GET /themes/theme_forichon/css/modules/blocktopmenu/css/superfish-modified.css HTTP/1.1" 200 2593 "https://shop.forichon.com/mon-compte" "Mozilla/5.0 (Windows NT 6.2; Win64; x64) AppleWebKit/537.36 (KHTML, like Gecko) Chrome/57.0.2987.133 Safari/537.36"
141.101.69.100 - - [05/Apr/2017:11:14:15 +0200] "GET /themes/theme_forichon/css/modules/blocklanguages/blocklanguages.css HTTP/1.1" 200 951 "https://shop.forichon.com/mon-compte" "Mozilla/5.0 (Windows NT 6.2; Win64; x64) AppleWebKit/537.36 (KHTML, like Gecko) Chrome/57.0.2987.133 Safari/537.36"
108.162.229.221 - - [05/Apr/2017:11:14:15 +0200] "GET /themes/theme_forichon/css/modules/blocksearch/blocksearch.css HTTP/1.1" 200 934 "https://shop.forichon.com/mon-compte" "Mozilla/5.0 (Windows NT 6.2; Win64; x64) AppleWebKit/537.36 (KHTML, like Gecko) Chrome/57.0.2987.133 Safari/537.36"
108.162.229.209 - - [05/Apr/2017:11:14:15 +0200] "GET /themes/theme_forichon/css/modules/blockcontact/blockcontact.css HTTP/1.1" 200 912 "https://shop.forichon.com/mon-compte" "Mozilla/5.0 (Windows NT 6.2; Win64; x64) AppleWebKit/537.36 (KHTML, like Gecko) Chrome/57.0.2987.133 Safari/537.36"
108.162.229.215 - - [05/Apr/2017:11:14:15 +0200] "GET /themes/theme_forichon/css/modules/blockuserinfo/blockuserinfo.css HTTP/1.1" 200 628 "https://shop.forichon.com/mon-compte" "Mozilla/5.0 (Windows NT 6.2; Win64; x64) AppleWebKit/537.36 (KHTML, like Gecko) Chrome/57.0.2987.133 Safari/537.36"
141.101.88.125 - - [05/Apr/2017:11:14:15 +0200] "GET /themes/theme_forichon/css/modules/blockviewed/blockviewed.css HTTP/1.1" 200 469 "https://shop.forichon.com/mon-compte" "Mozilla/5.0 (Windows NT 6.2; Win64; x64) AppleWebKit/537.36 (KHTML, like Gecko) Chrome/57.0.2987.133 Safari/537.36"
108.162.229.17 - - [05/Apr/2017:11:14:15 +0200] "GET /themes/theme_forichon/css/modules/blocknewsletter/blocknewsletter.css HTTP/1.1" 200 1755 "https://shop.forichon.com/mon-compte" "Mozilla/5.0 (Windows NT 6.2; Win64; x64) AppleWebKit/537.36 (KHTML, like Gecko) Chrome/57.0.2987.133 Safari/537.36"
108.162.229.41 - - [05/Apr/2017:11:14:17 +0200] "GET /historique-commandes HTTP/1.1" 200 6494 "https://shop.forichon.com/mon-compte" "Mozilla/5.0 (Windows NT 6.2; Win64; x64) AppleWebKit/537.36 (KHTML, like Gecko) Chrome/57.0.2987.133 Safari/537.36"
141.101.88.143 - - [05/Apr/2017:11:14:17 +0200] "GET /themes/theme_forichon/css/autoload/uniform.default.css HTTP/1.1" 200 2700 "https://shop.forichon.com/historique-commandes" "Mozilla/5.0 (Windows NT 6.2; Win64; x64) AppleWebKit/537.36 (KHTML, like Gecko) Chrome/57.0.2987.133 Safari/537.36"
108.162.229.29 - - [05/Apr/2017:11:14:17 +0200] "GET /themes/theme_forichon/css/global.css HTTP/1.1" 200 36584 "https://shop.forichon.com/historique-commandes" "Mozilla/5.0 (Windows NT 6.2; Win64; x64) AppleWebKit/537.36 (KHTML, like Gecko) Chrome/57.0.2987.133 Safari/537.36"
108.162.229.173 - - [05/Apr/2017:11:14:17 +0200] "GET /themes/theme_forichon/css/addresses.css HTTP/1.1" 200 578 "https://shop.forichon.com/historique-commandes" "Mozilla/5.0 (Windows NT 6.2; Win64; x64) AppleWebKit/537.36 (KHTML, like Gecko) Chrome/57.0.2987.133 Safari/537.36"
108.162.229.209 - - [05/Apr/2017:11:14:17 +0200] "GET /themes/theme_forichon/css/modules/blockcart/blockcart.css HTTP/1.1" 200 3910 "https://shop.forichon.com/historique-commandes" "Mozilla/5.0 (Windows NT 6.2; Win64; x64) AppleWebKit/537.36 (KHTML, like Gecko) Chrome/57.0.2987.133 Safari/537.36"
141.101.69.100 - - [05/Apr/2017:11:14:17 +0200] "GET /themes/theme_forichon/css/modules/blocklanguages/blocklanguages.css HTTP/1.1" 200 950 "https://shop.forichon.com/historique-commandes" "Mozilla/5.0 (Windows NT 6.2; Win64; x64) AppleWebKit/537.36 (KHTML, like Gecko) Chrome/57.0.2987.133 Safari/537.36"
141.101.69.64 - - [05/Apr/2017:11:14:17 +0200] "GET /themes/theme_forichon/css/modules/blockcategories/blockcategories.css HTTP/1.1" 200 1131 "https://shop.forichon.com/historique-commandes" "Mozilla/5.0 (Windows NT 6.2; Win64; x64) AppleWebKit/537.36 (KHTML, like Gecko) Chrome/57.0.2987.133 Safari/537.36"
141.101.88.197 - - [05/Apr/2017:11:14:17 +0200] "GET /js/jquery/plugins/footable/jquery.footable.css HTTP/1.1" 200 878 "https://shop.forichon.com/historique-commandes" "Mozilla/5.0 (Windows NT 6.2; Win64; x64) AppleWebKit/537.36 (KHTML, like Gecko) Chrome/57.0.2987.133 Safari/537.36"
108.162.229.131 - - [05/Apr/2017:11:14:17 +0200] "GET /themes/theme_forichon/css/history.css HTTP/1.1" 200 785 "https://shop.forichon.com/historique-commandes" "Mozilla/5.0 (Windows NT 6.2; Win64; x64) AppleWebKit/537.36 (KHTML, like Gecko) Chrome/57.0.2987.133 Safari/537.36"
108.162.229.215 - - [05/Apr/2017:11:14:17 +0200] "GET /themes/theme_forichon/css/modules/blockuserinfo/blockuserinfo.css HTTP/1.1" 200 628 "https://shop.forichon.com/historique-commandes" "Mozilla/5.0 (Windows NT 6.2; Win64; x64) AppleWebKit/537.36 (KHTML, like Gecko) Chrome/57.0.2987.133 Safari/537.36"
